000
CDUS43 KICT 230650
CLISLN


CLIMATE REPORT
NATIONAL WEATHER SERVICE WICHITA KS
1249 AM CST TUE DEC 23 2014


...................................

...THE SALINA KS CLIMATE SUMMARY FOR DECEMBER 22 2014...

CLIMATE NORMAL PERIOD 1981 TO 2010
CLIMATE RECORD PERIOD 1894 TO 2014


WEATHER ITEM   OBSERVED TIME   RECORD YEAR NORMAL DEPARTURE LAST
                VALUE   (LST)  VALUE       VALUE  FROM      YEAR
                                                  NORMAL
..................................................................
TEMPERATURE (F)
 YESTERDAY
  MAXIMUM         54    410 PM  70    1933  41     13       25
  MINIMUM         37   1159 PM -24    1989  21     16       -2
  AVERAGE         46                        31     15       12

PRECIPITATION (IN)
  YESTERDAY        T             0.92 1941   0.03  -0.03      T
  MONTH TO DATE    1.52                      0.72   0.80     1.18
  SINCE DEC 1      1.52                      0.72   0.80     1.18
  SINCE JAN 1     28.63                     31.28  -2.65    30.59

DEGREE DAYS
 HEATING
  YESTERDAY       19                        34    -15       53
  MONTH TO DATE  570                       704   -134      784
  SINCE DEC 1    570                       704   -134      784
  SINCE JUL 1   1567                      1656    -89     1772

 COOLING
  YESTERDAY        0                         0      0        0
  MONTH TO DATE    0                         0      0        0
  SINCE DEC 1      0                         0      0        0
  SINCE JAN 1   1801                      1647    154     1750
..................................................................


WIND (MPH)
  HIGHEST WIND SPEED    31   HIGHEST WIND DIRECTION    NW (330)
  HIGHEST GUST SPEED    38   HIGHEST GUST DIRECTION    NW (330)
  AVERAGE WIND SPEED    12.0


SKY COVER
  POSSIBLE SUNSHINE  MM
  AVERAGE SKY COVER 0.8


WEATHER CONDITIONS
 THE FOLLOWING WEATHER WAS RECORDED YESTERDAY.
  LIGHT RAIN
  FOG


RELATIVE HUMIDITY (PERCENT)
 HIGHEST    92          1200 AM
 LOWEST     46           400 PM
 AVERAGE    69

..........................................................


THE SALINA KS CLIMATE NORMALS FOR TODAY
                         NORMAL    RECORD    YEAR
 MAXIMUM TEMPERATURE (F)   41        71      1933
 MINIMUM TEMPERATURE (F)   21       -20      1989


SUNRISE AND SUNSET
DECEMBER 23 2014......SUNRISE   746 AM CST   SUNSET   513 PM CST
DECEMBER 24 2014......SUNRISE   747 AM CST   SUNSET   514 PM CST


-  INDICATES NEGATIVE NUMBERS.
R  INDICATES RECORD WAS SET OR TIED.
MM INDICATES DATA IS MISSING.
T  INDICATES TRACE AMOUNT.




$$
