000
CDUS43 KICT 260631
CLISLN


CLIMATE REPORT
NATIONAL WEATHER SERVICE WICHITA KS
131 AM CDT WED APR 26 2017


...................................

...THE SALINA KS CLIMATE SUMMARY FOR APRIL 25 2017...

CLIMATE NORMAL PERIOD 1981 TO 2010
CLIMATE RECORD PERIOD 1894 TO 2017


WEATHER ITEM   OBSERVED TIME   RECORD YEAR NORMAL DEPARTURE LAST
                VALUE   (LST)  VALUE       VALUE  FROM      YEAR
                                                  NORMAL
..................................................................
TEMPERATURE (F)
 YESTERDAY
  MAXIMUM         67   1118 AM  94    1989  70     -3       78
  MINIMUM         46   1159 PM  31    2013  47     -1       50
                                      1910
  AVERAGE         57                        58     -1       64

PRECIPITATION (IN)
  YESTERDAY        T             0.68 1999   0.12  -0.12     0.00
  MONTH TO DATE    2.39                      2.48  -0.09     2.48
  SINCE MAR 1      6.01                      4.87   1.14     3.18
  SINCE JAN 1      8.11                      6.67   1.44     4.42

DEGREE DAYS
 HEATING
  YESTERDAY        8                         8      0        1
  MONTH TO DATE  165                       283   -118      166
  SINCE MAR 1    625                       892   -267      584
  SINCE JUL 1   3293                      4733  -1440     3570

 COOLING
  YESTERDAY        0                         1     -1        0
  MONTH TO DATE   40                        17     23       18
  SINCE MAR 1     51                        19     32       24
  SINCE JAN 1     51                        19     32       24
..................................................................


WIND (MPH)
  HIGHEST WIND SPEED    25   HIGHEST WIND DIRECTION     N (350)
  HIGHEST GUST SPEED    31   HIGHEST GUST DIRECTION     N (340)
  AVERAGE WIND SPEED    13.4


SKY COVER
  POSSIBLE SUNSHINE  MM
  AVERAGE SKY COVER 0.6


WEATHER CONDITIONS
 THE FOLLOWING WEATHER WAS RECORDED YESTERDAY.
  LIGHT RAIN
  HAZE


RELATIVE HUMIDITY (PERCENT)
 HIGHEST    82           900 PM
 LOWEST     62           300 PM
 AVERAGE    72

..........................................................


THE SALINA KS CLIMATE NORMALS FOR TODAY
                         NORMAL    RECORD    YEAR
 MAXIMUM TEMPERATURE (F)   70        99      1989
 MINIMUM TEMPERATURE (F)   47        20      1907


SUNRISE AND SUNSET
APRIL 26 2017.........SUNRISE   639 AM CDT   SUNSET   818 PM CDT
APRIL 27 2017.........SUNRISE   638 AM CDT   SUNSET   819 PM CDT


-  INDICATES NEGATIVE NUMBERS.
R  INDICATES RECORD WAS SET OR TIED.
MM INDICATES DATA IS MISSING.
T  INDICATES TRACE AMOUNT.




$$
