000
CDUS43 KICT 050702
CLISLN


CLIMATE REPORT
NATIONAL WEATHER SERVICE WICHITA KS
1256 AM CST THU MAR 5 2015


...................................

...THE SALINA KS CLIMATE SUMMARY FOR MARCH 4 2015...

CLIMATE NORMAL PERIOD 1981 TO 2010
CLIMATE RECORD PERIOD 1894 TO 2015


WEATHER ITEM   OBSERVED TIME   RECORD YEAR NORMAL DEPARTURE LAST
                VALUE   (LST)  VALUE       VALUE  FROM      YEAR
                                                  NORMAL
..................................................................
TEMPERATURE (F)
 YESTERDAY
  MAXIMUM         36    332 PM  81    1921  53    -17       38
  MINIMUM         18   1159 PM  -3    1978  30    -12       12
  AVERAGE         27                        41    -14       25

PRECIPITATION (IN)
  YESTERDAY        0.00          1.67 2004   0.06  -0.06     0.00
  MONTH TO DATE    0.00                      0.23  -0.23     0.13
  SINCE MAR 1      0.00                      0.23  -0.23     0.13
  SINCE JAN 1      1.44                      2.03  -0.59     1.94

DEGREE DAYS
 HEATING
  YESTERDAY       38                        24     14       40
  MONTH TO DATE  138                        97     41      202
  SINCE MAR 1    138                        97     41      202
  SINCE JUL 1   3967                      3938     29     4452

 COOLING
  YESTERDAY        0                         0      0        0
  MONTH TO DATE    0                         0      0        0
  SINCE MAR 1      0                         0      0        0
  SINCE JAN 1      0                         0      0        0
..................................................................


WIND (MPH)
  HIGHEST WIND SPEED    29   HIGHEST WIND DIRECTION     N (10)
  HIGHEST GUST SPEED    35   HIGHEST GUST DIRECTION     N (20)
  AVERAGE WIND SPEED    12.7


SKY COVER
  POSSIBLE SUNSHINE  MM
  AVERAGE SKY COVER 0.5


WEATHER CONDITIONS
 THE FOLLOWING WEATHER WAS RECORDED YESTERDAY.
  NO SIGNIFICANT WEATHER WAS OBSERVED.


RELATIVE HUMIDITY (PERCENT)
 HIGHEST    68           700 AM
 LOWEST     24           100 PM
 AVERAGE    46

..........................................................


THE SALINA KS CLIMATE NORMALS FOR TODAY
                         NORMAL    RECORD    YEAR
 MAXIMUM TEMPERATURE (F)   53        85      2009
 MINIMUM TEMPERATURE (F)   31         1      1960


SUNRISE AND SUNSET
MARCH  5 2015.........SUNRISE   657 AM CST   SUNSET   627 PM CST
MARCH  6 2015.........SUNRISE   656 AM CST   SUNSET   628 PM CST


-  INDICATES NEGATIVE NUMBERS.
R  INDICATES RECORD WAS SET OR TIED.
MM INDICATES DATA IS MISSING.
T  INDICATES TRACE AMOUNT.




$$
