000
CDUS43 KICT 210634
CLISLN


CLIMATE REPORT
NATIONAL WEATHER SERVICE WICHITA KS
1234 AM CST SUN JAN 21 2018


...................................

...THE SALINA KS CLIMATE SUMMARY FOR JANUARY 20 2018...

CLIMATE NORMAL PERIOD 1981 TO 2010
CLIMATE RECORD PERIOD 1894 TO 2018


WEATHER ITEM   OBSERVED TIME   RECORD YEAR NORMAL DEPARTURE LAST
                VALUE   (LST)  VALUE       VALUE  FROM      YEAR
                                                  NORMAL
..................................................................
TEMPERATURE (F)
 YESTERDAY
  MAXIMUM         61    415 PM  72    1986  42     19       48
  MINIMUM         33   1155 PM -16    1962  20     13       41
  AVERAGE         47                        31     16       45

PRECIPITATION (IN)
  YESTERDAY        0.00          0.79 1959   0.02  -0.02     0.00
  MONTH TO DATE    0.13                      0.35  -0.22     2.02
  SINCE DEC 1      0.18                      1.29  -1.11     2.87
  SINCE JAN 1      0.13                      0.35  -0.22     2.02

DEGREE DAYS
 HEATING
  YESTERDAY       18                        34    -16       20
  MONTH TO DATE  745                       680     65      268
  SINCE DEC 1   1678                      1692    -14     1294
  SINCE JUL 1   2434                      2644   -210     1837

 COOLING
  YESTERDAY        0                         0      0        0
  MONTH TO DATE    0                         0      0        0
  SINCE DEC 1      0                         0      0        0
  SINCE JAN 1      0                         0      0        0
..................................................................


WIND (MPH)
  HIGHEST WIND SPEED    20   HIGHEST WIND DIRECTION     S (200)
  HIGHEST GUST SPEED    28   HIGHEST GUST DIRECTION     S (190)
  AVERAGE WIND SPEED     9.9


SKY COVER
  POSSIBLE SUNSHINE  MM
  AVERAGE SKY COVER 0.2


WEATHER CONDITIONS
 THE FOLLOWING WEATHER WAS RECORDED YESTERDAY.
  FOG


RELATIVE HUMIDITY (PERCENT)
 HIGHEST   100           700 AM
 LOWEST     53          1200 AM
 AVERAGE    77

..........................................................


THE SALINA KS CLIMATE NORMALS FOR TODAY
                         NORMAL    RECORD    YEAR
 MAXIMUM TEMPERATURE (F)   42        67      1933
                                             1952
 MINIMUM TEMPERATURE (F)   20        -7      1935


SUNRISE AND SUNSET
JANUARY 21 2018.......SUNRISE   745 AM CST   SUNSET   540 PM CST
JANUARY 22 2018.......SUNRISE   744 AM CST   SUNSET   541 PM CST


-  INDICATES NEGATIVE NUMBERS.
R  INDICATES RECORD WAS SET OR TIED.
MM INDICATES DATA IS MISSING.
T  INDICATES TRACE AMOUNT.




$$
