347
CDUS43 KICT 040645
CLISLN


CLIMATE REPORT
NATIONAL WEATHER SERVICE WICHITA KS
142 AM CDT MON JUL 4 2016


...................................

...THE SALINA KS CLIMATE SUMMARY FOR JULY 3 2016...

CLIMATE NORMAL PERIOD 1981 TO 2010
CLIMATE RECORD PERIOD 1894 TO 2016


WEATHER ITEM   OBSERVED TIME   RECORD YEAR NORMAL DEPARTURE LAST
                VALUE   (LST)  VALUE       VALUE  FROM      YEAR
                                                  NORMAL
..................................................................
TEMPERATURE (F)
 YESTERDAY
  MAXIMUM         75    351 PM 109    1990  92    -17       86
  MINIMUM         69   1159 PM  48    1924  68      1       65
  AVERAGE         72                        80     -8       76

PRECIPITATION (IN)
  YESTERDAY        0.07          2.48 1981   0.15  -0.08     0.00
  MONTH TO DATE    1.18                      0.45   0.73     0.08
  SINCE JUN 1      1.63                      4.56  -2.93     4.58
  SINCE JAN 1     13.45                     16.55  -3.10    16.18

DEGREE DAYS
 HEATING
  YESTERDAY        0                         0      0        0
  MONTH TO DATE    0                         0      0        0
  SINCE JUN 1      0                         7     -7        0
  SINCE JUL 1      0                         0      0        0

 COOLING
  YESTERDAY        7                        15     -8       11
  MONTH TO DATE   30                        45    -15       46
  SINCE JUN 1    522                       370    152      486
  SINCE JAN 1    647                       498    149      576
..................................................................


WIND (MPH)
  HIGHEST WIND SPEED    14   HIGHEST WIND DIRECTION     N (350)
  HIGHEST GUST SPEED    16   HIGHEST GUST DIRECTION     N (10)
  AVERAGE WIND SPEED     7.3


SKY COVER
  POSSIBLE SUNSHINE  MM
  AVERAGE SKY COVER 0.9


WEATHER CONDITIONS
 THE FOLLOWING WEATHER WAS RECORDED YESTERDAY.
  LIGHT RAIN
  FOG


RELATIVE HUMIDITY (PERCENT)
 HIGHEST    97           600 AM
 LOWEST     79           200 PM
 AVERAGE    88

..........................................................


THE SALINA KS CLIMATE NORMALS FOR TODAY
                         NORMAL    RECORD    YEAR
 MAXIMUM TEMPERATURE (F)   93       109      1980
 MINIMUM TEMPERATURE (F)   68        50      1922


SUNRISE AND SUNSET
JULY  4 2016..........SUNRISE   611 AM CDT   SUNSET   859 PM CDT
JULY  5 2016..........SUNRISE   612 AM CDT   SUNSET   859 PM CDT


-  INDICATES NEGATIVE NUMBERS.
R  INDICATES RECORD WAS SET OR TIED.
MM INDICATES DATA IS MISSING.
T  INDICATES TRACE AMOUNT.




$$
