000
CDUS43 KICT 170623
CLISLN


CLIMATE REPORT
NATIONAL WEATHER SERVICE WICHITA KS
1221 AM CST SAT DEC 17 2016


...................................

...THE SALINA KS CLIMATE SUMMARY FOR DECEMBER 16 2016...

CLIMATE NORMAL PERIOD 1981 TO 2010
CLIMATE RECORD PERIOD 1894 TO 2016


WEATHER ITEM   OBSERVED TIME   RECORD YEAR NORMAL DEPARTURE LAST
                VALUE   (LST)  VALUE       VALUE  FROM      YEAR
                                                  NORMAL
..................................................................
TEMPERATURE (F)
 YESTERDAY
  MAXIMUM         38    306 PM  70    1962  42     -4       45
  MINIMUM         30    429 AM -16    1989  22      8       28
  AVERAGE         34                        32      2       37

PRECIPITATION (IN)
  YESTERDAY        0.00          0.34 1967   0.03  -0.03     0.00
  MONTH TO DATE    0.53                      0.55  -0.02     3.61
  SINCE DEC 1      0.53                      0.55  -0.02     3.61
  SINCE JAN 1     27.05                     31.11  -4.06    31.96

DEGREE DAYS
 HEATING
  YESTERDAY       31                        33     -2       28
  MONTH TO DATE  551                       501     50      338
  SINCE DEC 1    551                       501     50      338
  SINCE JUL 1   1094                      1453   -359      970

 COOLING
  YESTERDAY        0                         0      0        0
  MONTH TO DATE    0                         0      0        0
  SINCE DEC 1      0                         0      0        0
  SINCE JAN 1   2009                      1647    362     1869
..................................................................


WIND (MPH)
  HIGHEST WIND SPEED    23   HIGHEST WIND DIRECTION     N (360)
  HIGHEST GUST SPEED    27   HIGHEST GUST DIRECTION     N (360)
  AVERAGE WIND SPEED    11.7


SKY COVER
  POSSIBLE SUNSHINE  MM
  AVERAGE SKY COVER 1.0


WEATHER CONDITIONS
 THE FOLLOWING WEATHER WAS RECORDED YESTERDAY.
  FOG


RELATIVE HUMIDITY (PERCENT)
 HIGHEST   100           600 AM
 LOWEST     72          1200 AM
 AVERAGE    86

..........................................................


THE SALINA KS CLIMATE NORMALS FOR TODAY
                         NORMAL    RECORD    YEAR
 MAXIMUM TEMPERATURE (F)   42        78      1939
 MINIMUM TEMPERATURE (F)   22       -11      1902


SUNRISE AND SUNSET
DECEMBER 17 2016......SUNRISE   743 AM CST   SUNSET   511 PM CST
DECEMBER 18 2016......SUNRISE   744 AM CST   SUNSET   511 PM CST


-  INDICATES NEGATIVE NUMBERS.
R  INDICATES RECORD WAS SET OR TIED.
MM INDICATES DATA IS MISSING.
T  INDICATES TRACE AMOUNT.




$$
