000
CDUS43 KICT 170635
CLISLN


CLIMATE REPORT
NATIONAL WEATHER SERVICE WICHITA KS
135 AM CDT MON APR 17 2017


...................................

...THE SALINA KS CLIMATE SUMMARY FOR APRIL 16 2017...

CLIMATE NORMAL PERIOD 1981 TO 2010
CLIMATE RECORD PERIOD 1894 TO 2017


WEATHER ITEM   OBSERVED TIME   RECORD YEAR NORMAL DEPARTURE LAST
                VALUE   (LST)  VALUE       VALUE  FROM      YEAR
                                                  NORMAL
..................................................................
TEMPERATURE (F)
 YESTERDAY
  MAXIMUM         68   1208 PM  90    1937  67      1       75
  MINIMUM         50   1159 PM  20    1953  43      7       60
  AVERAGE         59                        55      4       68

PRECIPITATION (IN)
  YESTERDAY        0.10          0.87 1969   0.10   0.00     0.00
  MONTH TO DATE    1.81                      1.51   0.30     0.08
  SINCE MAR 1      5.43                      3.90   1.53     0.78
  SINCE JAN 1      7.53                      5.70   1.83     2.02

DEGREE DAYS
 HEATING
  YESTERDAY        6                        10     -4        0
  MONTH TO DATE  121                       202    -81      126
  SINCE MAR 1    581                       811   -230      544
  SINCE JUL 1   3249                      4652  -1403     3530

 COOLING
  YESTERDAY        0                         1     -1        3
  MONTH TO DATE   26                         8     18       11
  SINCE MAR 1     37                        10     27       17
  SINCE JAN 1     37                        10     27       17
..................................................................


WIND (MPH)
  HIGHEST WIND SPEED    22   HIGHEST WIND DIRECTION     N (10)
  HIGHEST GUST SPEED    26   HIGHEST GUST DIRECTION     E (70)
  AVERAGE WIND SPEED    11.1


SKY COVER
  POSSIBLE SUNSHINE  MM
  AVERAGE SKY COVER 0.6


WEATHER CONDITIONS
 THE FOLLOWING WEATHER WAS RECORDED YESTERDAY.
  THUNDERSTORM
  LIGHT RAIN


RELATIVE HUMIDITY (PERCENT)
 HIGHEST    90          1200 AM
 LOWEST     52          1200 PM
 AVERAGE    71

..........................................................


THE SALINA KS CLIMATE NORMALS FOR TODAY
                         NORMAL    RECORD    YEAR
 MAXIMUM TEMPERATURE (F)   68        92      1926
 MINIMUM TEMPERATURE (F)   44        17      1907


SUNRISE AND SUNSET
APRIL 17 2017.........SUNRISE   651 AM CDT   SUNSET   810 PM CDT
APRIL 18 2017.........SUNRISE   650 AM CDT   SUNSET   811 PM CDT


-  INDICATES NEGATIVE NUMBERS.
R  INDICATES RECORD WAS SET OR TIED.
MM INDICATES DATA IS MISSING.
T  INDICATES TRACE AMOUNT.




$$
