000
CDUS43 KICT 260620
CLISLN

CLIMATE REPORT
NATIONAL WEATHER SERVICE WICHITA KS
119 AM CDT WED OCT 26 2016


...................................

...THE SALINA KS CLIMATE SUMMARY FOR OCTOBER 25 2016...

CLIMATE NORMAL PERIOD 1981 TO 2010
CLIMATE RECORD PERIOD 1894 TO 2016


WEATHER ITEM   OBSERVED TIME   RECORD YEAR NORMAL DEPARTURE LAST
                VALUE   (LST)  VALUE       VALUE  FROM      YEAR
                                                  NORMAL
..................................................................
TEMPERATURE (F)
 YESTERDAY
  MAXIMUM         82    202 PM  91    1927  66     16       70
  MINIMUM         58    442 AM  24    1975  43     15       35
  AVERAGE         70                        54     16       53

PRECIPITATION (IN)
  YESTERDAY        0.71          2.17 1987   0.06   0.65     0.00
  MONTH TO DATE    2.27                      1.96   0.31     0.08
  SINCE SEP 1      3.47                      4.66  -1.19     1.75
  SINCE JAN 1     25.91                     29.00  -3.09    25.60

DEGREE DAYS
 HEATING
  YESTERDAY        0                        11    -11       12
  MONTH TO DATE  102                       193    -91       72
  SINCE SEP 1    118                       244   -126       75
  SINCE JUL 1    118                       245   -127       75

 COOLING
  YESTERDAY        5                         0      5        0
  MONTH TO DATE   55                        32     23       48
  SINCE SEP 1    321                       237     84      411
  SINCE JAN 1   1991                      1644    347     1865
..................................................................


WIND (MPH)
  HIGHEST WIND SPEED    28   HIGHEST WIND DIRECTION     S (200)
  HIGHEST GUST SPEED    37   HIGHEST GUST DIRECTION     S (170)
  AVERAGE WIND SPEED    15.0


SKY COVER
  POSSIBLE SUNSHINE  MM
  AVERAGE SKY COVER 0.1


WEATHER CONDITIONS
 THE FOLLOWING WEATHER WAS RECORDED YESTERDAY.
  THUNDERSTORM
  HEAVY RAIN
  LIGHT RAIN
  FOG


RELATIVE HUMIDITY (PERCENT)
 HIGHEST    90           700 AM
 LOWEST     51           100 PM
 AVERAGE    71

..........................................................


THE SALINA KS CLIMATE NORMALS FOR TODAY
                         NORMAL    RECORD    YEAR
 MAXIMUM TEMPERATURE (F)   65        91      1939
 MINIMUM TEMPERATURE (F)   42        20      1898


SUNRISE AND SUNSET
OCTOBER 26 2016.......SUNRISE   752 AM CDT   SUNSET   637 PM CDT
OCTOBER 27 2016.......SUNRISE   753 AM CDT   SUNSET   635 PM CDT


-  INDICATES NEGATIVE NUMBERS.
R  INDICATES RECORD WAS SET OR TIED.
MM INDICATES DATA IS MISSING.
T  INDICATES TRACE AMOUNT.




$$
