000
CDUS43 KICT 080626
CLISLN

CLIMATE REPORT
NATIONAL WEATHER SERVICE WICHITA KS
125 AM CDT FRI AUG 8 2014


...................................

...THE SALINA KS CLIMATE SUMMARY FOR AUGUST 7 2014...

CLIMATE NORMAL PERIOD 1981 TO 2010
CLIMATE RECORD PERIOD 1894 TO 2014


WEATHER ITEM   OBSERVED TIME   RECORD YEAR NORMAL DEPARTURE LAST
                VALUE   (LST)  VALUE       VALUE  FROM      YEAR
                                                  NORMAL
..................................................................
TEMPERATURE (F)
 YESTERDAY
  MAXIMUM         91    431 PM 112    1934  92     -1       86
  MINIMUM         71    732 AM  55    1990  69      2       70
  AVERAGE         81                        81      0       78

PRECIPITATION (IN)
  YESTERDAY        T             1.12 1973   0.14  -0.14     0.01
  MONTH TO DATE    T                         0.97  -0.97     2.19
  SINCE JUN 1      8.92                      9.37  -0.45    10.19
  SINCE JAN 1     16.31                     21.36  -5.05    23.43

DEGREE DAYS
 HEATING
  YESTERDAY        0                         0      0        0
  MONTH TO DATE    0                         0      0        0
  SINCE JUN 1      1                         7     -6       10
  SINCE JUL 1      0                         0      0        3

 COOLING
  YESTERDAY       16                        16      0       13
  MONTH TO DATE  120                       112      8       98
  SINCE JUN 1    920                       938    -18      928
  SINCE JAN 1   1152                      1066     86     1069
..................................................................


WIND (MPH)
  HIGHEST WIND SPEED    14   HIGHEST WIND DIRECTION    NW (310)
  HIGHEST GUST SPEED    17   HIGHEST GUST DIRECTION    NE (50)
  AVERAGE WIND SPEED     6.1


SKY COVER
  POSSIBLE SUNSHINE  MM
  AVERAGE SKY COVER 0.5


WEATHER CONDITIONS
 THE FOLLOWING WEATHER WAS RECORDED YESTERDAY.
  FOG
  HAZE


RELATIVE HUMIDITY (PERCENT)
 HIGHEST    90           300 AM
 LOWEST     44           600 PM
 AVERAGE    67

..........................................................


THE SALINA KS CLIMATE NORMALS FOR TODAY
                         NORMAL    RECORD    YEAR
 MAXIMUM TEMPERATURE (F)   92       111      1934
 MINIMUM TEMPERATURE (F)   69        51      1989


SUNRISE AND SUNSET
AUGUST  8 2014........SUNRISE   638 AM CDT   SUNSET   834 PM CDT
AUGUST  9 2014........SUNRISE   639 AM CDT   SUNSET   833 PM CDT


-  INDICATES NEGATIVE NUMBERS.
R  INDICATES RECORD WAS SET OR TIED.
MM INDICATES DATA IS MISSING.
T  INDICATES TRACE AMOUNT.




$$
