105
CDUS43 KICT 230706
CLISLN


CLIMATE REPORT
NATIONAL WEATHER SERVICE WICHITA KS
106 AM CST THU NOV 23 2017


...................................

...THE SALINA KS CLIMATE SUMMARY FOR NOVEMBER 22 2017...

CLIMATE NORMAL PERIOD 1981 TO 2010
CLIMATE RECORD PERIOD 1894 TO 2017


WEATHER ITEM   OBSERVED TIME   RECORD YEAR NORMAL DEPARTURE LAST
                VALUE   (LST)  VALUE       VALUE  FROM      YEAR
                                                  NORMAL
..................................................................
TEMPERATURE (F)
 YESTERDAY
  MAXIMUM         51    425 PM  78    1924  51      0       66
  MINIMUM         20    735 AM  -2    1929  30    -10       46
  AVERAGE         36                        40     -4       56

PRECIPITATION (IN)
  YESTERDAY        0.00          0.72 1999   0.04  -0.04     0.12
  MONTH TO DATE    0.06                      0.96  -0.90     0.58
  SINCE SEP 1      7.67                      5.93   1.74     4.06
  SINCE JAN 1     25.38                     30.27  -4.89    26.50

DEGREE DAYS
 HEATING
  YESTERDAY       29                        25      4        9
  MONTH TO DATE  431                       420     11      247
  SINCE SEP 1    665                       737    -72      378
  SINCE JUL 1    665                       738    -73      378

 COOLING
  YESTERDAY        0                         0      0        0
  MONTH TO DATE    0                         0      0        4
  SINCE SEP 1    382                       239    143      339
  SINCE JAN 1   1963                      1646    317     2009
..................................................................


WIND (MPH)
  HIGHEST WIND SPEED    20   HIGHEST WIND DIRECTION     S (170)
  HIGHEST GUST SPEED    24   HIGHEST GUST DIRECTION     S (160)
  AVERAGE WIND SPEED     8.3


SKY COVER
  POSSIBLE SUNSHINE  MM
  AVERAGE SKY COVER 0.0


WEATHER CONDITIONS
 THE FOLLOWING WEATHER WAS RECORDED YESTERDAY.
  NO SIGNIFICANT WEATHER WAS OBSERVED.


RELATIVE HUMIDITY (PERCENT)
 HIGHEST    71           400 AM
 LOWEST     27           200 PM
 AVERAGE    49

..........................................................


THE SALINA KS CLIMATE NORMALS FOR TODAY
                         NORMAL    RECORD    YEAR
 MAXIMUM TEMPERATURE (F)   51        73      2005
 MINIMUM TEMPERATURE (F)   29        -4      1898


SUNRISE AND SUNSET
NOVEMBER 23 2017......SUNRISE   722 AM CST   SUNSET   512 PM CST
NOVEMBER 24 2017......SUNRISE   723 AM CST   SUNSET   511 PM CST


-  INDICATES NEGATIVE NUMBERS.
R  INDICATES RECORD WAS SET OR TIED.
MM INDICATES DATA IS MISSING.
T  INDICATES TRACE AMOUNT.




$$
