000
CDUS43 KICT 030630
CLISLN


CLIMATE REPORT
NATIONAL WEATHER SERVICE WICHITA KS
130 AM CDT MON JUL 3 2017


...................................

...THE SALINA KS CLIMATE SUMMARY FOR JULY 2 2017...

CLIMATE NORMAL PERIOD 1981 TO 2010
CLIMATE RECORD PERIOD 1894 TO 2017


WEATHER ITEM   OBSERVED TIME   RECORD YEAR NORMAL DEPARTURE LAST
                VALUE   (LST)  VALUE       VALUE  FROM      YEAR
                                                  NORMAL
..................................................................
TEMPERATURE (F)
 YESTERDAY
  MAXIMUM         93    344 PM 108    1990  92      1       83
  MINIMUM         66    244 AM  52    1959  68     -2       69
  AVERAGE         80                        80      0       76

PRECIPITATION (IN)
  YESTERDAY        0.02          1.96 1989   0.15  -0.13     1.11
  MONTH TO DATE    0.02                      0.30  -0.28     1.11
  SINCE JUN 1      1.71                      4.41  -2.70     1.56
  SINCE JAN 1     14.95                     16.40  -1.45    13.38

DEGREE DAYS
 HEATING
  YESTERDAY        0                         0      0        0
  MONTH TO DATE    0                         0      0        0
  SINCE JUN 1      0                         7     -7        0
  SINCE JUL 1      0                         0      0        0

 COOLING
  YESTERDAY       15                        15      0       11
  MONTH TO DATE   25                        30     -5       23
  SINCE JUN 1    459                       355    104      515
  SINCE JAN 1    619                       483    136      640
..................................................................


WIND (MPH)
  HIGHEST WIND SPEED    26   HIGHEST WIND DIRECTION     S (200)
  HIGHEST GUST SPEED    33   HIGHEST GUST DIRECTION     S (200)
  AVERAGE WIND SPEED    10.0


SKY COVER
  POSSIBLE SUNSHINE  MM
  AVERAGE SKY COVER 0.2


WEATHER CONDITIONS
 THE FOLLOWING WEATHER WAS RECORDED YESTERDAY.
  THUNDERSTORM
  LIGHT RAIN


RELATIVE HUMIDITY (PERCENT)
 HIGHEST    82          1100 PM
 LOWEST     44           300 PM
 AVERAGE    63

..........................................................


THE SALINA KS CLIMATE NORMALS FOR TODAY
                         NORMAL    RECORD    YEAR
 MAXIMUM TEMPERATURE (F)   92       109      1990
 MINIMUM TEMPERATURE (F)   68        53      2014


SUNRISE AND SUNSET
JULY  3 2017..........SUNRISE   610 AM CDT   SUNSET   859 PM CDT
JULY  4 2017..........SUNRISE   611 AM CDT   SUNSET   859 PM CDT


-  INDICATES NEGATIVE NUMBERS.
R  INDICATES RECORD WAS SET OR TIED.
MM INDICATES DATA IS MISSING.
T  INDICATES TRACE AMOUNT.




$$
