000
CDUS43 KICT 300639
CLISLN


CLIMATE REPORT
NATIONAL WEATHER SERVICE WICHITA KS
1238 AM CST SUN NOV 30 2014


...................................

...THE SALINA KS CLIMATE SUMMARY FOR NOVEMBER 29 2014...

CLIMATE NORMAL PERIOD 1981 TO 2010
CLIMATE RECORD PERIOD 1894 TO 2014


WEATHER ITEM   OBSERVED TIME   RECORD YEAR NORMAL DEPARTURE LAST
                VALUE   (LST)  VALUE       VALUE  FROM      YEAR
                                                  NORMAL
..................................................................
TEMPERATURE (F)
 YESTERDAY
  MAXIMUM         70    356 PM  71    1998  47     23       57
  MINIMUM         34    738 AM   1    1976  27      7       20
  AVERAGE         52                        37     15       39

PRECIPITATION (IN)
  YESTERDAY        0.00          0.21 1985   0.04  -0.04     0.00
  MONTH TO DATE    0.13                      1.21  -1.08     0.35
  SINCE SEP 1      5.83                      6.18  -0.35     3.17
  SINCE JAN 1     27.11                     30.52  -3.41    29.41

DEGREE DAYS
 HEATING
  YESTERDAY       13                        28    -15       26
  MONTH TO DATE  733                       607    126      660
  SINCE SEP 1    967                       924     43      962
  SINCE JUL 1    967                       925     42      965

 COOLING
  YESTERDAY        0                         0      0        0
  MONTH TO DATE    0                         0      0        0
  SINCE SEP 1    243                       239      4      356
  SINCE JAN 1   1801                      1646    155     1750
..................................................................


WIND (MPH)
  HIGHEST WIND SPEED    16   HIGHEST WIND DIRECTION     S (190)
  HIGHEST GUST SPEED    19   HIGHEST GUST DIRECTION     S (190)
  AVERAGE WIND SPEED     7.2


SKY COVER
  POSSIBLE SUNSHINE  MM
  AVERAGE SKY COVER 0.0


WEATHER CONDITIONS
 THE FOLLOWING WEATHER WAS RECORDED YESTERDAY.
  FOG


RELATIVE HUMIDITY (PERCENT)
 HIGHEST    89           900 AM
 LOWEST     20           400 PM
 AVERAGE    55

..........................................................


THE SALINA KS CLIMATE NORMALS FOR TODAY
                         NORMAL    RECORD    YEAR
 MAXIMUM TEMPERATURE (F)   47        76      1995
 MINIMUM TEMPERATURE (F)   26         2      1952


SUNRISE AND SUNSET
NOVEMBER 30 2014......SUNRISE   729 AM CST   SUNSET   509 PM CST
DECEMBER  1 2014......SUNRISE   730 AM CST   SUNSET   509 PM CST


-  INDICATES NEGATIVE NUMBERS.
R  INDICATES RECORD WAS SET OR TIED.
MM INDICATES DATA IS MISSING.
T  INDICATES TRACE AMOUNT.




$$
