000
CDUS43 KICT 080731
CLISLN


CLIMATE REPORT
NATIONAL WEATHER SERVICE WICHITA KS
131 AM CST SUN FEB 8 2015


...................................

...THE SALINA KS CLIMATE SUMMARY FOR FEBRUARY 7 2015...

CLIMATE NORMAL PERIOD 1981 TO 2010
CLIMATE RECORD PERIOD 1894 TO 2015


WEATHER ITEM   OBSERVED TIME   RECORD YEAR NORMAL DEPARTURE LAST
                VALUE   (LST)  VALUE       VALUE  FROM      YEAR
                                                  NORMAL
..................................................................
TEMPERATURE (F)
 YESTERDAY
  MAXIMUM         74R   314 PM  72    1987  44     30       16
  MINIMUM         31    642 AM -13    1971  22      9        3
  AVERAGE         53                        33     20       10

PRECIPITATION (IN)
  YESTERDAY        0.00          1.14 2013   0.03  -0.03      T
  MONTH TO DATE    0.09                      0.24  -0.15     1.14
  SINCE DEC 1      3.19                      1.81   1.38     2.85
  SINCE JAN 1      1.29                      0.87   0.42     1.63

DEGREE DAYS
 HEATING
  YESTERDAY       12                        32    -20       55
  MONTH TO DATE  218                       226     -8      359
  SINCE DEC 1   2113                      2290   -177     2604
  SINCE JUL 1   3110                      3242   -132     3592

 COOLING
  YESTERDAY        0                         0      0        0
  MONTH TO DATE    0                         0      0        0
  SINCE DEC 1      0                         0      0        0
  SINCE JAN 1      0                         0      0        0
..................................................................


WIND (MPH)
  HIGHEST WIND SPEED    16   HIGHEST WIND DIRECTION     S (190)
  HIGHEST GUST SPEED    20   HIGHEST GUST DIRECTION     S (190)
  AVERAGE WIND SPEED     9.1


SKY COVER
  POSSIBLE SUNSHINE  MM
  AVERAGE SKY COVER 0.0


WEATHER CONDITIONS
 THE FOLLOWING WEATHER WAS RECORDED YESTERDAY.
  FOG


RELATIVE HUMIDITY (PERCENT)
 HIGHEST    89           500 AM
 LOWEST     31           300 PM
 AVERAGE    60

..........................................................


THE SALINA KS CLIMATE NORMALS FOR TODAY
                         NORMAL    RECORD    YEAR
 MAXIMUM TEMPERATURE (F)   44        74      1938
 MINIMUM TEMPERATURE (F)   23       -18      1971


SUNRISE AND SUNSET
FEBRUARY  8 2015......SUNRISE   730 AM CST   SUNSET   600 PM CST
FEBRUARY  9 2015......SUNRISE   729 AM CST   SUNSET   601 PM CST


-  INDICATES NEGATIVE NUMBERS.
R  INDICATES RECORD WAS SET OR TIED.
MM INDICATES DATA IS MISSING.
T  INDICATES TRACE AMOUNT.




$$
