000
CDUS43 KICT 050620
CLISLN

CLIMATE REPORT
NATIONAL WEATHER SERVICE WICHITA KS
119 AM CDT SAT JUL 5 2014

...................................

...THE SALINA KS CLIMATE SUMMARY FOR JULY 4 2014...

CLIMATE NORMAL PERIOD 1981 TO 2010
CLIMATE RECORD PERIOD 1894 TO 2014


WEATHER ITEM   OBSERVED TIME   RECORD YEAR NORMAL DEPARTURE LAST
                VALUE   (LST)  VALUE       VALUE  FROM      YEAR
                                                  NORMAL
..................................................................
TEMPERATURE (F)
 YESTERDAY
  MAXIMUM         89    215 PM 109    1980  93     -4       93
  MINIMUM         63    445 AM  50    1922  68     -5       65
  AVERAGE         76                        80     -4       79

PRECIPITATION (IN)
  YESTERDAY        0.00          2.35 1993   0.14  -0.14     0.01
  MONTH TO DATE    0.01                      0.59  -0.58     0.01
  SINCE JUN 1      8.20                      4.70   3.50     2.25
  SINCE JAN 1     15.59                     16.69  -1.10    15.49

DEGREE DAYS
 HEATING
  YESTERDAY        0                         0      0        0
  MONTH TO DATE    0                         0      0        0
  SINCE JUN 1      1                         7     -6        7
  SINCE JUL 1      0                         0      0        0

 COOLING
  YESTERDAY       11                        15     -4       14
  MONTH TO DATE   32                        60    -28       37
  SINCE JUN 1    389                       385      4      424
  SINCE JAN 1    621                       513    108      565
..................................................................


WIND (MPH)
  HIGHEST WIND SPEED    26   HIGHEST WIND DIRECTION    SE (140)
  HIGHEST GUST SPEED    31   HIGHEST GUST DIRECTION    SE (150)
  AVERAGE WIND SPEED    15.0


SKY COVER
  POSSIBLE SUNSHINE  MM
  AVERAGE SKY COVER 0.3


WEATHER CONDITIONS
 THE FOLLOWING WEATHER WAS RECORDED YESTERDAY.
  NO SIGNIFICANT WEATHER WAS OBSERVED.


RELATIVE HUMIDITY (PERCENT)
 HIGHEST    78           400 AM
 LOWEST     40           100 PM
 AVERAGE    59

..........................................................


THE SALINA KS CLIMATE NORMALS FOR TODAY
                         NORMAL    RECORD    YEAR
 MAXIMUM TEMPERATURE (F)   93       112      1951
 MINIMUM TEMPERATURE (F)   69        48      1924


SUNRISE AND SUNSET
JULY  5 2014..........SUNRISE   611 AM CDT   SUNSET   859 PM CDT
JULY  6 2014..........SUNRISE   612 AM CDT   SUNSET   859 PM CDT


-  INDICATES NEGATIVE NUMBERS.
R  INDICATES RECORD WAS SET OR TIED.
MM INDICATES DATA IS MISSING.
T  INDICATES TRACE AMOUNT.

$$
