000
CDUS43 KICT 090636
CLISLN


CLIMATE REPORT
NATIONAL WEATHER SERVICE WICHITA KS
136 AM CDT TUE SEP 9 2014


...................................

...THE SALINA KS CLIMATE SUMMARY FOR SEPTEMBER 8 2014...

CLIMATE NORMAL PERIOD 1981 TO 2010
CLIMATE RECORD PERIOD 1894 TO 2014


WEATHER ITEM   OBSERVED TIME   RECORD YEAR NORMAL DEPARTURE LAST
                VALUE   (LST)  VALUE       VALUE  FROM      YEAR
                                                  NORMAL
..................................................................
TEMPERATURE (F)
 YESTERDAY
  MAXIMUM         92    455 PM 106    1922  85      7      103
  MINIMUM         60    403 AM  43    1898  62     -2       71
  AVERAGE         76                        74      2       87

PRECIPITATION (IN)
  YESTERDAY        0.00          1.30 1954   0.09  -0.09     0.00
  MONTH TO DATE    0.07                      0.77  -0.70      T
  SINCE SEP 1      0.07                      0.77  -0.70      T
  SINCE JAN 1     21.35                     25.11  -3.76    26.24

DEGREE DAYS
 HEATING
  YESTERDAY        0                         1     -1        0
  MONTH TO DATE    0                         1     -1        0
  SINCE SEP 1      0                         1     -1        0
  SINCE JUL 1      0                         2     -2        3

 COOLING
  YESTERDAY       11                         9      2       22
  MONTH TO DATE   75                        82     -7      121
  SINCE SEP 1     75                        82     -7      121
  SINCE JAN 1   1633                      1489    144     1515
..................................................................


WIND (MPH)
  HIGHEST WIND SPEED    26   HIGHEST WIND DIRECTION     S (200)
  HIGHEST GUST SPEED    33   HIGHEST GUST DIRECTION     S (200)
  AVERAGE WIND SPEED    13.6


SKY COVER
  POSSIBLE SUNSHINE  MM
  AVERAGE SKY COVER 0.0


WEATHER CONDITIONS
 THE FOLLOWING WEATHER WAS RECORDED YESTERDAY.
  NO SIGNIFICANT WEATHER WAS OBSERVED.


RELATIVE HUMIDITY (PERCENT)
 HIGHEST    84           400 AM
 LOWEST     41           500 PM
 AVERAGE    63

..........................................................


THE SALINA KS CLIMATE NORMALS FOR TODAY
                         NORMAL    RECORD    YEAR
 MAXIMUM TEMPERATURE (F)   85       101      1919
 MINIMUM TEMPERATURE (F)   61        41      1902


SUNRISE AND SUNSET
SEPTEMBER  9 2014.....SUNRISE   707 AM CDT   SUNSET   748 PM CDT
SEPTEMBER 10 2014.....SUNRISE   708 AM CDT   SUNSET   747 PM CDT


-  INDICATES NEGATIVE NUMBERS.
R  INDICATES RECORD WAS SET OR TIED.
MM INDICATES DATA IS MISSING.
T  INDICATES TRACE AMOUNT.




$$

JMBW
