000
CDUS43 KICT 150702
CLISLN

CLIMATE REPORT
NATIONAL WEATHER SERVICE WICHITA KS
202 AM CDT MON AUG 15 2016


...................................

...THE SALINA KS CLIMATE SUMMARY FOR AUGUST 14 2016...

CLIMATE NORMAL PERIOD 1981 TO 2010
CLIMATE RECORD PERIOD 1894 TO 2016


WEATHER ITEM   OBSERVED TIME   RECORD YEAR NORMAL DEPARTURE LAST
                VALUE   (LST)  VALUE       VALUE  FROM      YEAR
                                                  NORMAL
..................................................................
TEMPERATURE (F)
 YESTERDAY
  MAXIMUM         91    221 PM 110    1936  92     -1       93
  MINIMUM         68    606 AM  47    1920  69     -1       70
  AVERAGE         80                        80      0       82

PRECIPITATION (IN)
  YESTERDAY        0.00          1.39 2006   0.12  -0.12     0.00
  MONTH TO DATE    1.01                      1.86  -0.85     2.21
  SINCE JUN 1      3.79                     10.26  -6.47    10.57
  SINCE JAN 1     15.61                     22.25  -6.64    22.17

DEGREE DAYS
 HEATING
  YESTERDAY        0                         0      0        0
  MONTH TO DATE    0                         0      0        0
  SINCE JUN 1      0                         7     -7        0
  SINCE JUL 1      0                         0      0        0

 COOLING
  YESTERDAY       15                        15      0       17
  MONTH TO DATE  246                       221     25      220
  SINCE JUN 1   1326                      1047    279     1210
  SINCE JAN 1   1451                      1175    276     1300
..................................................................


WIND (MPH)
  HIGHEST WIND SPEED    14   HIGHEST WIND DIRECTION     E (70)
  HIGHEST GUST SPEED    19   HIGHEST GUST DIRECTION     E (70)
  AVERAGE WIND SPEED     6.4


SKY COVER
  POSSIBLE SUNSHINE  MM
  AVERAGE SKY COVER 0.0


WEATHER CONDITIONS
 THE FOLLOWING WEATHER WAS RECORDED YESTERDAY.
  NO SIGNIFICANT WEATHER WAS OBSERVED.


RELATIVE HUMIDITY (PERCENT)
 HIGHEST    84          1200 AM
 LOWEST     31           500 PM
 AVERAGE    58

..........................................................


THE SALINA KS CLIMATE NORMALS FOR TODAY
                         NORMAL    RECORD    YEAR
 MAXIMUM TEMPERATURE (F)   92       112      1936
 MINIMUM TEMPERATURE (F)   69        48      1920


SUNRISE AND SUNSET
AUGUST 15 2016........SUNRISE   645 AM CDT   SUNSET   824 PM CDT
AUGUST 16 2016........SUNRISE   646 AM CDT   SUNSET   823 PM CDT


-  INDICATES NEGATIVE NUMBERS.
R  INDICATES RECORD WAS SET OR TIED.
MM INDICATES DATA IS MISSING.
T  INDICATES TRACE AMOUNT.




$$
