000
CDUS43 KICT 300658
CLISLN


CLIMATE REPORT
NATIONAL WEATHER SERVICE WICHITA KS
158 AM CDT SUN OCT 30 2016


...................................

...THE SALINA KS CLIMATE SUMMARY FOR OCTOBER 29 2016...

CLIMATE NORMAL PERIOD 1981 TO 2010
CLIMATE RECORD PERIOD 1894 TO 2016


WEATHER ITEM   OBSERVED TIME   RECORD YEAR NORMAL DEPARTURE LAST
                VALUE   (LST)  VALUE       VALUE  FROM      YEAR
                                                  NORMAL
..................................................................
TEMPERATURE (F)
 YESTERDAY
  MAXIMUM         85    329 PM  93    1937  64     21       56
  MINIMUM         57   1159 PM  16    1913  41     16       30
  AVERAGE         71                        53     18       43

PRECIPITATION (IN)
  YESTERDAY        0.00          2.12 1971   0.05  -0.05     0.00
  MONTH TO DATE    2.28                      2.17   0.11     0.09
  SINCE SEP 1      3.48                      4.87  -1.39     1.76
  SINCE JAN 1     25.92                     29.21  -3.29    25.61

DEGREE DAYS
 HEATING
  YESTERDAY        0                        13    -13       22
  MONTH TO DATE  104                       242   -138      126
  SINCE SEP 1    120                       293   -173      129
  SINCE JUL 1    120                       294   -174      129

 COOLING
  YESTERDAY        6                         0      6        0
  MONTH TO DATE   69                        32     37       48
  SINCE SEP 1    335                       237     98      411
  SINCE JAN 1   2005                      1644    361     1865
..................................................................


WIND (MPH)
  HIGHEST WIND SPEED    24   HIGHEST WIND DIRECTION     N (360)
  HIGHEST GUST SPEED    30   HIGHEST GUST DIRECTION     N (10)
  AVERAGE WIND SPEED    14.0


SKY COVER
  POSSIBLE SUNSHINE  MM
  AVERAGE SKY COVER 0.0


WEATHER CONDITIONS
 THE FOLLOWING WEATHER WAS RECORDED YESTERDAY.
  NO SIGNIFICANT WEATHER WAS OBSERVED.


RELATIVE HUMIDITY (PERCENT)
 HIGHEST    73           400 AM
 LOWEST     37           200 PM
 AVERAGE    55

..........................................................


THE SALINA KS CLIMATE NORMALS FOR TODAY
                         NORMAL    RECORD    YEAR
 MAXIMUM TEMPERATURE (F)   64        88      1950
 MINIMUM TEMPERATURE (F)   41        15      1991


SUNRISE AND SUNSET
OCTOBER 30 2016.......SUNRISE   756 AM CDT   SUNSET   632 PM CDT
OCTOBER 31 2016.......SUNRISE   757 AM CDT   SUNSET   631 PM CDT


-  INDICATES NEGATIVE NUMBERS.
R  INDICATES RECORD WAS SET OR TIED.
MM INDICATES DATA IS MISSING.
T  INDICATES TRACE AMOUNT.




$$
