000
CDUS43 KICT 020701
CLISLN

CLIMATE REPORT
NATIONAL WEATHER SERVICE WICHITA KS
158 AM CDT MON OCT 2 2017

...................................

...THE SALINA KS CLIMATE SUMMARY FOR OCTOBER 1 2017...

CLIMATE NORMAL PERIOD 1981 TO 2010
CLIMATE RECORD PERIOD 1894 TO 2017


WEATHER ITEM   OBSERVED TIME   RECORD YEAR NORMAL DEPARTURE LAST
                VALUE   (LST)  VALUE       VALUE  FROM      YEAR
                                                  NORMAL
..................................................................
TEMPERATURE (F)
 YESTERDAY
  MAXIMUM         84    155 PM  97    2006  75      9       79
  MINIMUM         64    507 AM  30    1985  52     12       49
                                      1958
  AVERAGE         74                        63     11       64

PRECIPITATION (IN)
  YESTERDAY        T             0.97 1998   0.09  -0.09     0.00
  MONTH TO DATE    T                         0.09  -0.09     0.00
  SINCE SEP 1      1.83                      2.79  -0.96     1.20
  SINCE JAN 1     19.54                     27.13  -7.59    23.64

DEGREE DAYS
 HEATING
  YESTERDAY        0                         5     -5        1
  MONTH TO DATE    0                         5     -5        1
  SINCE SEP 1      8                        56    -48       17
  SINCE JUL 1      8                        57    -49       17

 COOLING
  YESTERDAY        9                         3      6        0
  MONTH TO DATE    9                         3      6        0
  SINCE SEP 1    327                       208    119      266
  SINCE JAN 1   1908                      1615    293     1936
..................................................................


WIND (MPH)
  HIGHEST WIND SPEED    32   HIGHEST WIND DIRECTION     S (170)
  HIGHEST GUST SPEED    43   HIGHEST GUST DIRECTION     S (170)
  AVERAGE WIND SPEED    19.9


SKY COVER
  AVERAGE SKY COVER 0.3


WEATHER CONDITIONS
 THE FOLLOWING WEATHER WAS RECORDED YESTERDAY.
  LIGHT RAIN


RELATIVE HUMIDITY (PERCENT)
 HIGHEST    73           500 AM
 LOWEST     37           200 PM
 AVERAGE    55

..........................................................


THE SALINA KS CLIMATE NORMALS FOR TODAY
                         NORMAL    RECORD    YEAR
 MAXIMUM TEMPERATURE (F)   74        97      1963
 MINIMUM TEMPERATURE (F)   51        34      2004


SUNRISE AND SUNSET
OCTOBER  2 2017.......SUNRISE   728 AM CDT   SUNSET   711 PM CDT
OCTOBER  3 2017.......SUNRISE   729 AM CDT   SUNSET   710 PM CDT


-  INDICATES NEGATIVE NUMBERS.
R  INDICATES RECORD WAS SET OR TIED.
MM INDICATES DATA IS MISSING.
T  INDICATES TRACE AMOUNT.

$$
