000
CDUS43 KICT 050646
CLISLN


CLIMATE REPORT
NATIONAL WEATHER SERVICE WICHITA KS
146 AM CDT WED JUL 5 2017


...................................

...THE SALINA KS CLIMATE SUMMARY FOR JULY 4 2017...

CLIMATE NORMAL PERIOD 1981 TO 2010
CLIMATE RECORD PERIOD 1894 TO 2017


WEATHER ITEM   OBSERVED TIME   RECORD YEAR NORMAL DEPARTURE LAST
                VALUE   (LST)  VALUE       VALUE  FROM      YEAR
                                                  NORMAL
..................................................................
TEMPERATURE (F)
 YESTERDAY
  MAXIMUM         91    325 PM 109    1980  93     -2       91
  MINIMUM         72   1154 PM  53    1997  68      4       68
  AVERAGE         82                        80      2       80

PRECIPITATION (IN)
  YESTERDAY        0.00          2.35 1993   0.14  -0.14     0.00
  MONTH TO DATE    0.02                      0.59  -0.57     1.18
  SINCE JUN 1      1.71                      4.70  -2.99     1.63
  SINCE JAN 1     14.95                     16.69  -1.74    13.45

DEGREE DAYS
 HEATING
  YESTERDAY        0                         0      0        0
  MONTH TO DATE    0                         0      0        0
  SINCE JUN 1      0                         7     -7        0
  SINCE JUL 1      0                         0      0        0

 COOLING
  YESTERDAY       17                        15      2       15
  MONTH TO DATE   60                        60      0       45
  SINCE JUN 1    494                       385    109      537
  SINCE JAN 1    654                       513    141      662
..................................................................


WIND (MPH)
  HIGHEST WIND SPEED    16   HIGHEST WIND DIRECTION    SE (130)
  HIGHEST GUST SPEED    21   HIGHEST GUST DIRECTION     E (90)
  AVERAGE WIND SPEED     7.7


SKY COVER
  POSSIBLE SUNSHINE  MM
  AVERAGE SKY COVER 0.1


WEATHER CONDITIONS
 THE FOLLOWING WEATHER WAS RECORDED YESTERDAY.
  NO SIGNIFICANT WEATHER WAS OBSERVED.


RELATIVE HUMIDITY (PERCENT)
 HIGHEST    93           700 AM
 LOWEST     41           300 PM
 AVERAGE    67

..........................................................


THE SALINA KS CLIMATE NORMALS FOR TODAY
                         NORMAL    RECORD    YEAR
 MAXIMUM TEMPERATURE (F)   93       109      1991
 MINIMUM TEMPERATURE (F)   69        49      1972


SUNRISE AND SUNSET
JULY  5 2017..........SUNRISE   612 AM CDT   SUNSET   859 PM CDT
JULY  6 2017..........SUNRISE   612 AM CDT   SUNSET   859 PM CDT


-  INDICATES NEGATIVE NUMBERS.
R  INDICATES RECORD WAS SET OR TIED.
MM INDICATES DATA IS MISSING.
T  INDICATES TRACE AMOUNT.




$$
