378
CDUS43 KICT 040653
CLISLN

CLIMATE REPORT
NATIONAL WEATHER SERVICE WICHITA KS
150 AM CDT THU MAY 4 2017

...................................

...THE SALINA KS CLIMATE SUMMARY FOR MAY 3 2017...

CLIMATE NORMAL PERIOD 1981 TO 2010
CLIMATE RECORD PERIOD 1894 TO 2017


WEATHER ITEM   OBSERVED TIME   RECORD YEAR NORMAL DEPARTURE LAST
                VALUE   (LST)  VALUE       VALUE  FROM      YEAR
                                                  NORMAL
..................................................................
TEMPERATURE (F)
 YESTERDAY
  MAXIMUM         66   1256 PM  91    1959  73     -7       75
  MINIMUM         49   1159 PM  29    1976  49      0       41
  AVERAGE         58                        61     -3       58

PRECIPITATION (IN)
  YESTERDAY        0.27          0.90 1990   0.13   0.14     0.00
  MONTH TO DATE    0.28                      0.37  -0.09     0.00
  SINCE MAR 1      7.55                      5.81   1.74     5.07
  SINCE JAN 1      9.65                      7.61   2.04     6.31

DEGREE DAYS
 HEATING
  YESTERDAY        7                         6      1        7
  MONTH TO DATE   22                        18      4       32
  SINCE MAR 1    731                       945   -214      664
  SINCE JUL 1   3399                      4786  -1387     3650

 COOLING
  YESTERDAY        0                         1     -1        0
  MONTH TO DATE    0                         3     -3        0
  SINCE MAR 1     51                        28     23       34
  SINCE JAN 1     51                        28     23       34
..................................................................


WIND (MPH)
  HIGHEST WIND SPEED    23   HIGHEST WIND DIRECTION    NW (300)
  HIGHEST GUST SPEED    27   HIGHEST GUST DIRECTION    NW (300)
  AVERAGE WIND SPEED     5.6


SKY COVER
  POSSIBLE SUNSHINE  MM
  AVERAGE SKY COVER 0.8


WEATHER CONDITIONS
 THE FOLLOWING WEATHER WAS RECORDED YESTERDAY.
  THUNDERSTORM
  HEAVY RAIN
  LIGHT RAIN
  FOG


RELATIVE HUMIDITY (PERCENT)
 HIGHEST    96           600 AM
 LOWEST     52           200 PM
 AVERAGE    74

..........................................................


THE SALINA KS CLIMATE NORMALS FOR TODAY
                         NORMAL    RECORD    YEAR
 MAXIMUM TEMPERATURE (F)   73        96      2014
 MINIMUM TEMPERATURE (F)   50        24      1907


SUNRISE AND SUNSET
MAY  4 2017...........SUNRISE   629 AM CDT   SUNSET   826 PM CDT
MAY  5 2017...........SUNRISE   628 AM CDT   SUNSET   827 PM CDT


-  INDICATES NEGATIVE NUMBERS.
R  INDICATES RECORD WAS SET OR TIED.
MM INDICATES DATA IS MISSING.
T  INDICATES TRACE AMOUNT.

$$
