000
CDUS43 KICT 240651
CLISLN


CLIMATE REPORT
NATIONAL WEATHER SERVICE WICHITA KS
151 AM CDT THU MAR 24 2016


...................................

...THE SALINA KS CLIMATE SUMMARY FOR MARCH 23 2016...

CLIMATE NORMAL PERIOD 1981 TO 2010
CLIMATE RECORD PERIOD 1894 TO 2016


WEATHER ITEM   OBSERVED TIME   RECORD YEAR NORMAL DEPARTURE LAST
                VALUE   (LST)  VALUE       VALUE  FROM      YEAR
                                                  NORMAL
..................................................................
TEMPERATURE (F)
 YESTERDAY
  MAXIMUM         80    149 PM  88    1911  60     20       61
  MINIMUM         37   1159 PM  10    1968  36      1       34
  AVERAGE         59                        48     11       48

PRECIPITATION (IN)
  YESTERDAY        0.01          3.68 1987   0.09  -0.08     0.00
  MONTH TO DATE    0.47                      1.67  -1.20      T
  SINCE MAR 1      0.47                      1.67  -1.20      T
  SINCE JAN 1      1.71                      3.47  -1.76     1.44

DEGREE DAYS
 HEATING
  YESTERDAY        6                        17    -11       17
  MONTH TO DATE  299                       480   -181      404
  SINCE MAR 1    299                       480   -181      404
  SINCE JUL 1   3285                      4321  -1036     4233

 COOLING
  YESTERDAY        0                         0      0        0
  MONTH TO DATE    5                         0      5        1
  SINCE MAR 1      5                         0      5        1
  SINCE JAN 1      5                         0      5        1
..................................................................


WIND (MPH)
  HIGHEST WIND SPEED    46   HIGHEST WIND DIRECTION     S (190)
  HIGHEST GUST SPEED    54   HIGHEST GUST DIRECTION     S (190)
  AVERAGE WIND SPEED    24.2


SKY COVER
  POSSIBLE SUNSHINE  MM
  AVERAGE SKY COVER 0.2


WEATHER CONDITIONS
 THE FOLLOWING WEATHER WAS RECORDED YESTERDAY.
  LIGHT RAIN


RELATIVE HUMIDITY (PERCENT)
 HIGHEST    70           900 PM
 LOWEST     11           300 PM
 AVERAGE    41

..........................................................


THE SALINA KS CLIMATE NORMALS FOR TODAY
                         NORMAL    RECORD    YEAR
 MAXIMUM TEMPERATURE (F)   60        90      1910
 MINIMUM TEMPERATURE (F)   36        13      1965


SUNRISE AND SUNSET
MARCH 24 2016.........SUNRISE   727 AM CDT   SUNSET   747 PM CDT
MARCH 25 2016.........SUNRISE   725 AM CDT   SUNSET   748 PM CDT


-  INDICATES NEGATIVE NUMBERS.
R  INDICATES RECORD WAS SET OR TIED.
MM INDICATES DATA IS MISSING.
T  INDICATES TRACE AMOUNT.




$$
