378
CDUS43 KICT 310644
CLISLN

CLIMATE REPORT
NATIONAL WEATHER SERVICE WICHITA KS
1242 AM CST SAT DEC 31 2016

...................................

...THE SALINA KS CLIMATE SUMMARY FOR DECEMBER 30 2016...

CLIMATE NORMAL PERIOD 1981 TO 2010
CLIMATE RECORD PERIOD 1894 TO 2016


WEATHER ITEM   OBSERVED TIME   RECORD YEAR NORMAL DEPARTURE LAST
                VALUE   (LST)  VALUE       VALUE  FROM      YEAR
                                                  NORMAL
..................................................................
TEMPERATURE (F)
 YESTERDAY
  MAXIMUM         58    355 PM  73    2004  41     17       34
  MINIMUM         21    343 AM  -7    1983  21      0       22
  AVERAGE         40                        31      9       28

PRECIPITATION (IN)
  YESTERDAY        0.00          0.76 2006   0.02  -0.02      T
  MONTH TO DATE    0.73                      0.92  -0.19     3.66
  SINCE DEC 1      0.73                      0.92  -0.19     3.66
  SINCE JAN 1     27.25                     31.48  -4.23    32.01

DEGREE DAYS
 HEATING
  YESTERDAY       25                        34     -9       37
  MONTH TO DATE  996                       976     20      765
  SINCE DEC 1    996                       976     20      765
  SINCE JUL 1   1539                      1928   -389     1397

 COOLING
  YESTERDAY        0                         0      0        0
  MONTH TO DATE    0                         0      0        0
  SINCE DEC 1      0                         0      0        0
  SINCE JAN 1   2009                      1647    362     1869
..................................................................


WIND (MPH)
  HIGHEST WIND SPEED    26   HIGHEST WIND DIRECTION     S (190)
  HIGHEST GUST SPEED    34   HIGHEST GUST DIRECTION     S (200)
  AVERAGE WIND SPEED    14.4


SKY COVER
  POSSIBLE SUNSHINE  MM
  AVERAGE SKY COVER 0.0


WEATHER CONDITIONS
 THE FOLLOWING WEATHER WAS RECORDED YESTERDAY.
  NO SIGNIFICANT WEATHER WAS OBSERVED.


RELATIVE HUMIDITY (PERCENT)
 HIGHEST    77           400 AM
 LOWEST     24           400 PM
 AVERAGE    51

..........................................................


THE SALINA KS CLIMATE NORMALS FOR TODAY
                         NORMAL    RECORD    YEAR
 MAXIMUM TEMPERATURE (F)   41        63      2004
 MINIMUM TEMPERATURE (F)   21        -7      1968


SUNRISE AND SUNSET
DECEMBER 31 2016......SUNRISE   749 AM CST   SUNSET   519 PM CST
JANUARY  1 2017.......SUNRISE   749 AM CST   SUNSET   520 PM CST


-  INDICATES NEGATIVE NUMBERS.
R  INDICATES RECORD WAS SET OR TIED.
MM INDICATES DATA IS MISSING.
T  INDICATES TRACE AMOUNT.

$$
