000
CDUS43 KICT 140630
CLISLN


CLIMATE REPORT
NATIONAL WEATHER SERVICE WICHITA KS
130 AM CDT FRI MAR 14 2014


...................................

...THE SALINA KS CLIMATE SUMMARY FOR MARCH 13 2014...

CLIMATE NORMAL PERIOD 1981 TO 2010
CLIMATE RECORD PERIOD 1894 TO 2014


WEATHER ITEM   OBSERVED TIME   RECORD YEAR NORMAL DEPARTURE LAST
                VALUE   (LST)  VALUE       VALUE  FROM      YEAR
                                                  NORMAL
..................................................................
TEMPERATURE (F)
 YESTERDAY
  MAXIMUM         73    352 PM  87    1918  56     17       56
  MINIMUM         28    602 AM   7    1950  33     -5       23
  AVERAGE         51                        45      6       40

PRECIPITATION (IN)
  YESTERDAY        0.00          0.61 1953   0.08  -0.08     0.00
  MONTH TO DATE    0.05                      0.86  -0.81     0.40
  SINCE MAR 1      0.05                      0.86  -0.81     0.40
  SINCE JAN 1      1.86                      2.66  -0.80     3.67

DEGREE DAYS
 HEATING
  YESTERDAY       14                        20     -6       25
  MONTH TO DATE  390                       293     97      348
  SINCE MAR 1    390                       293     97      348
  SINCE JUL 1   4640                      4134    506     3970

 COOLING
  YESTERDAY        0                         0      0        0
  MONTH TO DATE    0                         0      0        0
  SINCE MAR 1      0                         0      0        0
  SINCE JAN 1      0                         0      0        0
..................................................................


WIND (MPH)
  HIGHEST WIND SPEED    29   HIGHEST WIND DIRECTION     S (200)
  HIGHEST GUST SPEED    37   HIGHEST GUST DIRECTION    SW (210)
  AVERAGE WIND SPEED    12.3


SKY COVER
  POSSIBLE SUNSHINE  MM
  AVERAGE SKY COVER 0.0


WEATHER CONDITIONS
 THE FOLLOWING WEATHER WAS RECORDED YESTERDAY.
  LIGHT RAIN


RELATIVE HUMIDITY (PERCENT)
 HIGHEST    69           700 AM
 LOWEST     10           200 PM
 AVERAGE    40

..........................................................


THE SALINA KS CLIMATE NORMALS FOR TODAY
                         NORMAL    RECORD    YEAR
 MAXIMUM TEMPERATURE (F)   56        85      2012
                                             1935
 MINIMUM TEMPERATURE (F)   33         3      1975


SUNRISE AND SUNSET
MARCH 14 2014.........SUNRISE   743 AM CDT   SUNSET   737 PM CDT
MARCH 15 2014.........SUNRISE   742 AM CDT   SUNSET   738 PM CDT


-  INDICATES NEGATIVE NUMBERS.
R  INDICATES RECORD WAS SET OR TIED.
MM INDICATES DATA IS MISSING.
T  INDICATES TRACE AMOUNT.




$$
