000
CDUS43 KICT 100634
CLISLN


CLIMATE REPORT
NATIONAL WEATHER SERVICE WICHITA KS
134 AM CDT TUE OCT 10 2017


...................................

...THE SALINA KS CLIMATE SUMMARY FOR OCTOBER 9 2017...

CLIMATE NORMAL PERIOD 1981 TO 2010
CLIMATE RECORD PERIOD 1894 TO 2017


WEATHER ITEM   OBSERVED TIME   RECORD YEAR NORMAL DEPARTURE LAST
                VALUE   (LST)  VALUE       VALUE  FROM      YEAR
                                                  NORMAL
..................................................................
TEMPERATURE (F)
 YESTERDAY
  MAXIMUM         65    331 AM  94    1921  72     -7       75
  MINIMUM         45   1159 PM  23    2000  49     -4       47
  AVERAGE         55                        60     -5       61

PRECIPITATION (IN)
  YESTERDAY        T             3.31 1985   0.07  -0.07     0.00
  MONTH TO DATE    4.86                      0.75   4.11     1.23
  SINCE SEP 1      6.69                      3.45   3.24     2.43
  SINCE JAN 1     24.40                     27.79  -3.39    24.87

DEGREE DAYS
 HEATING
  YESTERDAY       10                         7      3        4
  MONTH TO DATE   15                        51    -36       27
  SINCE SEP 1     23                       102    -79       43
  SINCE JUL 1     23                       103    -80       43

 COOLING
  YESTERDAY        0                         2     -2        0
  MONTH TO DATE   49                        20     29       14
  SINCE SEP 1    367                       225    142      280
  SINCE JAN 1   1948                      1632    316     1950
..................................................................


WIND (MPH)
  HIGHEST WIND SPEED    32   HIGHEST WIND DIRECTION     N (360)
  HIGHEST GUST SPEED    42   HIGHEST GUST DIRECTION     N (360)
  AVERAGE WIND SPEED    19.4


SKY COVER
  POSSIBLE SUNSHINE  MM
  AVERAGE SKY COVER 0.9


WEATHER CONDITIONS
 THE FOLLOWING WEATHER WAS RECORDED YESTERDAY.
  LIGHT RAIN


RELATIVE HUMIDITY (PERCENT)
 HIGHEST    75           500 AM
 LOWEST     51          1100 AM
 AVERAGE    63

..........................................................


THE SALINA KS CLIMATE NORMALS FOR TODAY
                         NORMAL    RECORD    YEAR
 MAXIMUM TEMPERATURE (F)   71        95      1963
 MINIMUM TEMPERATURE (F)   48        19      1906


SUNRISE AND SUNSET
OCTOBER 10 2017.......SUNRISE   735 AM CDT   SUNSET   659 PM CDT
OCTOBER 11 2017.......SUNRISE   736 AM CDT   SUNSET   658 PM CDT


-  INDICATES NEGATIVE NUMBERS.
R  INDICATES RECORD WAS SET OR TIED.
MM INDICATES DATA IS MISSING.
T  INDICATES TRACE AMOUNT.




$$
