763
CDUS43 KICT 070746
CLISLN


CLIMATE REPORT
NATIONAL WEATHER SERVICE WICHITA KS
245 AM CDT TUE APR 7 2015


...................................

...THE SALINA KS CLIMATE SUMMARY FOR APRIL 6 2015...

CLIMATE NORMAL PERIOD 1981 TO 2010
CLIMATE RECORD PERIOD 1894 TO 2015


WEATHER ITEM   OBSERVED TIME   RECORD YEAR NORMAL DEPARTURE LAST
                VALUE   (LST)  VALUE       VALUE  FROM      YEAR
                                                  NORMAL
..................................................................
TEMPERATURE (F)
 YESTERDAY
  MAXIMUM         84    358 PM  89    1954  64     20       60
  MINIMUM         54    623 AM  17    1936  40     14       47
  AVERAGE         69                        52     17       54

PRECIPITATION (IN)
  YESTERDAY        0.00          1.70 2005   0.10  -0.10      T
  MONTH TO DATE    0.23                      0.55  -0.32     0.08
  SINCE MAR 1      0.28                      2.94  -2.66     0.38
  SINCE JAN 1      1.72                      4.74  -3.02     2.19

DEGREE DAYS
 HEATING
  YESTERDAY        0                        13    -13       11
  MONTH TO DATE   50                        84    -34      115
  SINCE MAR 1    565                       693   -128      850
  SINCE JUL 1   4394                      4534   -140     5100

 COOLING
  YESTERDAY        4                         0      4        0
  MONTH TO DATE    9                         0      9        0
  SINCE MAR 1     10                         2      8        0
  SINCE JAN 1     10                         2      8        0
..................................................................


WIND (MPH)
  HIGHEST WIND SPEED    23   HIGHEST WIND DIRECTION    SE (150)
  HIGHEST GUST SPEED    28   HIGHEST GUST DIRECTION     S (160)
  AVERAGE WIND SPEED    14.8


SKY COVER
  POSSIBLE SUNSHINE  MM
  AVERAGE SKY COVER 0.5


WEATHER CONDITIONS
 THE FOLLOWING WEATHER WAS RECORDED YESTERDAY.
  FOG


RELATIVE HUMIDITY (PERCENT)
 HIGHEST    93           500 AM
 LOWEST     43           400 PM
 AVERAGE    68

..........................................................


THE SALINA KS CLIMATE NORMALS FOR TODAY
                         NORMAL    RECORD    YEAR
 MAXIMUM TEMPERATURE (F)   64        87      1908
 MINIMUM TEMPERATURE (F)   40        17      2009


SUNRISE AND SUNSET
APRIL  7 2015.........SUNRISE   706 AM CDT   SUNSET   800 PM CDT
APRIL  8 2015.........SUNRISE   705 AM CDT   SUNSET   801 PM CDT


-  INDICATES NEGATIVE NUMBERS.
R  INDICATES RECORD WAS SET OR TIED.
MM INDICATES DATA IS MISSING.
T  INDICATES TRACE AMOUNT.




$$
