000
CDUS43 KICT 130620
CLISLN


CLIMATE REPORT
NATIONAL WEATHER SERVICE WICHITA KS
120 AM CDT THU AUG 13 2015


...................................

...THE SALINA KS CLIMATE SUMMARY FOR AUGUST 12 2015...

CLIMATE NORMAL PERIOD 1981 TO 2010
CLIMATE RECORD PERIOD 1894 TO 2015


WEATHER ITEM   OBSERVED TIME   RECORD YEAR NORMAL DEPARTURE LAST
                VALUE   (LST)  VALUE       VALUE  FROM      YEAR
                                                  NORMAL
..................................................................
TEMPERATURE (F)
 YESTERDAY
  MAXIMUM         89    425 PM 117    1936  92     -3       87
  MINIMUM         63    536 AM  49    1964  69     -6       59
  AVERAGE         76                        80     -4       73

PRECIPITATION (IN)
  YESTERDAY        0.00          1.92 1987   0.12  -0.12     0.00
  MONTH TO DATE    2.21                      1.61   0.60     0.90
  SINCE JUN 1     10.57                     10.01   0.56     9.82
  SINCE JAN 1     22.17                     22.00   0.17    17.21

DEGREE DAYS
 HEATING
  YESTERDAY        0                         0      0        0
  MONTH TO DATE    0                         0      0        0
  SINCE JUN 1      0                         7     -7        1
  SINCE JUL 1      0                         0      0        0

 COOLING
  YESTERDAY       11                        15     -4        8
  MONTH TO DATE  191                       191      0      190
  SINCE JUN 1   1181                      1017    164      990
  SINCE JAN 1   1271                      1145    126     1222
..................................................................


WIND (MPH)
  HIGHEST WIND SPEED    13   HIGHEST WIND DIRECTION     S (200)
  HIGHEST GUST SPEED    16   HIGHEST GUST DIRECTION     S (190)
  AVERAGE WIND SPEED     4.6


SKY COVER
  POSSIBLE SUNSHINE  MM
  AVERAGE SKY COVER 0.0


WEATHER CONDITIONS
 THE FOLLOWING WEATHER WAS RECORDED YESTERDAY.
  NO SIGNIFICANT WEATHER WAS OBSERVED.


RELATIVE HUMIDITY (PERCENT)
 HIGHEST    84           400 AM
 LOWEST     39           200 PM
 AVERAGE    62

..........................................................


THE SALINA KS CLIMATE NORMALS FOR TODAY
                         NORMAL    RECORD    YEAR
 MAXIMUM TEMPERATURE (F)   92       118      1936
 MINIMUM TEMPERATURE (F)   69        52      1920


SUNRISE AND SUNSET
AUGUST 13 2015........SUNRISE   642 AM CDT   SUNSET   828 PM CDT
AUGUST 14 2015........SUNRISE   643 AM CDT   SUNSET   827 PM CDT


-  INDICATES NEGATIVE NUMBERS.
R  INDICATES RECORD WAS SET OR TIED.
MM INDICATES DATA IS MISSING.
T  INDICATES TRACE AMOUNT.




$$
