000
CDUS43 KICT 050740
CLISLN


CLIMATE REPORT
NATIONAL WEATHER SERVICE WICHITA KS
140 AM CST WED MAR 5 2014


...................................

...THE SALINA KS CLIMATE SUMMARY FOR MARCH 4 2014...

CLIMATE NORMAL PERIOD 1981 TO 2010
CLIMATE RECORD PERIOD 1894 TO 2014


WEATHER ITEM   OBSERVED TIME   RECORD YEAR NORMAL DEPARTURE LAST
                VALUE   (LST)  VALUE       VALUE  FROM      YEAR
                                                  NORMAL
..................................................................
TEMPERATURE (F)
 YESTERDAY
  MAXIMUM         38    235 PM  81    1921  53    -15       47
  MINIMUM         12    500 AM  -3    1978  30    -18       29
  AVERAGE         25                        41    -16       38

PRECIPITATION (IN)
  YESTERDAY        0.00          1.67 2004   0.06  -0.06     0.03
  MONTH TO DATE    0.00                      0.23  -0.23     0.03
  SINCE MAR 1      0.00                      0.23  -0.23     0.03
  SINCE JAN 1      1.96                      2.03  -0.07     3.30

DEGREE DAYS
 HEATING
  YESTERDAY       40                        24     16       27
  MONTH TO DATE  202                        97    105      128
  SINCE MAR 1    202                        97    105      128
  SINCE JUL 1   4452                      3938    514     3750

 COOLING
  YESTERDAY        0                         0      0        0
  MONTH TO DATE    0                         0      0        0
  SINCE MAR 1      0                         0      0        0
  SINCE JAN 1      0                         0      0        0
..................................................................


WIND (MPH)
  HIGHEST WIND SPEED    20   HIGHEST WIND DIRECTION     S (170)
  HIGHEST GUST SPEED    23   HIGHEST GUST DIRECTION     S (170)
  AVERAGE WIND SPEED     9.9


SKY COVER
  POSSIBLE SUNSHINE  MM
  AVERAGE SKY COVER 0.0


WEATHER CONDITIONS
 THE FOLLOWING WEATHER WAS RECORDED YESTERDAY.
  NO SIGNIFICANT WEATHER WAS OBSERVED.


RELATIVE HUMIDITY (PERCENT)
 HIGHEST    66           700 PM
 LOWEST     52           300 PM
 AVERAGE    59

..........................................................


THE SALINA KS CLIMATE NORMALS FOR TODAY
                         NORMAL    RECORD    YEAR
 MAXIMUM TEMPERATURE (F)   53        85      2009
 MINIMUM TEMPERATURE (F)   31         1      1960


SUNRISE AND SUNSET
MARCH  5 2014.........SUNRISE   657 AM CST   SUNSET   628 PM CST
MARCH  6 2014.........SUNRISE   656 AM CST   SUNSET   629 PM CST


-  INDICATES NEGATIVE NUMBERS.
R  INDICATES RECORD WAS SET OR TIED.
MM INDICATES DATA IS MISSING.
T  INDICATES TRACE AMOUNT.




$$
