000
CDUS43 KICT 040621
CLISLN

LIMATE REPORT
NATIONAL WEATHER SERVICE WICHITA KS
119 AM CDT FRI JUL 4 2014

...................................

...THE SALINA KS CLIMATE SUMMARY FOR JULY 3 2014...

CLIMATE NORMAL PERIOD 1981 TO 2010
CLIMATE RECORD PERIOD 1894 TO 2014


WEATHER ITEM   OBSERVED TIME   RECORD YEAR NORMAL DEPARTURE LAST
                VALUE   (LST)  VALUE       VALUE  FROM      YEAR
                                                  NORMAL
..................................................................
TEMPERATURE (F)
 YESTERDAY
  MAXIMUM         85    335 PM 109    1990  92     -7       90
  MINIMUM         53    449 AM  48    1924  68    -15       59
  AVERAGE         69                        80    -11       75

PRECIPITATION (IN)
  YESTERDAY        0.00          2.48 1981   0.15  -0.15     0.00
  MONTH TO DATE    0.01                      0.45  -0.44     0.00
  SINCE JUN 1      8.20                      4.56   3.64     2.24
  SINCE JAN 1     15.59                     16.55  -0.96    15.48

DEGREE DAYS
 HEATING
  YESTERDAY        0                         0      0        0
  MONTH TO DATE    0                         0      0        0
  SINCE JUN 1      1                         7     -6        7
  SINCE JUL 1      0                         0      0        0

 COOLING
  YESTERDAY        4                        15    -11       10
  MONTH TO DATE   21                        45    -24       23
  SINCE JUN 1    378                       370      8      410
  SINCE JAN 1    610                       498    112      551
..................................................................


WIND (MPH)
  HIGHEST WIND SPEED    16   HIGHEST WIND DIRECTION    SE (140)
  HIGHEST GUST SPEED    20   HIGHEST GUST DIRECTION    SE (140)
  AVERAGE WIND SPEED     8.4


SKY COVER
  POSSIBLE SUNSHINE  MM
  AVERAGE SKY COVER 0.0


WEATHER CONDITIONS
 THE FOLLOWING WEATHER WAS RECORDED YESTERDAY.
  NO SIGNIFICANT WEATHER WAS OBSERVED.


RELATIVE HUMIDITY (PERCENT)
 HIGHEST    89           500 AM
 LOWEST     37           300 PM
 AVERAGE    63

..........................................................


THE SALINA KS CLIMATE NORMALS FOR TODAY
                         NORMAL    RECORD    YEAR
 MAXIMUM TEMPERATURE (F)   93       109      1980
 MINIMUM TEMPERATURE (F)   68        50      1922


SUNRISE AND SUNSET
JULY  4 2014..........SUNRISE   611 AM CDT   SUNSET   859 PM CDT
JULY  5 2014..........SUNRISE   611 AM CDT   SUNSET   859 PM CDT


-  INDICATES NEGATIVE NUMBERS.
R  INDICATES RECORD WAS SET OR TIED.
MM INDICATES DATA IS MISSING.
T  INDICATES TRACE AMOUNT.

$$
