000
CDUS43 KICT 040703
CLISLN


CLIMATE REPORT
NATIONAL WEATHER SERVICE WICHITA KS
102 AM CST TUE MAR 4 2014


...................................

...THE SALINA KS CLIMATE SUMMARY FOR MARCH 3 2014...

CLIMATE NORMAL PERIOD 1981 TO 2010
CLIMATE RECORD PERIOD 1894 TO 2014


WEATHER ITEM   OBSERVED TIME   RECORD YEAR NORMAL DEPARTURE LAST
                VALUE   (LST)  VALUE       VALUE  FROM      YEAR
                                                  NORMAL
..................................................................
TEMPERATURE (F)
 YESTERDAY
  MAXIMUM         20    503 PM  81    1986  52    -32       48
  MINIMUM          0    738 AM  -9    1916  30    -30       29
  AVERAGE         10                        41    -31       39

PRECIPITATION (IN)
  YESTERDAY        0.00          0.84 1973   0.06  -0.06     0.00
  MONTH TO DATE    0.00                      0.17  -0.17     0.00
  SINCE MAR 1      0.00                      0.17  -0.17     0.00
  SINCE JAN 1      1.96                      1.97  -0.01     3.27

DEGREE DAYS
 HEATING
  YESTERDAY       55                        24     31       26
  MONTH TO DATE  162                        73     89      101
  SINCE MAR 1    162                        73     89      101
  SINCE JUL 1   4412                      3914    498     3723

 COOLING
  YESTERDAY        0                         0      0        0
  MONTH TO DATE    0                         0      0        0
  SINCE MAR 1      0                         0      0        0
  SINCE JAN 1      0                         0      0        0
..................................................................


WIND (MPH)
  HIGHEST WIND SPEED    16   HIGHEST WIND DIRECTION     S (180)
  HIGHEST GUST SPEED    24   HIGHEST GUST DIRECTION     S (170)
  AVERAGE WIND SPEED     9.4


SKY COVER
  POSSIBLE SUNSHINE  MM
  AVERAGE SKY COVER 0.0


WEATHER CONDITIONS
 THE FOLLOWING WEATHER WAS RECORDED YESTERDAY.
  NO SIGNIFICANT WEATHER WAS OBSERVED.


RELATIVE HUMIDITY (PERCENT)
 HIGHEST    69           400 AM
 LOWEST     45           300 PM
 AVERAGE    57

..........................................................


THE SALINA KS CLIMATE NORMALS FOR TODAY
                         NORMAL    RECORD    YEAR
 MAXIMUM TEMPERATURE (F)   53        81      1921
 MINIMUM TEMPERATURE (F)   30        -3      1978


SUNRISE AND SUNSET
MARCH  4 2014.........SUNRISE   659 AM CST   SUNSET   627 PM CST
MARCH  5 2014.........SUNRISE   657 AM CST   SUNSET   628 PM CST


-  INDICATES NEGATIVE NUMBERS.
R  INDICATES RECORD WAS SET OR TIED.
MM INDICATES DATA IS MISSING.
T  INDICATES TRACE AMOUNT.




$$
