000
CDUS43 KICT 150622
CLISLN


CLIMATE REPORT
NATIONAL WEATHER SERVICE WICHITA KS
122 AM CDT SAT AUG 15 2015


...................................

...THE SALINA KS CLIMATE SUMMARY FOR AUGUST 14 2015...

CLIMATE NORMAL PERIOD 1981 TO 2010
CLIMATE RECORD PERIOD 1894 TO 2015


WEATHER ITEM   OBSERVED TIME   RECORD YEAR NORMAL DEPARTURE LAST
                VALUE   (LST)  VALUE       VALUE  FROM      YEAR
                                                  NORMAL
..................................................................
TEMPERATURE (F)
 YESTERDAY
  MAXIMUM         93    417 PM 110    1936  92      1       94
  MINIMUM         70    353 AM  47    1920  69      1       66
  AVERAGE         82                        80      2       80

PRECIPITATION (IN)
  YESTERDAY        0.00          1.39 2006   0.12  -0.12     0.00
  MONTH TO DATE    2.21                      1.86   0.35     0.90
  SINCE JUN 1     10.57                     10.26   0.31     9.82
  SINCE JAN 1     22.17                     22.25  -0.08    17.21

DEGREE DAYS
 HEATING
  YESTERDAY        0                         0      0        0
  MONTH TO DATE    0                         0      0        0
  SINCE JUN 1      0                         7     -7        1
  SINCE JUL 1      0                         0      0        0

 COOLING
  YESTERDAY       17                        15      2       15
  MONTH TO DATE  220                       221     -1      215
  SINCE JUN 1   1210                      1047    163     1015
  SINCE JAN 1   1300                      1175    125     1247
..................................................................


WIND (MPH)
  HIGHEST WIND SPEED    18   HIGHEST WIND DIRECTION     S (160)
  HIGHEST GUST SPEED    23   HIGHEST GUST DIRECTION     S (170)
  AVERAGE WIND SPEED     8.7


SKY COVER
  POSSIBLE SUNSHINE  MM
  AVERAGE SKY COVER 0.2


WEATHER CONDITIONS
 THE FOLLOWING WEATHER WAS RECORDED YESTERDAY.
  NO SIGNIFICANT WEATHER WAS OBSERVED.


RELATIVE HUMIDITY (PERCENT)
 HIGHEST    78           400 AM
 LOWEST     36           300 PM
 AVERAGE    57

..........................................................


THE SALINA KS CLIMATE NORMALS FOR TODAY
                         NORMAL    RECORD    YEAR
 MAXIMUM TEMPERATURE (F)   92       112      1936
 MINIMUM TEMPERATURE (F)   69        48      1920


SUNRISE AND SUNSET
AUGUST 15 2015........SUNRISE   644 AM CDT   SUNSET   825 PM CDT
AUGUST 16 2015........SUNRISE   645 AM CDT   SUNSET   824 PM CDT


-  INDICATES NEGATIVE NUMBERS.
R  INDICATES RECORD WAS SET OR TIED.
MM INDICATES DATA IS MISSING.
T  INDICATES TRACE AMOUNT.




$$

JMBW
