000
CDUS43 KICT 070623
CLISLN

CLIMATE REPORT
NATIONAL WEATHER SERVICE WICHITA KS
1223 AM CST SUN JAN 7 2018


...................................

...THE SALINA KS CLIMATE SUMMARY FOR JANUARY 6 2018...

CLIMATE NORMAL PERIOD 1981 TO 2010
CLIMATE RECORD PERIOD 1894 TO 2018


WEATHER ITEM   OBSERVED TIME   RECORD YEAR NORMAL DEPARTURE LAST
                VALUE   (LST)  VALUE       VALUE  FROM      YEAR
                                                  NORMAL
..................................................................
TEMPERATURE (F)
 YESTERDAY
  MAXIMUM         39    500 PM  62    1939  41     -2       MM
  MINIMUM         13    844 AM -15    1910  20     -7       MM
  AVERAGE         26                        31     -5       MM

PRECIPITATION (IN)
  YESTERDAY        0.00          0.24 1988   0.01  -0.01     0.00
  MONTH TO DATE    0.00                      0.09  -0.09     0.19
  SINCE DEC 1      0.05                      1.03  -0.98     1.04
  SINCE JAN 1      0.00                      0.09  -0.09     0.19

DEGREE DAYS
 HEATING
  YESTERDAY       39                        34      5       MM
  MONTH TO DATE  267                       204     63      181
  SINCE DEC 1   1200                      1216    -16     1207
  SINCE JUL 1   1956                      2168   -212     1750

 COOLING
  YESTERDAY        0                         0      0       MM
  MONTH TO DATE    0                         0      0        0
  SINCE DEC 1      0                         0      0        0
  SINCE JAN 1      0                         0      0        0
..................................................................


WIND (MPH)
  HIGHEST WIND SPEED    15   HIGHEST WIND DIRECTION     E (110)
  HIGHEST GUST SPEED    19   HIGHEST GUST DIRECTION    SE (130)
  AVERAGE WIND SPEED     8.3


SKY COVER
  POSSIBLE SUNSHINE  MM
  AVERAGE SKY COVER 0.0


WEATHER CONDITIONS
 THE FOLLOWING WEATHER WAS RECORDED YESTERDAY.
  NO SIGNIFICANT WEATHER WAS OBSERVED.


RELATIVE HUMIDITY (PERCENT)
 HIGHEST    84           700 AM
 LOWEST     37           400 PM
 AVERAGE    61

..........................................................


THE SALINA KS CLIMATE NORMALS FOR TODAY
                         NORMAL    RECORD    YEAR
 MAXIMUM TEMPERATURE (F)   41        72      2006
 MINIMUM TEMPERATURE (F)   20       -12      1912


SUNRISE AND SUNSET
JANUARY  7 2018.......SUNRISE   749 AM CST   SUNSET   525 PM CST
JANUARY  8 2018.......SUNRISE   749 AM CST   SUNSET   526 PM CST


-  INDICATES NEGATIVE NUMBERS.
R  INDICATES RECORD WAS SET OR TIED.
MM INDICATES DATA IS MISSING.
T  INDICATES TRACE AMOUNT.




$$
