000
CDUS43 KICT 120634
CLISLN


CLIMATE REPORT
NATIONAL WEATHER SERVICE WICHITA KS
133 AM CDT FRI AUG 12 2016


...................................

...THE SALINA KS CLIMATE SUMMARY FOR AUGUST 11 2016...

CLIMATE NORMAL PERIOD 1981 TO 2010
CLIMATE RECORD PERIOD 1894 TO 2016


WEATHER ITEM   OBSERVED TIME   RECORD YEAR NORMAL DEPARTURE LAST
                VALUE   (LST)  VALUE       VALUE  FROM      YEAR
                                                  NORMAL
..................................................................
TEMPERATURE (F)
 YESTERDAY
  MAXIMUM        103    254 PM 114    1936  92     11       87
  MINIMUM         76    738 PM  50    1898  69      7       65
  AVERAGE         90                        80     10       76

PRECIPITATION (IN)
  YESTERDAY        0.31          0.85 1990   0.12   0.19     0.00
  MONTH TO DATE    1.00                      1.49  -0.49     2.21
  SINCE JUN 1      3.78                      9.89  -6.11    10.57
  SINCE JAN 1     15.60                     21.88  -6.28    22.17

DEGREE DAYS
 HEATING
  YESTERDAY        0                         0      0        0
  MONTH TO DATE    0                         0      0        0
  SINCE JUN 1      0                         7     -7        0
  SINCE JUL 1      0                         0      0        0

 COOLING
  YESTERDAY       25                        16      9       11
  MONTH TO DATE  203                       176     27      180
  SINCE JUN 1   1283                      1002    281     1170
  SINCE JAN 1   1408                      1130    278     1260
..................................................................


WIND (MPH)
  HIGHEST WIND SPEED    26   HIGHEST WIND DIRECTION    NW (330)
  HIGHEST GUST SPEED    33   HIGHEST GUST DIRECTION     N (340)
  AVERAGE WIND SPEED    12.7


SKY COVER
  POSSIBLE SUNSHINE  MM
  AVERAGE SKY COVER 0.1


WEATHER CONDITIONS
 THE FOLLOWING WEATHER WAS RECORDED YESTERDAY.
  THUNDERSTORM
  HEAVY RAIN
  LIGHT RAIN
  FOG


RELATIVE HUMIDITY (PERCENT)
 HIGHEST    79           300 AM
 LOWEST     35           400 PM
 AVERAGE    57

..........................................................


THE SALINA KS CLIMATE NORMALS FOR TODAY
                         NORMAL    RECORD    YEAR
 MAXIMUM TEMPERATURE (F)   92       117      1936
 MINIMUM TEMPERATURE (F)   69        49      1964


SUNRISE AND SUNSET
AUGUST 12 2016........SUNRISE   642 AM CDT   SUNSET   828 PM CDT
AUGUST 13 2016........SUNRISE   643 AM CDT   SUNSET   827 PM CDT


-  INDICATES NEGATIVE NUMBERS.
R  INDICATES RECORD WAS SET OR TIED.
MM INDICATES DATA IS MISSING.
T  INDICATES TRACE AMOUNT.




$$
