000
CDUS43 KICT 160627
CLISLN


CLIMATE REPORT
NATIONAL WEATHER SERVICE WICHITA KS
1226 AM CST SAT JAN 16 2016


...................................

...THE SALINA KS CLIMATE SUMMARY FOR JANUARY 15 2016...

CLIMATE NORMAL PERIOD 1981 TO 2010
CLIMATE RECORD PERIOD 1894 TO 2016


WEATHER ITEM   OBSERVED TIME   RECORD YEAR NORMAL DEPARTURE LAST
                VALUE   (LST)  VALUE       VALUE  FROM      YEAR
                                                  NORMAL
..................................................................
TEMPERATURE (F)
 YESTERDAY
  MAXIMUM         40    323 PM  66    1921  41     -1       53
  MINIMUM         26   1159 PM -15    1905  20      6       20
  AVERAGE         33                        31      2       37

PRECIPITATION (IN)
  YESTERDAY        0.00          0.33 1984   0.02  -0.02     0.00
  MONTH TO DATE    0.42                      0.24   0.18     0.32
  SINCE DEC 1      4.08                      1.18   2.90     2.22
  SINCE JAN 1      0.42                      0.24   0.18     0.32

DEGREE DAYS
 HEATING
  YESTERDAY       32                        34     -2       28
  MONTH TO DATE  481                       510    -29      643
  SINCE DEC 1   1280                      1522   -242     1536
  SINCE JUL 1   1912                      2474   -562     2533

 COOLING
  YESTERDAY        0                         0      0        0
  MONTH TO DATE    0                         0      0        0
  SINCE DEC 1      0                         0      0        0
  SINCE JAN 1      0                         0      0        0
..................................................................


WIND (MPH)
  HIGHEST WIND SPEED    23   HIGHEST WIND DIRECTION     N (340)
  HIGHEST GUST SPEED    28   HIGHEST GUST DIRECTION    NW (320)
  AVERAGE WIND SPEED    12.2


SKY COVER
  POSSIBLE SUNSHINE  MM
  AVERAGE SKY COVER 0.2


WEATHER CONDITIONS
 THE FOLLOWING WEATHER WAS RECORDED YESTERDAY.
  NO SIGNIFICANT WEATHER WAS OBSERVED.


RELATIVE HUMIDITY (PERCENT)
 HIGHEST    75           900 PM
 LOWEST     50           100 PM
 AVERAGE    63

..........................................................


THE SALINA KS CLIMATE NORMALS FOR TODAY
                         NORMAL    RECORD    YEAR
 MAXIMUM TEMPERATURE (F)   42        69      1951
 MINIMUM TEMPERATURE (F)   20        -9      1905


SUNRISE AND SUNSET
JANUARY 16 2016.......SUNRISE   747 AM CST   SUNSET   534 PM CST
JANUARY 17 2016.......SUNRISE   747 AM CST   SUNSET   535 PM CST


-  INDICATES NEGATIVE NUMBERS.
R  INDICATES RECORD WAS SET OR TIED.
MM INDICATES DATA IS MISSING.
T  INDICATES TRACE AMOUNT.




$$
