000
CDUS43 KICT 060625
CLISLN


CLIMATE REPORT
NATIONAL WEATHER SERVICE WICHITA KS
125 AM CDT WED AUG 6 2014


...................................

...THE SALINA KS CLIMATE SUMMARY FOR AUGUST 5 2014...

CLIMATE NORMAL PERIOD 1981 TO 2010
CLIMATE RECORD PERIOD 1894 TO 2014


WEATHER ITEM   OBSERVED TIME   RECORD YEAR NORMAL DEPARTURE LAST
                VALUE   (LST)  VALUE       VALUE  FROM      YEAR
                                                  NORMAL
..................................................................
TEMPERATURE (F)
 YESTERDAY
  MAXIMUM        100    134 PM 108    1956  92      8       87
  MINIMUM         70    323 AM  55    1948  70      0       72
  AVERAGE         85                        81      4       80

PRECIPITATION (IN)
  YESTERDAY        0.00          1.94 1995   0.13  -0.13     0.12
  MONTH TO DATE    0.00                      0.70  -0.70     2.18
  SINCE JUN 1      8.92                      9.10  -0.18    10.18
  SINCE JAN 1     16.31                     21.09  -4.78    23.42

DEGREE DAYS
 HEATING
  YESTERDAY        0                         0      0        0
  MONTH TO DATE    0                         0      0        0
  SINCE JUN 1      1                         7     -6       10
  SINCE JUL 1      0                         0      0        3

 COOLING
  YESTERDAY       20                        16      4       15
  MONTH TO DATE   82                        80      2       70
  SINCE JUN 1    882                       906    -24      900
  SINCE JAN 1   1114                      1034     80     1041
..................................................................


WIND (MPH)
  HIGHEST WIND SPEED    22   HIGHEST WIND DIRECTION     S (170)
  HIGHEST GUST SPEED    33   HIGHEST GUST DIRECTION     S (170)
  AVERAGE WIND SPEED    12.7


SKY COVER
  POSSIBLE SUNSHINE  MM
  AVERAGE SKY COVER 0.0


WEATHER CONDITIONS
 THE FOLLOWING WEATHER WAS RECORDED YESTERDAY.
  NO SIGNIFICANT WEATHER WAS OBSERVED.


RELATIVE HUMIDITY (PERCENT)
 HIGHEST    64           400 AM
 LOWEST     22           100 PM
 AVERAGE    43

..........................................................


THE SALINA KS CLIMATE NORMALS FOR TODAY
                         NORMAL    RECORD    YEAR
 MAXIMUM TEMPERATURE (F)   92       111      1934
 MINIMUM TEMPERATURE (F)   70        52      1894


SUNRISE AND SUNSET
AUGUST  6 2014........SUNRISE   636 AM CDT   SUNSET   836 PM CDT
AUGUST  7 2014........SUNRISE   637 AM CDT   SUNSET   835 PM CDT


-  INDICATES NEGATIVE NUMBERS.
R  INDICATES RECORD WAS SET OR TIED.
MM INDICATES DATA IS MISSING.
T  INDICATES TRACE AMOUNT.




$$
