000
CDUS43 KICT 090635
CLISLN


CLIMATE REPORT
NATIONAL WEATHER SERVICE WICHITA KS
135 AM CDT THU JUL 9 2015


...................................

...THE SALINA KS CLIMATE SUMMARY FOR JULY 8 2015...

CLIMATE NORMAL PERIOD 1981 TO 2010
CLIMATE RECORD PERIOD 1894 TO 2015


WEATHER ITEM   OBSERVED TIME   RECORD YEAR NORMAL DEPARTURE LAST
                VALUE   (LST)  VALUE       VALUE  FROM      YEAR
                                                  NORMAL
..................................................................
TEMPERATURE (F)
 YESTERDAY
  MAXIMUM         82    450 PM 110    1913  93    -11       88
  MINIMUM         57    556 AM  51    1952  69    -12       69
  AVERAGE         70                        81    -11       79

PRECIPITATION (IN)
  YESTERDAY        0.00          1.35 1971   0.14  -0.14     0.48
  MONTH TO DATE    0.30                      1.18  -0.88     0.49
  SINCE JUN 1      4.80                      5.29  -0.49     8.68
  SINCE JAN 1     16.40                     17.28  -0.88    16.07

DEGREE DAYS
 HEATING
  YESTERDAY        0                         0      0        0
  MONTH TO DATE    0                         0      0        0
  SINCE JUN 1      0                         7     -7        1
  SINCE JUL 1      0                         0      0        0

 COOLING
  YESTERDAY        5                        16    -11       14
  MONTH TO DATE  110                       124    -14      113
  SINCE JUN 1    550                       449    101      470
  SINCE JAN 1    640                       577     63      702
..................................................................


WIND (MPH)
  HIGHEST WIND SPEED    12   HIGHEST WIND DIRECTION    NE (30)
  HIGHEST GUST SPEED    21   HIGHEST GUST DIRECTION    NE (30)
  AVERAGE WIND SPEED     6.1


SKY COVER
  POSSIBLE SUNSHINE  MM
  AVERAGE SKY COVER 0.2


WEATHER CONDITIONS
 THE FOLLOWING WEATHER WAS RECORDED YESTERDAY.
  NO SIGNIFICANT WEATHER WAS OBSERVED.


RELATIVE HUMIDITY (PERCENT)
 HIGHEST    86           300 AM
 LOWEST     39           300 PM
 AVERAGE    63

..........................................................


THE SALINA KS CLIMATE NORMALS FOR TODAY
                         NORMAL    RECORD    YEAR
 MAXIMUM TEMPERATURE (F)   93       109      1980
 MINIMUM TEMPERATURE (F)   69        50      1952


SUNRISE AND SUNSET
JULY  9 2015..........SUNRISE   614 AM CDT   SUNSET   858 PM CDT
JULY 10 2015..........SUNRISE   614 AM CDT   SUNSET   857 PM CDT


-  INDICATES NEGATIVE NUMBERS.
R  INDICATES RECORD WAS SET OR TIED.
MM INDICATES DATA IS MISSING.
T  INDICATES TRACE AMOUNT.




$$
