000
CDUS43 KICT 290656
CLISLN


CLIMATE REPORT
NATIONAL WEATHER SERVICE WICHITA KS
156 AM CDT THU JUN 29 2017


...................................

...THE SALINA KS CLIMATE SUMMARY FOR JUNE 28 2017...

CLIMATE NORMAL PERIOD 1981 TO 2010
CLIMATE RECORD PERIOD 1894 TO 2017


WEATHER ITEM   OBSERVED TIME   RECORD YEAR NORMAL DEPARTURE LAST
                VALUE   (LST)  VALUE       VALUE  FROM      YEAR
                                                  NORMAL
..................................................................
TEMPERATURE (F)
 YESTERDAY
  MAXIMUM        101    253 PM 108    2012  91     10       88
  MINIMUM         72    532 AM  53    1985  67      5       72
  AVERAGE         87                        79      8       80

PRECIPITATION (IN)
  YESTERDAY        0.05          2.02 1998   0.13  -0.08     0.11
  MONTH TO DATE    1.19                      3.86  -2.67     0.45
  SINCE JUN 1      1.19                      3.86  -2.67     0.45
  SINCE JAN 1     14.43                     15.85  -1.42    12.27

DEGREE DAYS
 HEATING
  YESTERDAY        0                         0      0        0
  MONTH TO DATE    0                         5     -5        0
  SINCE JUN 1      0                         5     -5        0
  SINCE JUL 1   3453                      4869  -1416     3718

 COOLING
  YESTERDAY       22                        14      8       15
  MONTH TO DATE  410                       296    114      458
  SINCE JUN 1    410                       296    114      458
  SINCE JAN 1    570                       424    146      583
..................................................................


WIND (MPH)
  HIGHEST WIND SPEED    32   HIGHEST WIND DIRECTION    SW (210)
  HIGHEST GUST SPEED    42   HIGHEST GUST DIRECTION    SW (230)
  AVERAGE WIND SPEED    19.7


SKY COVER
  POSSIBLE SUNSHINE  MM
  AVERAGE SKY COVER 0.3


WEATHER CONDITIONS
 THE FOLLOWING WEATHER WAS RECORDED YESTERDAY.
  THUNDERSTORM
  LIGHT RAIN


RELATIVE HUMIDITY (PERCENT)
 HIGHEST    84           500 AM
 LOWEST     27           300 PM
 AVERAGE    56

..........................................................


THE SALINA KS CLIMATE NORMALS FOR TODAY
                         NORMAL    RECORD    YEAR
 MAXIMUM TEMPERATURE (F)   92       107      1990
 MINIMUM TEMPERATURE (F)   68        52      2000


SUNRISE AND SUNSET
JUNE 29 2017..........SUNRISE   609 AM CDT   SUNSET   900 PM CDT
JUNE 30 2017..........SUNRISE   609 AM CDT   SUNSET   900 PM CDT


-  INDICATES NEGATIVE NUMBERS.
R  INDICATES RECORD WAS SET OR TIED.
MM INDICATES DATA IS MISSING.
T  INDICATES TRACE AMOUNT.




$$
