000
CDUS43 KICT 050636
CLISLN


CLIMATE REPORT
NATIONAL WEATHER SERVICE WICHITA KS
135 AM CDT TUE AUG 5 2014


...................................

...THE SALINA KS CLIMATE SUMMARY FOR AUGUST 4 2014...

CLIMATE NORMAL PERIOD 1981 TO 2010
CLIMATE RECORD PERIOD 1894 TO 2014


WEATHER ITEM   OBSERVED TIME   RECORD YEAR NORMAL DEPARTURE LAST
                VALUE   (LST)  VALUE       VALUE  FROM      YEAR
                                                  NORMAL
..................................................................
TEMPERATURE (F)
 YESTERDAY
  MAXIMUM         98    436 PM 110    1930  93      5       83
  MINIMUM         71    538 AM  48    1974  70      1       70
  AVERAGE         85                        81      4       77

PRECIPITATION (IN)
  YESTERDAY        0.00          1.69 2013   0.14  -0.14     1.69
  MONTH TO DATE    0.00                      0.57  -0.57     2.06
  SINCE JUN 1      8.92                      8.97  -0.05    10.06
  SINCE JAN 1     16.31                     20.96  -4.65    23.30

DEGREE DAYS
 HEATING
  YESTERDAY        0                         0      0        0
  MONTH TO DATE    0                         0      0        0
  SINCE JUN 1      1                         7     -6       10
  SINCE JUL 1      0                         0      0        3

 COOLING
  YESTERDAY       20                        16      4       12
  MONTH TO DATE   62                        64     -2       55
  SINCE JUN 1    862                       890    -28      885
  SINCE JAN 1   1094                      1018     76     1026
..................................................................


WIND (MPH)
  HIGHEST WIND SPEED    17   HIGHEST WIND DIRECTION     S (200)
  HIGHEST GUST SPEED    22   HIGHEST GUST DIRECTION    SW (210)
  AVERAGE WIND SPEED     9.1


SKY COVER
  POSSIBLE SUNSHINE  MM
  AVERAGE SKY COVER 0.2


WEATHER CONDITIONS
 THE FOLLOWING WEATHER WAS RECORDED YESTERDAY.
  NO SIGNIFICANT WEATHER WAS OBSERVED.


RELATIVE HUMIDITY (PERCENT)
 HIGHEST    66           600 AM
 LOWEST     25           200 PM
 AVERAGE    46

..........................................................


THE SALINA KS CLIMATE NORMALS FOR TODAY
                         NORMAL    RECORD    YEAR
 MAXIMUM TEMPERATURE (F)   92       108      1956
 MINIMUM TEMPERATURE (F)   70        55      1948


SUNRISE AND SUNSET
AUGUST  5 2014........SUNRISE   635 AM CDT   SUNSET   837 PM CDT
AUGUST  6 2014........SUNRISE   636 AM CDT   SUNSET   836 PM CDT


-  INDICATES NEGATIVE NUMBERS.
R  INDICATES RECORD WAS SET OR TIED.
MM INDICATES DATA IS MISSING.
T  INDICATES TRACE AMOUNT.




$$
