000
CDUS43 KICT 030632
CLISLN

CLIMATE REPORT
NATIONAL WEATHER SERVICE WICHITA KS
1232 AM CST TUE FEB 3 2015


...................................

...THE SALINA KS CLIMATE SUMMARY FOR FEBRUARY 2 2015...

CLIMATE NORMAL PERIOD 1981 TO 2010
CLIMATE RECORD PERIOD 1894 TO 2015


WEATHER ITEM   OBSERVED TIME   RECORD YEAR NORMAL DEPARTURE LAST
                VALUE   (LST)  VALUE       VALUE  FROM      YEAR
                                                  NORMAL
..................................................................
TEMPERATURE (F)
 YESTERDAY
  MAXIMUM         35    513 PM  76    1924  43     -8       23
  MINIMUM          6    800 AM -13    1917  22    -16        2
  AVERAGE         21                        32    -11       13

PRECIPITATION (IN)
  YESTERDAY        0.00          0.62 1943   0.03  -0.03     0.00
  MONTH TO DATE    0.09                      0.07   0.02     0.24
  SINCE DEC 1      3.19                      1.64   1.55     1.95
  SINCE JAN 1      1.29                      0.70   0.59     0.73

DEGREE DAYS
 HEATING
  YESTERDAY       44                        33     11       52
  MONTH TO DATE   83                        66     17       96
  SINCE DEC 1   1978                      2130   -152     2341
  SINCE JUL 1   2975                      3082   -107     3329

 COOLING
  YESTERDAY        0                         0      0        0
  MONTH TO DATE    0                         0      0        0
  SINCE DEC 1      0                         0      0        0
  SINCE JAN 1      0                         0      0        0
..................................................................


WIND (MPH)
  HIGHEST WIND SPEED    21   HIGHEST WIND DIRECTION     S (190)
  HIGHEST GUST SPEED    25   HIGHEST GUST DIRECTION     S (190)
  AVERAGE WIND SPEED     9.4


SKY COVER
  POSSIBLE SUNSHINE  MM
  AVERAGE SKY COVER 0.0


WEATHER CONDITIONS
 THE FOLLOWING WEATHER WAS RECORDED YESTERDAY.
  NO SIGNIFICANT WEATHER WAS OBSERVED.


RELATIVE HUMIDITY (PERCENT)
 HIGHEST    76           400 AM
 LOWEST     51           400 PM
 AVERAGE    64

..........................................................


THE SALINA KS CLIMATE NORMALS FOR TODAY
                         NORMAL    RECORD    YEAR
 MAXIMUM TEMPERATURE (F)   43        74      1962
 MINIMUM TEMPERATURE (F)   22       -11      1905


SUNRISE AND SUNSET
FEBRUARY  3 2015......SUNRISE   735 AM CST   SUNSET   554 PM CST
FEBRUARY  4 2015......SUNRISE   734 AM CST   SUNSET   555 PM CST


-  INDICATES NEGATIVE NUMBERS.
R  INDICATES RECORD WAS SET OR TIED.
MM INDICATES DATA IS MISSING.
T  INDICATES TRACE AMOUNT.




$$
