000
CDUS43 KICT 250634
CLISLN


CLIMATE REPORT
NATIONAL WEATHER SERVICE WICHITA KS
1233 AM CST MON DEC 25 2017


...................................

...THE SALINA KS CLIMATE SUMMARY FOR DECEMBER 24 2017...

CLIMATE NORMAL PERIOD 1981 TO 2010
CLIMATE RECORD PERIOD 1894 TO 2017


WEATHER ITEM   OBSERVED TIME   RECORD YEAR NORMAL DEPARTURE LAST
                VALUE   (LST)  VALUE       VALUE  FROM      YEAR
                                                  NORMAL
..................................................................
TEMPERATURE (F)
 YESTERDAY
  MAXIMUM         26    427 PM  71    1955  41    -15       55
  MINIMUM          8    708 AM -11    1924  21    -13       20
  AVERAGE         17                        31    -14       38

PRECIPITATION (IN)
  YESTERDAY        0.03          0.55 1918   0.03   0.00     0.00
  MONTH TO DATE    0.05                      0.77  -0.72     0.68
  SINCE DEC 1      0.05                      0.77  -0.72     0.68
  SINCE JAN 1     25.43                     31.33  -5.90    27.20

DEGREE DAYS
 HEATING
  YESTERDAY       48                        34     14       27
  MONTH TO DATE  599                       772   -173      852
  SINCE DEC 1    599                       772   -173      852
  SINCE JUL 1   1355                      1724   -369     1395

 COOLING
  YESTERDAY        0                         0      0        0
  MONTH TO DATE    0                         0      0        0
  SINCE DEC 1      0                         0      0        0
  SINCE JAN 1   1965                      1647    318     2009
..................................................................


WIND (MPH)
  HIGHEST WIND SPEED    18   HIGHEST WIND DIRECTION    NW (300)
  HIGHEST GUST SPEED    21   HIGHEST GUST DIRECTION    NW (310)
  AVERAGE WIND SPEED    10.3


SKY COVER
  POSSIBLE SUNSHINE  MM
  AVERAGE SKY COVER 0.3


WEATHER CONDITIONS
 THE FOLLOWING WEATHER WAS RECORDED YESTERDAY.
  LIGHT SNOW
  FOG


RELATIVE HUMIDITY (PERCENT)
 HIGHEST    96           600 AM
 LOWEST     55           400 PM
 AVERAGE    76

..........................................................


THE SALINA KS CLIMATE NORMALS FOR TODAY
                         NORMAL    RECORD    YEAR
 MAXIMUM TEMPERATURE (F)   41        69      1922
 MINIMUM TEMPERATURE (F)   21       -15      1918


SUNRISE AND SUNSET
DECEMBER 25 2017......SUNRISE   747 AM CST   SUNSET   515 PM CST
DECEMBER 26 2017......SUNRISE   748 AM CST   SUNSET   515 PM CST


-  INDICATES NEGATIVE NUMBERS.
R  INDICATES RECORD WAS SET OR TIED.
MM INDICATES DATA IS MISSING.
T  INDICATES TRACE AMOUNT.




$$
