000
CDUS43 KICT 260620
CLISLN


CLIMATE REPORT
NATIONAL WEATHER SERVICE WICHITA KS
119 AM CDT FRI SEP 26 2014


...................................

...THE SALINA KS CLIMATE SUMMARY FOR SEPTEMBER 25 2014...

CLIMATE NORMAL PERIOD 1981 TO 2010
CLIMATE RECORD PERIOD 1894 TO 2014


WEATHER ITEM   OBSERVED TIME   RECORD YEAR NORMAL DEPARTURE LAST
                VALUE   (LST)  VALUE       VALUE  FROM      YEAR
                                                  NORMAL
..................................................................
TEMPERATURE (F)
 YESTERDAY
  MAXIMUM         86    349 PM  92    2005  78      8       86
  MINIMUM         59    650 AM  36    1912  54      5       51
  AVERAGE         73                        66      7       69

PRECIPITATION (IN)
  YESTERDAY        0.00          1.45 1955   0.09  -0.09     0.00
  MONTH TO DATE    3.35                      2.25   1.10     1.21
  SINCE SEP 1      3.35                      2.25   1.10     1.21
  SINCE JAN 1     24.63                     26.59  -1.96    27.45

DEGREE DAYS
 HEATING
  YESTERDAY        0                         3     -3        0
  MONTH TO DATE   40                        30     10        3
  SINCE SEP 1     40                        30     10        3
  SINCE JUL 1     40                        31      9        6

 COOLING
  YESTERDAY        8                         4      4        4
  MONTH TO DATE  164                       187    -23      268
  SINCE SEP 1    164                       187    -23      268
  SINCE JAN 1   1722                      1594    128     1662
..................................................................


WIND (MPH)
  HIGHEST WIND SPEED    14   HIGHEST WIND DIRECTION     S (190)
  HIGHEST GUST SPEED    17   HIGHEST GUST DIRECTION     S (190)
  AVERAGE WIND SPEED     7.4


SKY COVER
  POSSIBLE SUNSHINE  MM
  AVERAGE SKY COVER 0.0


WEATHER CONDITIONS
 THE FOLLOWING WEATHER WAS RECORDED YESTERDAY.
  NO SIGNIFICANT WEATHER WAS OBSERVED.


RELATIVE HUMIDITY (PERCENT)
 HIGHEST    90          1200 AM
 LOWEST     48           300 PM
 AVERAGE    69

..........................................................


THE SALINA KS CLIMATE NORMALS FOR TODAY
                         NORMAL    RECORD    YEAR
 MAXIMUM TEMPERATURE (F)   77       101      1938
 MINIMUM TEMPERATURE (F)   54        34      1912


SUNRISE AND SUNSET
SEPTEMBER 26 2014.....SUNRISE   722 AM CDT   SUNSET   721 PM CDT
SEPTEMBER 27 2014.....SUNRISE   723 AM CDT   SUNSET   720 PM CDT


-  INDICATES NEGATIVE NUMBERS.
R  INDICATES RECORD WAS SET OR TIED.
MM INDICATES DATA IS MISSING.
T  INDICATES TRACE AMOUNT.




$$
