000
CDUS43 KICT 030702
CLISLN

CLIMATE REPORT
NATIONAL WEATHER SERVICE WICHITA KS
201 AM CDT WED MAY 3 2017

...................................

...THE SALINA KS CLIMATE SUMMARY FOR MAY 2 2017...

CLIMATE NORMAL PERIOD 1981 TO 2010
CLIMATE RECORD PERIOD 1894 TO 2017


WEATHER ITEM   OBSERVED TIME   RECORD YEAR NORMAL DEPARTURE LAST
                VALUE   (LST)  VALUE       VALUE  FROM      YEAR
                                                  NORMAL
..................................................................
TEMPERATURE (F)
 YESTERDAY
  MAXIMUM         69   1219 PM  94    1902  72     -3       67
  MINIMUM         50    558 AM  24    1905  49      1       43
  AVERAGE         60                        61     -1       55

PRECIPITATION (IN)
  YESTERDAY        T             0.82 1979   0.12  -0.12     0.00
  MONTH TO DATE    0.01                      0.24  -0.23     0.00
  SINCE MAR 1      7.28                      5.68   1.60     5.07
  SINCE JAN 1      9.38                      7.48   1.90     6.31

DEGREE DAYS
 HEATING
  YESTERDAY        5                         6     -1       10
  MONTH TO DATE   15                        12      3       25
  SINCE MAR 1    724                       939   -215      657
  SINCE JUL 1   3392                      4780  -1388     3643

 COOLING
  YESTERDAY        0                         1     -1        0
  MONTH TO DATE    0                         2     -2        0
  SINCE MAR 1     51                        27     24       34
  SINCE JAN 1     51                        27     24       34
..................................................................


WIND (MPH)
  HIGHEST WIND SPEED    16   HIGHEST WIND DIRECTION     N (20)
  HIGHEST GUST SPEED    19   HIGHEST GUST DIRECTION     N (20)
  AVERAGE WIND SPEED     7.7


SKY COVER
  POSSIBLE SUNSHINE  MM
  AVERAGE SKY COVER 0.7


WEATHER CONDITIONS
 THE FOLLOWING WEATHER WAS RECORDED YESTERDAY.
  LIGHT RAIN


RELATIVE HUMIDITY (PERCENT)
 HIGHEST    77           100 AM
 LOWEST     34           100 PM
 AVERAGE    56

..........................................................


THE SALINA KS CLIMATE NORMALS FOR TODAY
                         NORMAL    RECORD    YEAR
 MAXIMUM TEMPERATURE (F)   73        91      1959
 MINIMUM TEMPERATURE (F)   49        29      1976


SUNRISE AND SUNSET
MAY  3 2017...........SUNRISE   630 AM CDT   SUNSET   825 PM CDT
MAY  4 2017...........SUNRISE   629 AM CDT   SUNSET   826 PM CDT


-  INDICATES NEGATIVE NUMBERS.
R  INDICATES RECORD WAS SET OR TIED.
MM INDICATES DATA IS MISSING.
T  INDICATES TRACE AMOUNT.

$$
