660
CDUS43 KICT 150649
CLISLN


CLIMATE REPORT
NATIONAL WEATHER SERVICE WICHITA KS
147 AM CDT SUN OCT 15 2017


...................................

...THE SALINA KS CLIMATE SUMMARY FOR OCTOBER 14 2017...

CLIMATE NORMAL PERIOD 1981 TO 2010
CLIMATE RECORD PERIOD 1894 TO 2017


WEATHER ITEM   OBSERVED TIME   RECORD YEAR NORMAL DEPARTURE LAST
                VALUE   (LST)  VALUE       VALUE  FROM      YEAR
                                                  NORMAL
..................................................................
TEMPERATURE (F)
 YESTERDAY
  MAXIMUM         83    222 PM  92    1938  70     13       77
  MINIMUM         52   1159 PM  28    1969  47      5       48
  AVERAGE         68                        58     10       63

PRECIPITATION (IN)
  YESTERDAY        0.79          1.05 2008   0.08   0.71     0.00
  MONTH TO DATE    5.74                      1.15   4.59     1.56
  SINCE SEP 1      7.57                      3.85   3.72     2.76
  SINCE JAN 1     25.28                     28.19  -2.91    25.20

DEGREE DAYS
 HEATING
  YESTERDAY        0                         8     -8        2
  MONTH TO DATE   46                        88    -42       61
  SINCE SEP 1     54                       139    -85       77
  SINCE JUL 1     54                       140    -86       77

 COOLING
  YESTERDAY        3                         1      2        0
  MONTH TO DATE   57                        25     32       16
  SINCE SEP 1    375                       230    145      282
  SINCE JAN 1   1956                      1637    319     1952
..................................................................


WIND (MPH)
  HIGHEST WIND SPEED    36   HIGHEST WIND DIRECTION    NW (330)
  HIGHEST GUST SPEED    44   HIGHEST GUST DIRECTION     N (340)
  AVERAGE WIND SPEED    13.5


SKY COVER
  POSSIBLE SUNSHINE  MM
  AVERAGE SKY COVER 0.6


WEATHER CONDITIONS
 THE FOLLOWING WEATHER WAS RECORDED YESTERDAY.
  THUNDERSTORM
  HEAVY RAIN
  RAIN
  LIGHT RAIN
  FOG


RELATIVE HUMIDITY (PERCENT)
 HIGHEST    97           800 AM
 LOWEST     69           200 PM
 AVERAGE    83

..........................................................


THE SALINA KS CLIMATE NORMALS FOR TODAY
                         NORMAL    RECORD    YEAR
 MAXIMUM TEMPERATURE (F)   69        91      1938
 MINIMUM TEMPERATURE (F)   46        26      1952


SUNRISE AND SUNSET
OCTOBER 15 2017.......SUNRISE   740 AM CDT   SUNSET   652 PM CDT
OCTOBER 16 2017.......SUNRISE   741 AM CDT   SUNSET   650 PM CDT


-  INDICATES NEGATIVE NUMBERS.
R  INDICATES RECORD WAS SET OR TIED.
MM INDICATES DATA IS MISSING.
T  INDICATES TRACE AMOUNT.




$$
