000
CDUS43 KICT 120641
CLISLN


CLIMATE REPORT
NATIONAL WEATHER SERVICE WICHITA KS
1241 AM CST FRI FEB 12 2016


...................................

...THE SALINA KS CLIMATE SUMMARY FOR FEBRUARY 11 2016...

CLIMATE NORMAL PERIOD 1981 TO 2010
CLIMATE RECORD PERIOD 1894 TO 2016


WEATHER ITEM   OBSERVED TIME   RECORD YEAR NORMAL DEPARTURE LAST
                VALUE   (LST)  VALUE       VALUE  FROM      YEAR
                                                  NORMAL
..................................................................
TEMPERATURE (F)
 YESTERDAY
  MAXIMUM         44    528 PM  73    1962  45     -1       43
  MINIMUM         28   1035 AM -20    1899  23      5       25
  AVERAGE         36                        34      2       34

PRECIPITATION (IN)
  YESTERDAY        0.00          0.60 1965   0.04  -0.04     0.00
  MONTH TO DATE    0.48                      0.41   0.07     0.09
  SINCE DEC 1      4.86                      1.98   2.88     3.19
  SINCE JAN 1      1.20                      1.04   0.16     1.29

DEGREE DAYS
 HEATING
  YESTERDAY       29                        31     -2       31
  MONTH TO DATE  301                       350    -49      305
  SINCE DEC 1   2008                      2414   -406     2200
  SINCE JUL 1   2640                      3366   -726     3197

 COOLING
  YESTERDAY        0                         0      0        0
  MONTH TO DATE    0                         0      0        0
  SINCE DEC 1      0                         0      0        0
  SINCE JAN 1      0                         0      0        0
..................................................................


WIND (MPH)
  HIGHEST WIND SPEED    16   HIGHEST WIND DIRECTION     N (10)
  HIGHEST GUST SPEED    20   HIGHEST GUST DIRECTION     N (10)
  AVERAGE WIND SPEED     5.7


SKY COVER
  POSSIBLE SUNSHINE  MM
  AVERAGE SKY COVER 0.4


WEATHER CONDITIONS
 THE FOLLOWING WEATHER WAS RECORDED YESTERDAY.
  HAZE


RELATIVE HUMIDITY (PERCENT)
 HIGHEST    85           500 AM
 LOWEST     49           500 PM
 AVERAGE    67

..........................................................


THE SALINA KS CLIMATE NORMALS FOR TODAY
                         NORMAL    RECORD    YEAR
 MAXIMUM TEMPERATURE (F)   46        73      1976
 MINIMUM TEMPERATURE (F)   24       -27      1899


SUNRISE AND SUNSET
FEBRUARY 12 2016......SUNRISE   726 AM CST   SUNSET   604 PM CST
FEBRUARY 13 2016......SUNRISE   725 AM CST   SUNSET   605 PM CST


-  INDICATES NEGATIVE NUMBERS.
R  INDICATES RECORD WAS SET OR TIED.
MM INDICATES DATA IS MISSING.
T  INDICATES TRACE AMOUNT.




$$
