000
CDUS43 KICT 080635
CLISLN


CLIMATE REPORT
NATIONAL WEATHER SERVICE WICHITA KS
135 AM CDT WED JUN 8 2016


...................................

...THE SALINA KS CLIMATE SUMMARY FOR JUNE 7 2016...

CLIMATE NORMAL PERIOD 1981 TO 2010
CLIMATE RECORD PERIOD 1894 TO 2016


WEATHER ITEM   OBSERVED TIME   RECORD YEAR NORMAL DEPARTURE LAST
                VALUE   (LST)  VALUE       VALUE  FROM      YEAR
                                                  NORMAL
..................................................................
TEMPERATURE (F)
 YESTERDAY
  MAXIMUM         86    537 PM 101    1938  84      2       93
  MINIMUM         62    532 AM  40    1894  62      0       69
  AVERAGE         74                        73      1       81

PRECIPITATION (IN)
  YESTERDAY        0.00          1.36 1965   0.15  -0.15     0.00
  MONTH TO DATE    T                         1.03  -1.03     3.30
  SINCE JUN 1      T                         1.03  -1.03     3.30
  SINCE JAN 1     11.82                     13.02  -1.20    14.90

DEGREE DAYS
 HEATING
  YESTERDAY        0                         0      0        0
  MONTH TO DATE    0                         5     -5        0
  SINCE JUN 1      0                         5     -5        0
  SINCE JUL 1   3718                      4869  -1151     4660

 COOLING
  YESTERDAY        9                         8      1       16
  MONTH TO DATE   52                        52      0       81
  SINCE JUN 1     52                        52      0       81
  SINCE JAN 1    177                       180     -3      171
..................................................................


WIND (MPH)
  HIGHEST WIND SPEED    14   HIGHEST WIND DIRECTION    SE (120)
  HIGHEST GUST SPEED    19   HIGHEST GUST DIRECTION    SE (140)
  AVERAGE WIND SPEED     7.6


SKY COVER
  POSSIBLE SUNSHINE  MM
  AVERAGE SKY COVER 0.1


WEATHER CONDITIONS
 THE FOLLOWING WEATHER WAS RECORDED YESTERDAY.
  NO SIGNIFICANT WEATHER WAS OBSERVED.


RELATIVE HUMIDITY (PERCENT)
 HIGHEST    63           700 AM
 LOWEST     32           300 PM
 AVERAGE    48

..........................................................


THE SALINA KS CLIMATE NORMALS FOR TODAY
                         NORMAL    RECORD    YEAR
 MAXIMUM TEMPERATURE (F)   85       103      1911
 MINIMUM TEMPERATURE (F)   62        44      1916


SUNRISE AND SUNSET
JUNE  8 2016..........SUNRISE   605 AM CDT   SUNSET   854 PM CDT
JUNE  9 2016..........SUNRISE   605 AM CDT   SUNSET   855 PM CDT


-  INDICATES NEGATIVE NUMBERS.
R  INDICATES RECORD WAS SET OR TIED.
MM INDICATES DATA IS MISSING.
T  INDICATES TRACE AMOUNT.




$$
