000
CDUS43 KICT 280622
CLISLN


CLIMATE REPORT
NATIONAL WEATHER SERVICE WICHITA KS
122 AM CDT SAT JUN 28 2014


...................................

...THE SALINA KS CLIMATE SUMMARY FOR JUNE 27 2014...

CLIMATE NORMAL PERIOD 1981 TO 2010
CLIMATE RECORD PERIOD 1894 TO 2014


WEATHER ITEM   OBSERVED TIME   RECORD YEAR NORMAL DEPARTURE LAST
                VALUE   (LST)  VALUE       VALUE  FROM      YEAR
                                                  NORMAL
..................................................................
TEMPERATURE (F)
 YESTERDAY
  MAXIMUM         88    238 PM 111    1980  91     -3      107
  MINIMUM         72    413 AM  44    1968  67      5       73
  AVERAGE         80                        79      1       90

PRECIPITATION (IN)
  YESTERDAY        0.00          2.19 1957   0.12  -0.12     0.00
  MONTH TO DATE    7.37                      3.73   3.64     2.24
  SINCE JUN 1      7.37                      3.73   3.64     2.24
  SINCE JAN 1     14.76                     15.72  -0.96    15.48

DEGREE DAYS
 HEATING
  YESTERDAY        0                         0      0        0
  MONTH TO DATE    1                         5     -4        7
  SINCE JUN 1      1                         5     -4        7
  SINCE JUL 1   5398                      4869    529     4924

 COOLING
  YESTERDAY       15                        14      1       25
  MONTH TO DATE  314                       282     32      351
  SINCE JUN 1    314                       282     32      351
  SINCE JAN 1    546                       410    136      492
..................................................................


WIND (MPH)
  HIGHEST WIND SPEED    33   HIGHEST WIND DIRECTION     S (160)
  HIGHEST GUST SPEED    43   HIGHEST GUST DIRECTION     S (160)
  AVERAGE WIND SPEED    20.1


SKY COVER
  POSSIBLE SUNSHINE  MM
  AVERAGE SKY COVER 0.5


WEATHER CONDITIONS
 THE FOLLOWING WEATHER WAS RECORDED YESTERDAY.
  THUNDERSTORM


RELATIVE HUMIDITY (PERCENT)
 HIGHEST    90           300 AM
 LOWEST     57           200 PM
 AVERAGE    74

..........................................................


THE SALINA KS CLIMATE NORMALS FOR TODAY
                         NORMAL    RECORD    YEAR
 MAXIMUM TEMPERATURE (F)   91       109      1936
 MINIMUM TEMPERATURE (F)   67        53      1985


SUNRISE AND SUNSET
JUNE 28 2014..........SUNRISE   608 AM CDT   SUNSET   900 PM CDT
JUNE 29 2014..........SUNRISE   608 AM CDT   SUNSET   900 PM CDT


-  INDICATES NEGATIVE NUMBERS.
R  INDICATES RECORD WAS SET OR TIED.
MM INDICATES DATA IS MISSING.
T  INDICATES TRACE AMOUNT.




$$
