000
CDUS43 KICT 210637
CLISLN


CLIMATE REPORT
NATIONAL WEATHER SERVICE WICHITA KS
136 AM CDT MON MAR 21 2016


...................................

...THE SALINA KS CLIMATE SUMMARY FOR MARCH 20 2016...

CLIMATE NORMAL PERIOD 1981 TO 2010
CLIMATE RECORD PERIOD 1894 TO 2016


WEATHER ITEM   OBSERVED TIME   RECORD YEAR NORMAL DEPARTURE LAST
                VALUE   (LST)  VALUE       VALUE  FROM      YEAR
                                                  NORMAL
..................................................................
TEMPERATURE (F)
 YESTERDAY
  MAXIMUM         51    441 PM  86    1934  59     -8       74
  MINIMUM         24    655 AM   6    1914  35    -11       29
  AVERAGE         38                        47     -9       52

PRECIPITATION (IN)
  YESTERDAY        0.00          0.58 2006   0.09  -0.09     0.00
  MONTH TO DATE    0.46                      1.42  -0.96      T
  SINCE MAR 1      0.46                      1.42  -0.96      T
  SINCE JAN 1      1.70                      3.22  -1.52     1.44

DEGREE DAYS
 HEATING
  YESTERDAY       27                        18      9       13
  MONTH TO DATE  279                       427   -148      369
  SINCE MAR 1    279                       427   -148      369
  SINCE JUL 1   3265                      4268  -1003     4198

 COOLING
  YESTERDAY        0                         0      0        0
  MONTH TO DATE    5                         0      5        1
  SINCE MAR 1      5                         0      5        1
  SINCE JAN 1      5                         0      5        1
..................................................................


WIND (MPH)
  HIGHEST WIND SPEED    18   HIGHEST WIND DIRECTION     N (350)
  HIGHEST GUST SPEED    22   HIGHEST GUST DIRECTION     N (350)
  AVERAGE WIND SPEED     8.8


SKY COVER
  POSSIBLE SUNSHINE  MM
  AVERAGE SKY COVER 0.1


WEATHER CONDITIONS
 THE FOLLOWING WEATHER WAS RECORDED YESTERDAY.
  NO SIGNIFICANT WEATHER WAS OBSERVED.


RELATIVE HUMIDITY (PERCENT)
 HIGHEST    81           500 AM
 LOWEST     27           400 PM
 AVERAGE    54

..........................................................


THE SALINA KS CLIMATE NORMALS FOR TODAY
                         NORMAL    RECORD    YEAR
 MAXIMUM TEMPERATURE (F)   59        96      1907
 MINIMUM TEMPERATURE (F)   36        10      1913


SUNRISE AND SUNSET
MARCH 21 2016.........SUNRISE   732 AM CDT   SUNSET   744 PM CDT
MARCH 22 2016.........SUNRISE   730 AM CDT   SUNSET   745 PM CDT


-  INDICATES NEGATIVE NUMBERS.
R  INDICATES RECORD WAS SET OR TIED.
MM INDICATES DATA IS MISSING.
T  INDICATES TRACE AMOUNT.




$$
