000
CDUS43 KICT 090630
CLISLN


CLIMATE REPORT
NATIONAL WEATHER SERVICE WICHITA KS
130 AM CDT SAT MAY 9 2015


...................................

...THE SALINA KS CLIMATE SUMMARY FOR MAY 8 2015...

CLIMATE NORMAL PERIOD 1981 TO 2010
CLIMATE RECORD PERIOD 1894 TO 2015


WEATHER ITEM   OBSERVED TIME   RECORD YEAR NORMAL DEPARTURE LAST
                VALUE   (LST)  VALUE       VALUE  FROM      YEAR
                                                  NORMAL
..................................................................
TEMPERATURE (F)
 YESTERDAY
  MAXIMUM         68    411 PM  96    1895  74     -6       79
  MINIMUM         58    757 AM  32    1917  51      7       52
  AVERAGE         63                        63      0       66

PRECIPITATION (IN)
  YESTERDAY        0.00          1.18 1986   0.13  -0.13     0.00
  MONTH TO DATE    2.39                      1.03   1.36      T
  SINCE MAR 1      4.27                      6.47  -2.20     1.63
  SINCE JAN 1      5.71                      8.27  -2.56     3.44

DEGREE DAYS
 HEATING
  YESTERDAY        2                         4     -2        0
  MONTH TO DATE    4                        42    -38       24
  SINCE MAR 1    736                       969   -233     1072
  SINCE JUL 1   4565                      4810   -245     5322

 COOLING
  YESTERDAY        0                         2     -2        1
  MONTH TO DATE   39                        13     26       42
  SINCE MAR 1     51                        38     13       78
  SINCE JAN 1     51                        38     13       78
..................................................................


WIND (MPH)
  HIGHEST WIND SPEED    17   HIGHEST WIND DIRECTION     N (10)
  HIGHEST GUST SPEED    22   HIGHEST GUST DIRECTION    NE (50)
  AVERAGE WIND SPEED    11.2


SKY COVER
  POSSIBLE SUNSHINE  MM
  AVERAGE SKY COVER 1.0


WEATHER CONDITIONS
 THE FOLLOWING WEATHER WAS RECORDED YESTERDAY.
  NO SIGNIFICANT WEATHER WAS OBSERVED.


RELATIVE HUMIDITY (PERCENT)
 HIGHEST    90          1200 AM
 LOWEST     68           100 PM
 AVERAGE    79

..........................................................


THE SALINA KS CLIMATE NORMALS FOR TODAY
                         NORMAL    RECORD    YEAR
 MAXIMUM TEMPERATURE (F)   74       101      2011
 MINIMUM TEMPERATURE (F)   52        28      1923


SUNRISE AND SUNSET
MAY  9 2015...........SUNRISE   624 AM CDT   SUNSET   830 PM CDT
MAY 10 2015...........SUNRISE   623 AM CDT   SUNSET   831 PM CDT


-  INDICATES NEGATIVE NUMBERS.
R  INDICATES RECORD WAS SET OR TIED.
MM INDICATES DATA IS MISSING.
T  INDICATES TRACE AMOUNT.




$$
