000
CDUS43 KICT 200631
CLISLN


CLIMATE REPORT
NATIONAL WEATHER SERVICE WICHITA KS
131 AM CDT FRI MAY 20 2016


...................................

...THE SALINA KS CLIMATE SUMMARY FOR MAY 19 2016...

CLIMATE NORMAL PERIOD 1981 TO 2010
CLIMATE RECORD PERIOD 1894 TO 2016


WEATHER ITEM   OBSERVED TIME   RECORD YEAR NORMAL DEPARTURE LAST
                VALUE   (LST)  VALUE       VALUE  FROM      YEAR
                                                  NORMAL
..................................................................
TEMPERATURE (F)
 YESTERDAY
  MAXIMUM         67   1023 AM 101    1933  77    -10       59
  MINIMUM         46    451 AM  32    1894  55     -9       48
  AVERAGE         57                        66     -9       54

PRECIPITATION (IN)
  YESTERDAY        0.09          1.25 2010   0.16  -0.07     0.40
  MONTH TO DATE    1.16                      2.69  -1.53     5.61
  SINCE MAR 1      6.23                      8.13  -1.90     7.49
  SINCE JAN 1      7.47                      9.93  -2.46     8.93

DEGREE DAYS
 HEATING
  YESTERDAY        8                         2      6       11
  MONTH TO DATE   97                        78     19       52
  SINCE MAR 1    729                      1005   -276      784
  SINCE JUL 1   3715                      4846  -1131     4613

 COOLING
  YESTERDAY        0                         4     -4        0
  MONTH TO DATE   17                        44    -27       55
  SINCE MAR 1     51                        69    -18       67
  SINCE JAN 1     51                        69    -18       67
..................................................................


WIND (MPH)
  HIGHEST WIND SPEED    17   HIGHEST WIND DIRECTION     S (160)
  HIGHEST GUST SPEED    15   HIGHEST GUST DIRECTION    SE (140)
  AVERAGE WIND SPEED     4.6


SKY COVER
  POSSIBLE SUNSHINE   0 PERCENT
  AVERAGE SKY COVER 0.0


WEATHER CONDITIONS
 THE FOLLOWING WEATHER WAS RECORDED YESTERDAY.
  NO SIGNIFICANT WEATHER WAS OBSERVED.


RELATIVE HUMIDITY (PERCENT)
 HIGHEST     0          1200 AM
 LOWEST      0          1200 AM
 AVERAGE     0

..........................................................


THE SALINA KS CLIMATE NORMALS FOR TODAY
                         NORMAL    RECORD    YEAR
 MAXIMUM TEMPERATURE (F)   78        98      1956
 MINIMUM TEMPERATURE (F)   55        34      1931


SUNRISE AND SUNSET
MAY 20 2016...........SUNRISE   614 AM CDT   SUNSET   841 PM CDT
MAY 21 2016...........SUNRISE   613 AM CDT   SUNSET   842 PM CDT


-  INDICATES NEGATIVE NUMBERS.
R  INDICATES RECORD WAS SET OR TIED.
MM INDICATES DATA IS MISSING.
T  INDICATES TRACE AMOUNT.




$$
