000
CDUS43 KICT 110631
CLISLN


CLIMATE REPORT
NATIONAL WEATHER SERVICE WICHITA KS
130 AM CDT FRI AUG 11 2017


...................................

...THE SALINA KS CLIMATE SUMMARY FOR AUGUST 10 2017...

CLIMATE NORMAL PERIOD 1981 TO 2010
CLIMATE RECORD PERIOD 1894 TO 2017


WEATHER ITEM   OBSERVED TIME   RECORD YEAR NORMAL DEPARTURE LAST
                VALUE   (LST)  VALUE       VALUE  FROM      YEAR
                                                  NORMAL
..................................................................
TEMPERATURE (F)
 YESTERDAY
  MAXIMUM         83    557 PM 113    1934  92     -9       98
  MINIMUM         62    344 AM  54    1912  69     -7       75
  AVERAGE         73                        81     -8       87

PRECIPITATION (IN)
  YESTERDAY        0.01          3.78 1929   0.13  -0.12     0.00
  MONTH TO DATE    0.12                      1.37  -1.25     0.69
  SINCE JUN 1      3.50                      9.77  -6.27     3.47
  SINCE JAN 1     16.74                     21.76  -5.02    15.29

DEGREE DAYS
 HEATING
  YESTERDAY        0                         0      0        0
  MONTH TO DATE    0                         0      0        0
  SINCE JUN 1      0                         7     -7        0
  SINCE JUL 1      0                         0      0        0

 COOLING
  YESTERDAY        8                        16     -8       22
  MONTH TO DATE   90                       160    -70      178
  SINCE JUN 1   1145                       986    159     1258
  SINCE JAN 1   1305                      1114    191     1383
..................................................................


WIND (MPH)
  HIGHEST WIND SPEED    13   HIGHEST WIND DIRECTION    NE (40)
  HIGHEST GUST SPEED    17   HIGHEST GUST DIRECTION     N (20)
  AVERAGE WIND SPEED     4.8


SKY COVER
  POSSIBLE SUNSHINE  MM
  AVERAGE SKY COVER 0.5


WEATHER CONDITIONS
 THE FOLLOWING WEATHER WAS RECORDED YESTERDAY.
  LIGHT RAIN
  FOG
  FOG W/VISIBILITY <= 1/4 MILE
  HAZE


RELATIVE HUMIDITY (PERCENT)
 HIGHEST   100           200 AM
 LOWEST     67           100 PM
 AVERAGE    84

..........................................................


THE SALINA KS CLIMATE NORMALS FOR TODAY
                         NORMAL    RECORD    YEAR
 MAXIMUM TEMPERATURE (F)   92       114      1936
 MINIMUM TEMPERATURE (F)   69        50      1898


SUNRISE AND SUNSET
AUGUST 11 2017........SUNRISE   641 AM CDT   SUNSET   830 PM CDT
AUGUST 12 2017........SUNRISE   642 AM CDT   SUNSET   829 PM CDT


-  INDICATES NEGATIVE NUMBERS.
R  INDICATES RECORD WAS SET OR TIED.
MM INDICATES DATA IS MISSING.
T  INDICATES TRACE AMOUNT.




$$
