000
CDUS43 KICT 140633
CLISLN


CLIMATE REPORT
NATIONAL WEATHER SERVICE WICHITA KS
133 AM CDT THU SEP 14 2017


...................................

...THE SALINA KS CLIMATE SUMMARY FOR SEPTEMBER 13 2017...

CLIMATE NORMAL PERIOD 1981 TO 2010
CLIMATE RECORD PERIOD 1894 TO 2017


WEATHER ITEM   OBSERVED TIME   RECORD YEAR NORMAL DEPARTURE LAST
                VALUE   (LST)  VALUE       VALUE  FROM      YEAR
                                                  NORMAL
..................................................................
TEMPERATURE (F)
 YESTERDAY
  MAXIMUM         95    333 PM 104    1931  83     12       76
  MINIMUM         57    603 AM  35    2014  60     -3       58
  AVERAGE         76                        71      5       67

PRECIPITATION (IN)
  YESTERDAY        0.00          1.58 2010   0.09  -0.09     0.20
  MONTH TO DATE    T                         1.23  -1.23     0.20
  SINCE SEP 1      T                         1.23  -1.23     0.20
  SINCE JAN 1     17.71                     25.57  -7.86    22.64

DEGREE DAYS
 HEATING
  YESTERDAY        0                         1     -1        0
  MONTH TO DATE    0                         6     -6        0
  SINCE SEP 1      0                         6     -6        0
  SINCE JUL 1      0                         7     -7        0

 COOLING
  YESTERDAY       11                         7      4        2
  MONTH TO DATE  121                       122     -1      137
  SINCE SEP 1    121                       122     -1      137
  SINCE JAN 1   1702                      1529    173     1807
..................................................................


WIND (MPH)
  HIGHEST WIND SPEED    17   HIGHEST WIND DIRECTION     S (160)
  HIGHEST GUST SPEED    23   HIGHEST GUST DIRECTION    SE (150)
  AVERAGE WIND SPEED     6.9


SKY COVER
  POSSIBLE SUNSHINE  MM
  AVERAGE SKY COVER 0.0


WEATHER CONDITIONS
 THE FOLLOWING WEATHER WAS RECORDED YESTERDAY.
  NO SIGNIFICANT WEATHER WAS OBSERVED.


RELATIVE HUMIDITY (PERCENT)
 HIGHEST    72           500 AM
 LOWEST     17           300 PM
 AVERAGE    45

..........................................................


THE SALINA KS CLIMATE NORMALS FOR TODAY
                         NORMAL    RECORD    YEAR
 MAXIMUM TEMPERATURE (F)   83       102      1911
 MINIMUM TEMPERATURE (F)   59        37      1904


SUNRISE AND SUNSET
SEPTEMBER 14 2017.....SUNRISE   711 AM CDT   SUNSET   740 PM CDT
SEPTEMBER 15 2017.....SUNRISE   712 AM CDT   SUNSET   738 PM CDT


-  INDICATES NEGATIVE NUMBERS.
R  INDICATES RECORD WAS SET OR TIED.
MM INDICATES DATA IS MISSING.
T  INDICATES TRACE AMOUNT.




$$
