000
CDUS43 KICT 300624
CLISLN


CLIMATE REPORT
NATIONAL WEATHER SERVICE WICHITA KS
123 AM CDT SUN AUG 30 2015


...................................

...THE SALINA KS CLIMATE SUMMARY FOR AUGUST 29 2015...

CLIMATE NORMAL PERIOD 1981 TO 2010
CLIMATE RECORD PERIOD 1894 TO 2015


WEATHER ITEM   OBSERVED TIME   RECORD YEAR NORMAL DEPARTURE LAST
                VALUE   (LST)  VALUE       VALUE  FROM      YEAR
                                                  NORMAL
..................................................................
TEMPERATURE (F)
 YESTERDAY
  MAXIMUM         76    438 PM 106    1954  89    -13       90
  MINIMUM         62   1159 PM  43    1917  66     -4       67
  AVERAGE         69                        77     -8       79

PRECIPITATION (IN)
  YESTERDAY        0.00          1.73 2003   0.12  -0.12     0.01
  MONTH TO DATE    3.89                      3.71   0.18     2.44
  SINCE JUN 1     12.25                     12.11   0.14    11.36
  SINCE JAN 1     23.85                     24.10  -0.25    18.75

DEGREE DAYS
 HEATING
  YESTERDAY        0                         0      0        0
  MONTH TO DATE    0                         0      0        0
  SINCE JUN 1      0                         7     -7        1
  SINCE JUL 1      0                         0      0        0

 COOLING
  YESTERDAY        4                        12     -8       14
  MONTH TO DATE  354                       430    -76      494
  SINCE JUN 1   1344                      1256     88     1294
  SINCE JAN 1   1434                      1384     50     1526
..................................................................


WIND (MPH)
  HIGHEST WIND SPEED    20   HIGHEST WIND DIRECTION     N (10)
  HIGHEST GUST SPEED    23   HIGHEST GUST DIRECTION     N (10)
  AVERAGE WIND SPEED     7.3


SKY COVER
  POSSIBLE SUNSHINE  MM
  AVERAGE SKY COVER 0.5


WEATHER CONDITIONS
 THE FOLLOWING WEATHER WAS RECORDED YESTERDAY.
  NO SIGNIFICANT WEATHER WAS OBSERVED.


RELATIVE HUMIDITY (PERCENT)
 HIGHEST    93           600 AM
 LOWEST     64           300 PM
 AVERAGE    79

..........................................................


THE SALINA KS CLIMATE NORMALS FOR TODAY
                         NORMAL    RECORD    YEAR
 MAXIMUM TEMPERATURE (F)   89       106      1939
 MINIMUM TEMPERATURE (F)   65        42      1915


SUNRISE AND SUNSET
AUGUST 30 2015........SUNRISE   658 AM CDT   SUNSET   804 PM CDT
AUGUST 31 2015........SUNRISE   659 AM CDT   SUNSET   803 PM CDT


-  INDICATES NEGATIVE NUMBERS.
R  INDICATES RECORD WAS SET OR TIED.
MM INDICATES DATA IS MISSING.
T  INDICATES TRACE AMOUNT.




$$
