000
CDUS43 KICT 210621
CLISLN

CLIMATE REPORT
NATIONAL WEATHER SERVICE WICHITA KS
120 AM CDT WED SEP 21 2016

...................................

...THE SALINA KS CLIMATE SUMMARY FOR SEPTEMBER 20 2016...

CLIMATE NORMAL PERIOD 1981 TO 2010
CLIMATE RECORD PERIOD 1894 TO 2016


WEATHER ITEM   OBSERVED TIME   RECORD YEAR NORMAL DEPARTURE LAST
                VALUE   (LST)  VALUE       VALUE  FROM      YEAR
                                                  NORMAL
..................................................................
TEMPERATURE (F)
 YESTERDAY
  MAXIMUM         96    302 PM  97    1935  80     16       84
  MINIMUM         66    604 AM  28    1918  56     10       54
  AVERAGE         81                        68     13       69

PRECIPITATION (IN)
  YESTERDAY        0.00          2.48 1965   0.08  -0.08     0.00
  MONTH TO DATE    0.85                      1.81  -0.96     0.94
  SINCE SEP 1      0.85                      1.81  -0.96     0.94
  SINCE JAN 1     23.29                     26.15  -2.86    24.79

DEGREE DAYS
 HEATING
  YESTERDAY        0                         2     -2        0
  MONTH TO DATE    0                        17    -17        2
  SINCE SEP 1      0                        17    -17        2
  SINCE JUL 1      0                        18    -18        2

 COOLING
  YESTERDAY       16                         5     11        4
  MONTH TO DATE  201                       165     36      283
  SINCE SEP 1    201                       165     36      283
  SINCE JAN 1   1871                      1572    299     1737
..................................................................


WIND (MPH)
  HIGHEST WIND SPEED    22   HIGHEST WIND DIRECTION     S (200)
  HIGHEST GUST SPEED    28   HIGHEST GUST DIRECTION     S (170)
  AVERAGE WIND SPEED    10.2


SKY COVER
  POSSIBLE SUNSHINE  MM
  AVERAGE SKY COVER 0.0


WEATHER CONDITIONS
 THE FOLLOWING WEATHER WAS RECORDED YESTERDAY.
  FOG


RELATIVE HUMIDITY (PERCENT)
 HIGHEST    97           700 AM
 LOWEST     38           200 PM
 AVERAGE    68

..........................................................


THE SALINA KS CLIMATE NORMALS FOR TODAY
                         NORMAL    RECORD    YEAR
 MAXIMUM TEMPERATURE (F)   79       103      1956
 MINIMUM TEMPERATURE (F)   56        36      1917


SUNRISE AND SUNSET
SEPTEMBER 21 2016.....SUNRISE   718 AM CDT   SUNSET   728 PM CDT
SEPTEMBER 22 2016.....SUNRISE   719 AM CDT   SUNSET   727 PM CDT


-  INDICATES NEGATIVE NUMBERS.
R  INDICATES RECORD WAS SET OR TIED.
MM INDICATES DATA IS MISSING.
T  INDICATES TRACE AMOUNT.

$$
