000
CDUS43 KICT 230628
CLISLN


CLIMATE REPORT
NATIONAL WEATHER SERVICE WICHITA KS
128 AM CDT TUE AUG 23 2016


...................................

...THE SALINA KS CLIMATE SUMMARY FOR AUGUST 22 2016...

CLIMATE NORMAL PERIOD 1981 TO 2010
CLIMATE RECORD PERIOD 1894 TO 2016


WEATHER ITEM   OBSERVED TIME   RECORD YEAR NORMAL DEPARTURE LAST
                VALUE   (LST)  VALUE       VALUE  FROM      YEAR
                                                  NORMAL
..................................................................
TEMPERATURE (F)
 YESTERDAY
  MAXIMUM         88    411 PM 105    2000  91     -3       93
  MINIMUM         61    144 AM  50    1922  68     -7       65
  AVERAGE         75                        79     -4       79

PRECIPITATION (IN)
  YESTERDAY        0.00          2.77 1985   0.12  -0.12     1.33
  MONTH TO DATE    1.63                      2.86  -1.23     3.78
  SINCE JUN 1      4.41                     11.26  -6.85    12.14
  SINCE JAN 1     16.23                     23.25  -7.02    23.74

DEGREE DAYS
 HEATING
  YESTERDAY        0                         0      0        0
  MONTH TO DATE    0                         0      0        0
  SINCE JUN 1      0                         7     -7        0
  SINCE JUL 1      0                         0      0        0

 COOLING
  YESTERDAY       10                        14     -4       14
  MONTH TO DATE  350                       338     12      299
  SINCE JUN 1   1430                      1164    266     1289
  SINCE JAN 1   1555                      1292    263     1379
..................................................................


WIND (MPH)
  HIGHEST WIND SPEED    25   HIGHEST WIND DIRECTION     S (200)
  HIGHEST GUST SPEED    32   HIGHEST GUST DIRECTION     S (170)
  AVERAGE WIND SPEED    13.1


SKY COVER
  POSSIBLE SUNSHINE  MM
  AVERAGE SKY COVER 0.0


WEATHER CONDITIONS
 THE FOLLOWING WEATHER WAS RECORDED YESTERDAY.
  NO SIGNIFICANT WEATHER WAS OBSERVED.


RELATIVE HUMIDITY (PERCENT)
 HIGHEST    78           100 AM
 LOWEST     34           100 PM
 AVERAGE    56

..........................................................


THE SALINA KS CLIMATE NORMALS FOR TODAY
                         NORMAL    RECORD    YEAR
 MAXIMUM TEMPERATURE (F)   90       108      1936
 MINIMUM TEMPERATURE (F)   67        44      1923


SUNRISE AND SUNSET
AUGUST 23 2016........SUNRISE   652 AM CDT   SUNSET   813 PM CDT
AUGUST 24 2016........SUNRISE   653 AM CDT   SUNSET   812 PM CDT


-  INDICATES NEGATIVE NUMBERS.
R  INDICATES RECORD WAS SET OR TIED.
MM INDICATES DATA IS MISSING.
T  INDICATES TRACE AMOUNT.




$$
