000
CDUS43 KICT 260630
CLISLN


CLIMATE REPORT
NATIONAL WEATHER SERVICE WICHITA KS
130 AM CDT SUN JUL 26 2015


...................................

...THE SALINA KS CLIMATE SUMMARY FOR JULY 25 2015...

CLIMATE NORMAL PERIOD 1981 TO 2010
CLIMATE RECORD PERIOD 1894 TO 2015


WEATHER ITEM   OBSERVED TIME   RECORD YEAR NORMAL DEPARTURE LAST
                VALUE   (LST)  VALUE       VALUE  FROM      YEAR
                                                  NORMAL
..................................................................
TEMPERATURE (F)
 YESTERDAY
  MAXIMUM        102   1233 PM 110    1936  93      9      107
  MINIMUM         81    656 AM  50    1911  70     11       78
  AVERAGE         92                        81     11       93

PRECIPITATION (IN)
  YESTERDAY        T             4.30 1990   0.12  -0.12     0.00
  MONTH TO DATE    2.62                      3.54  -0.92     0.71
  SINCE JUN 1      7.12                      7.65  -0.53     8.90
  SINCE JAN 1     18.72                     19.64  -0.92    16.29

DEGREE DAYS
 HEATING
  YESTERDAY        0                         0      0        0
  MONTH TO DATE    0                         0      0        0
  SINCE JUN 1      0                         7     -7        1
  SINCE JUL 1      0                         0      0        0

 COOLING
  YESTERDAY       27                        16     11       28
  MONTH TO DATE  443                       399     44      363
  SINCE JUN 1    883                       724    159      720
  SINCE JAN 1    973                       852    121      952
..................................................................


WIND (MPH)
  HIGHEST WIND SPEED    25   HIGHEST WIND DIRECTION     N (20)
  HIGHEST GUST SPEED    29   HIGHEST GUST DIRECTION     N (10)
  AVERAGE WIND SPEED    10.0


SKY COVER
  POSSIBLE SUNSHINE  MM
  AVERAGE SKY COVER 0.0


WEATHER CONDITIONS
 THE FOLLOWING WEATHER WAS RECORDED YESTERDAY.
  LIGHT RAIN


RELATIVE HUMIDITY (PERCENT)
 HIGHEST    72           700 PM
 LOWEST     31           200 PM
 AVERAGE    52

..........................................................


THE SALINA KS CLIMATE NORMALS FOR TODAY
                         NORMAL    RECORD    YEAR
 MAXIMUM TEMPERATURE (F)   93       111      1910
 MINIMUM TEMPERATURE (F)   70        56      1926


SUNRISE AND SUNSET
JULY 26 2015..........SUNRISE   626 AM CDT   SUNSET   847 PM CDT
JULY 27 2015..........SUNRISE   627 AM CDT   SUNSET   846 PM CDT


-  INDICATES NEGATIVE NUMBERS.
R  INDICATES RECORD WAS SET OR TIED.
MM INDICATES DATA IS MISSING.
T  INDICATES TRACE AMOUNT.




$$
