000
CDUS43 KICT 030651
CLISLN


CLIMATE REPORT
NATIONAL WEATHER SERVICE WICHITA KS
151 AM CDT TUE MAY 3 2016


...................................

...THE SALINA KS CLIMATE SUMMARY FOR MAY 2 2016...

CLIMATE NORMAL PERIOD 1981 TO 2010
CLIMATE RECORD PERIOD 1894 TO 2016


WEATHER ITEM   OBSERVED TIME   RECORD YEAR NORMAL DEPARTURE LAST
                VALUE   (LST)  VALUE       VALUE  FROM      YEAR
                                                  NORMAL
..................................................................
TEMPERATURE (F)
 YESTERDAY
  MAXIMUM         67    332 PM  94    1902  72     -5       85
  MINIMUM         43   1154 PM  24    1905  49     -6       60
  AVERAGE         55                        61     -6       73

PRECIPITATION (IN)
  YESTERDAY        0.00          0.82 1979   0.12  -0.12     0.02
  MONTH TO DATE    0.00                      0.24  -0.24     0.02
  SINCE MAR 1      5.07                      5.68  -0.61     1.90
  SINCE JAN 1      6.31                      7.48  -1.17     3.34

DEGREE DAYS
 HEATING
  YESTERDAY       10                         6      4        0
  MONTH TO DATE   25                        12     13        2
  SINCE MAR 1    657                       939   -282      734
  SINCE JUL 1   3643                      4780  -1137     4563

 COOLING
  YESTERDAY        0                         1     -1        8
  MONTH TO DATE    0                         2     -2        8
  SINCE MAR 1     34                        27      7       20
  SINCE JAN 1     34                        27      7       20
..................................................................


WIND (MPH)
  HIGHEST WIND SPEED    14   HIGHEST WIND DIRECTION    NW (330)
  HIGHEST GUST SPEED    19   HIGHEST GUST DIRECTION    NW (320)
  AVERAGE WIND SPEED     7.3


SKY COVER
  POSSIBLE SUNSHINE  MM
  AVERAGE SKY COVER 0.7


WEATHER CONDITIONS
 THE FOLLOWING WEATHER WAS RECORDED YESTERDAY.
  NO SIGNIFICANT WEATHER WAS OBSERVED.


RELATIVE HUMIDITY (PERCENT)
 HIGHEST    86          1200 AM
 LOWEST     36           700 PM
 AVERAGE    61

..........................................................


THE SALINA KS CLIMATE NORMALS FOR TODAY
                         NORMAL    RECORD    YEAR
 MAXIMUM TEMPERATURE (F)   73        91      1959
 MINIMUM TEMPERATURE (F)   49        29      1976


SUNRISE AND SUNSET
MAY  3 2016...........SUNRISE   630 AM CDT   SUNSET   825 PM CDT
MAY  4 2016...........SUNRISE   629 AM CDT   SUNSET   826 PM CDT


-  INDICATES NEGATIVE NUMBERS.
R  INDICATES RECORD WAS SET OR TIED.
MM INDICATES DATA IS MISSING.
T  INDICATES TRACE AMOUNT.




$$
