000
CDUS43 KICT 260656
CLISLN

CLIMATE REPORT
NATIONAL WEATHER SERVICE WICHITA KS
154 AM CDT SUN MAR 26 2017

...................................

...THE SALINA KS CLIMATE SUMMARY FOR MARCH 25 2017...

CLIMATE NORMAL PERIOD 1981 TO 2010
CLIMATE RECORD PERIOD 1894 TO 2017


WEATHER ITEM   OBSERVED TIME   RECORD YEAR NORMAL DEPARTURE LAST
                VALUE   (LST)  VALUE       VALUE  FROM      YEAR
                                                  NORMAL
..................................................................
TEMPERATURE (F)
 YESTERDAY
  MAXIMUM         46    618 PM  93    1907  60    -14       64
  MINIMUM         43    952 AM   2    1955  37      6       23
  AVERAGE         45                        48     -3       44

PRECIPITATION (IN)
  YESTERDAY        0.12          1.41 1959   0.09   0.03     0.00
  MONTH TO DATE    0.22                      1.84  -1.62     0.48
  SINCE MAR 1      0.22                      1.84  -1.62     0.48
  SINCE JAN 1      2.32                      3.64  -1.32     1.72

DEGREE DAYS
 HEATING
  YESTERDAY       20                        17      3       21
  MONTH TO DATE  366                       514   -148      344
  SINCE MAR 1    366                       514   -148      344
  SINCE JUL 1   3034                      4355  -1321     3330

 COOLING
  YESTERDAY        0                         0      0        0
  MONTH TO DATE   11                         0     11        5
  SINCE MAR 1     11                         0     11        5
  SINCE JAN 1     11                         0     11        5
..................................................................


WIND (MPH)
  HIGHEST WIND SPEED    28   HIGHEST WIND DIRECTION     N (340)
  HIGHEST GUST SPEED    35   HIGHEST GUST DIRECTION    NW (330)
  AVERAGE WIND SPEED    15.1


SKY COVER
  POSSIBLE SUNSHINE  MM
  AVERAGE SKY COVER 0.9


WEATHER CONDITIONS
 THE FOLLOWING WEATHER WAS RECORDED YESTERDAY.
  RAIN
  LIGHT RAIN
  FOG
  HAZE


RELATIVE HUMIDITY (PERCENT)
 HIGHEST    92          1000 PM
 LOWEST     76           600 PM
 AVERAGE    84

..........................................................


THE SALINA KS CLIMATE NORMALS FOR TODAY
                         NORMAL    RECORD    YEAR
 MAXIMUM TEMPERATURE (F)   61        86      1910
 MINIMUM TEMPERATURE (F)   37         0      1955


SUNRISE AND SUNSET
MARCH 26 2017.........SUNRISE   724 AM CDT   SUNSET   749 PM CDT
MARCH 27 2017.........SUNRISE   723 AM CDT   SUNSET   750 PM CDT


-  INDICATES NEGATIVE NUMBERS.
R  INDICATES RECORD WAS SET OR TIED.
MM INDICATES DATA IS MISSING.
T  INDICATES TRACE AMOUNT.

$$
