000
CDUS43 KICT 260708
CLISLN


CLIMATE REPORT
NATIONAL WEATHER SERVICE WICHITA KS
107 AM CST THU FEB 26 2015


...................................

...THE SALINA KS CLIMATE SUMMARY FOR FEBRUARY 25 2015...

CLIMATE NORMAL PERIOD 1981 TO 2010
CLIMATE RECORD PERIOD 1894 TO 2015


WEATHER ITEM   OBSERVED TIME   RECORD YEAR NORMAL DEPARTURE LAST
                VALUE   (LST)  VALUE       VALUE  FROM      YEAR
                                                  NORMAL
..................................................................
TEMPERATURE (F)
 YESTERDAY
  MAXIMUM         59    152 PM  81    1986  50      9       27
  MINIMUM         20   1159 PM  -3    1913  28     -8       17
  AVERAGE         40                        39      1       22

PRECIPITATION (IN)
  YESTERDAY        0.00          0.39 1993   0.04  -0.04     0.03
  MONTH TO DATE    0.12                      1.02  -0.90     1.30
  SINCE DEC 1      3.22                      2.59   0.63     3.01
  SINCE JAN 1      1.32                      1.65  -0.33     1.79

DEGREE DAYS
 HEATING
  YESTERDAY       25                        26     -1       43
  MONTH TO DATE  791                       748     43      909
  SINCE DEC 1   2686                      2812   -126     3154
  SINCE JUL 1   3683                      3764    -81     4142

 COOLING
  YESTERDAY        0                         0      0        0
  MONTH TO DATE    0                         0      0        0
  SINCE DEC 1      0                         0      0        0
  SINCE JAN 1      0                         0      0        0
..................................................................


WIND (MPH)
  HIGHEST WIND SPEED    36   HIGHEST WIND DIRECTION     N (10)
  HIGHEST GUST SPEED    43   HIGHEST GUST DIRECTION     N (360)
  AVERAGE WIND SPEED    17.0


SKY COVER
  POSSIBLE SUNSHINE  MM
  AVERAGE SKY COVER 0.4


WEATHER CONDITIONS
 THE FOLLOWING WEATHER WAS RECORDED YESTERDAY.
  NO SIGNIFICANT WEATHER WAS OBSERVED.


RELATIVE HUMIDITY (PERCENT)
 HIGHEST    81           300 AM
 LOWEST     30           100 PM
 AVERAGE    56

..........................................................


THE SALINA KS CLIMATE NORMALS FOR TODAY
                         NORMAL    RECORD    YEAR
 MAXIMUM TEMPERATURE (F)   50        79      1896
 MINIMUM TEMPERATURE (F)   28        -9      1934


SUNRISE AND SUNSET
FEBRUARY 26 2015......SUNRISE   707 AM CST   SUNSET   620 PM CST
FEBRUARY 27 2015......SUNRISE   706 AM CST   SUNSET   621 PM CST


-  INDICATES NEGATIVE NUMBERS.
R  INDICATES RECORD WAS SET OR TIED.
MM INDICATES DATA IS MISSING.
T  INDICATES TRACE AMOUNT.




$$
