000
CDUS43 KICT 150627
CLISLN


CLIMATE REPORT
NATIONAL WEATHER SERVICE WICHITA KS
127 AM CDT FRI SEP 15 2017


...................................

...THE SALINA KS CLIMATE SUMMARY FOR SEPTEMBER 14 2017...

CLIMATE NORMAL PERIOD 1981 TO 2010
CLIMATE RECORD PERIOD 1894 TO 2017


WEATHER ITEM   OBSERVED TIME   RECORD YEAR NORMAL DEPARTURE LAST
                VALUE   (LST)  VALUE       VALUE  FROM      YEAR
                                                  NORMAL
..................................................................
TEMPERATURE (F)
 YESTERDAY
  MAXIMUM         99    337 PM 102    1911  83     16       71
  MINIMUM         68    431 AM  37    1904  59      9       59
  AVERAGE         84                        71     13       65

PRECIPITATION (IN)
  YESTERDAY        T             1.02 1957   0.08  -0.08     0.00
  MONTH TO DATE    T                         1.31  -1.31     0.20
  SINCE SEP 1      T                         1.31  -1.31     0.20
  SINCE JAN 1     17.71                     25.65  -7.94    22.64

DEGREE DAYS
 HEATING
  YESTERDAY        0                         1     -1        0
  MONTH TO DATE    0                         7     -7        0
  SINCE SEP 1      0                         7     -7        0
  SINCE JUL 1      0                         8     -8        0

 COOLING
  YESTERDAY       19                         7     12        0
  MONTH TO DATE  140                       129     11      137
  SINCE SEP 1    140                       129     11      137
  SINCE JAN 1   1721                      1536    185     1807
..................................................................


WIND (MPH)
  HIGHEST WIND SPEED    26   HIGHEST WIND DIRECTION     S (190)
  HIGHEST GUST SPEED    34   HIGHEST GUST DIRECTION     S (190)
  AVERAGE WIND SPEED    14.5


SKY COVER
  POSSIBLE SUNSHINE  MM
  AVERAGE SKY COVER 0.0


WEATHER CONDITIONS
 THE FOLLOWING WEATHER WAS RECORDED YESTERDAY.
  HAZE


RELATIVE HUMIDITY (PERCENT)
 HIGHEST    51           400 AM
 LOWEST     18           100 PM
 AVERAGE    35

..........................................................


THE SALINA KS CLIMATE NORMALS FOR TODAY
                         NORMAL    RECORD    YEAR
 MAXIMUM TEMPERATURE (F)   82       101      1978
 MINIMUM TEMPERATURE (F)   59        34      1916


SUNRISE AND SUNSET
SEPTEMBER 15 2017.....SUNRISE   712 AM CDT   SUNSET   738 PM CDT
SEPTEMBER 16 2017.....SUNRISE   713 AM CDT   SUNSET   737 PM CDT


-  INDICATES NEGATIVE NUMBERS.
R  INDICATES RECORD WAS SET OR TIED.
MM INDICATES DATA IS MISSING.
T  INDICATES TRACE AMOUNT.




$$
