000
CDUS43 KICT 180635
CLISLN


CLIMATE REPORT
NATIONAL WEATHER SERVICE WICHITA KS
1235 AM CST THU DEC 18 2014


...................................

...THE SALINA KS CLIMATE SUMMARY FOR DECEMBER 17 2014...

CLIMATE NORMAL PERIOD 1981 TO 2010
CLIMATE RECORD PERIOD 1894 TO 2014


WEATHER ITEM   OBSERVED TIME   RECORD YEAR NORMAL DEPARTURE LAST
                VALUE   (LST)  VALUE       VALUE  FROM      YEAR
                                                  NORMAL
..................................................................
TEMPERATURE (F)
 YESTERDAY
  MAXIMUM         30   1159 PM  78    1939  42    -12       53
  MINIMUM         25    410 AM -11    1902  22      3       24
  AVERAGE         28                        32     -4       39

PRECIPITATION (IN)
  YESTERDAY        T             0.41 1907   0.03  -0.03     0.00
  MONTH TO DATE    1.51                      0.58   0.93      T
  SINCE DEC 1      1.51                      0.58   0.93      T
  SINCE JAN 1     28.62                     31.14  -2.52    29.41

DEGREE DAYS
 HEATING
  YESTERDAY       37                        33      4       26
  MONTH TO DATE  433                       534   -101      605
  SINCE DEC 1    433                       534   -101      605
  SINCE JUL 1   1430                      1486    -56     1593

 COOLING
  YESTERDAY        0                         0      0        0
  MONTH TO DATE    0                         0      0        0
  SINCE DEC 1      0                         0      0        0
  SINCE JAN 1   1801                      1647    154     1750
..................................................................


WIND (MPH)
  HIGHEST WIND SPEED    13   HIGHEST WIND DIRECTION    NE (60)
  HIGHEST GUST SPEED    16   HIGHEST GUST DIRECTION    NE (60)
  AVERAGE WIND SPEED     7.5


SKY COVER
  POSSIBLE SUNSHINE  MM
  AVERAGE SKY COVER 0.9


WEATHER CONDITIONS
 THE FOLLOWING WEATHER WAS RECORDED YESTERDAY.
  LIGHT SNOW
  FOG


RELATIVE HUMIDITY (PERCENT)
 HIGHEST    92           900 PM
 LOWEST     72           200 PM
 AVERAGE    82

..........................................................


THE SALINA KS CLIMATE NORMALS FOR TODAY
                         NORMAL    RECORD    YEAR
 MAXIMUM TEMPERATURE (F)   41        69      1988
 MINIMUM TEMPERATURE (F)   22       -10      1983


SUNRISE AND SUNSET
DECEMBER 18 2014......SUNRISE   744 AM CST   SUNSET   511 PM CST
DECEMBER 19 2014......SUNRISE   744 AM CST   SUNSET   511 PM CST


-  INDICATES NEGATIVE NUMBERS.
R  INDICATES RECORD WAS SET OR TIED.
MM INDICATES DATA IS MISSING.
T  INDICATES TRACE AMOUNT.




$$
