000
CDUS43 KICT 230627
CLISLN


CLIMATE REPORT
NATIONAL WEATHER SERVICE WICHITA KS
127 AM CDT WED JUL 23 2014


...................................

...THE SALINA KS CLIMATE SUMMARY FOR JULY 22 2014...

CLIMATE NORMAL PERIOD 1981 TO 2010
CLIMATE RECORD PERIOD 1894 TO 2014


WEATHER ITEM   OBSERVED TIME   RECORD YEAR NORMAL DEPARTURE LAST
                VALUE   (LST)  VALUE       VALUE  FROM      YEAR
                                                  NORMAL
..................................................................
TEMPERATURE (F)
 YESTERDAY
  MAXIMUM        105    355 PM 110    1934  93     12       93
  MINIMUM         75    615 AM  50    1970  70      5       74
  AVERAGE         90                        82      8       84

PRECIPITATION (IN)
  YESTERDAY        0.00          3.63 1992   0.13  -0.13     0.00
  MONTH TO DATE    0.71                      3.17  -2.46     2.29
  SINCE JUN 1      8.90                      7.28   1.62     4.53
  SINCE JAN 1     16.29                     19.27  -2.98    17.77

DEGREE DAYS
 HEATING
  YESTERDAY        0                         0      0        0
  MONTH TO DATE    0                         0      0        0
  SINCE JUN 1      1                         7     -6        7
  SINCE JUL 1      0                         0      0        0

 COOLING
  YESTERDAY       25                        16      9       19
  MONTH TO DATE  301                       351    -50      365
  SINCE JUN 1    658                       676    -18      752
  SINCE JAN 1    890                       804     86      893
..................................................................


WIND (MPH)
  HIGHEST WIND SPEED    20   HIGHEST WIND DIRECTION     S (200)
  HIGHEST GUST SPEED    26   HIGHEST GUST DIRECTION     S (190)
  AVERAGE WIND SPEED     8.3


SKY COVER
  POSSIBLE SUNSHINE  MM
  AVERAGE SKY COVER 0.0


WEATHER CONDITIONS
 THE FOLLOWING WEATHER WAS RECORDED YESTERDAY.
  FOG
  HAZE


RELATIVE HUMIDITY (PERCENT)
 HIGHEST    87           400 AM
 LOWEST     26           400 PM
 AVERAGE    57

..........................................................


THE SALINA KS CLIMATE NORMALS FOR TODAY
                         NORMAL    RECORD    YEAR
 MAXIMUM TEMPERATURE (F)   93       110      1920
 MINIMUM TEMPERATURE (F)   70        54      1970


SUNRISE AND SUNSET
JULY 23 2014..........SUNRISE   624 AM CDT   SUNSET   850 PM CDT
JULY 24 2014..........SUNRISE   625 AM CDT   SUNSET   849 PM CDT


-  INDICATES NEGATIVE NUMBERS.
R  INDICATES RECORD WAS SET OR TIED.
MM INDICATES DATA IS MISSING.
T  INDICATES TRACE AMOUNT.




$$
