000
CDUS43 KICT 220717
CLISLN


CLIMATE REPORT
NATIONAL WEATHER SERVICE WICHITA KS
216 AM CDT FRI JUL 22 2016


...................................

...THE SALINA KS CLIMATE SUMMARY FOR JULY 21 2016...

CLIMATE NORMAL PERIOD 1981 TO 2010
CLIMATE RECORD PERIOD 1894 TO 2016


WEATHER ITEM   OBSERVED TIME   RECORD YEAR NORMAL DEPARTURE LAST
                VALUE   (LST)  VALUE       VALUE  FROM      YEAR
                                                  NORMAL
..................................................................
TEMPERATURE (F)
 YESTERDAY
  MAXIMUM        105    427 PM 108    1934  93     12       86
  MINIMUM         79    537 AM  51    1970  70      9       67
  AVERAGE         92                        82     10       77

PRECIPITATION (IN)
  YESTERDAY        0.00          1.66 1993   0.13  -0.13     0.00
  MONTH TO DATE    1.64                      3.04  -1.40     2.62
  SINCE JUN 1      2.09                      7.15  -5.06     7.12
  SINCE JAN 1     13.91                     19.14  -5.23    18.72

DEGREE DAYS
 HEATING
  YESTERDAY        0                         0      0        0
  MONTH TO DATE    0                         0      0        0
  SINCE JUN 1      0                         7     -7        0
  SINCE JUL 1      0                         0      0        0

 COOLING
  YESTERDAY       27                        17     10       12
  MONTH TO DATE  394                       335     59      357
  SINCE JUN 1    886                       660    226      797
  SINCE JAN 1   1011                       788    223      887
..................................................................


WIND (MPH)
  HIGHEST WIND SPEED    24   HIGHEST WIND DIRECTION     S (200)
  HIGHEST GUST SPEED    30   HIGHEST GUST DIRECTION     S (190)
  AVERAGE WIND SPEED    13.8


SKY COVER
  POSSIBLE SUNSHINE  MM
  AVERAGE SKY COVER 0.0


WEATHER CONDITIONS
 THE FOLLOWING WEATHER WAS RECORDED YESTERDAY.
  NO SIGNIFICANT WEATHER WAS OBSERVED.


RELATIVE HUMIDITY (PERCENT)
 HIGHEST    69           400 AM
 LOWEST     30           300 PM
 AVERAGE    50

..........................................................


THE SALINA KS CLIMATE NORMALS FOR TODAY
                         NORMAL    RECORD    YEAR
 MAXIMUM TEMPERATURE (F)   93       110      1934
 MINIMUM TEMPERATURE (F)   70        50      1970


SUNRISE AND SUNSET
JULY 22 2016..........SUNRISE   624 AM CDT   SUNSET   850 PM CDT
JULY 23 2016..........SUNRISE   625 AM CDT   SUNSET   849 PM CDT


-  INDICATES NEGATIVE NUMBERS.
R  INDICATES RECORD WAS SET OR TIED.
MM INDICATES DATA IS MISSING.
T  INDICATES TRACE AMOUNT.




$$
