000
CXUS53 KICT 010633
CLMSLN
CLIMATE REPORT
NATIONAL WEATHER SERVICE WICHITA KANSAS
133 AM CDT SAT JUL 01 2023
...................................
...THE SALINA KS CLIMATE SUMMARY FOR THE MONTH OF JUNE 2023...
CLIMATE NORMAL PERIOD 1991 TO 2020
CLIMATE RECORD PERIOD 1894 TO 2023
WEATHER OBSERVED NORMAL DEPART LAST YEAR`S
VALUE DATE(S) VALUE FROM VALUE DATE(S)
NORMAL
................................................................
TEMPERATURE (F)
RECORD
HIGH 114 06/25/1911
LOW 38 06/04/1897
HIGHEST 102 06/28 103 06/13
LOWEST 56 06/07 48 06/02
06/12
AVG. MAXIMUM 88.8 88.1 0.7 89.0
AVG. MINIMUM 63.5 64.2 -0.7 66.1
MEAN 76.1 76.2 -0.1 77.5
DAYS MAX >= 90 13 14.9 -1.9 13
DAYS MAX <= 32 0 0.0 0.0 0
DAYS MIN <= 32 0 0.0 0.0 0
DAYS MIN <= 0 0 0.0 0.0 0
PRECIPITATION (INCHES)
RECORD
MAXIMUM 13.62 1905
MINIMUM 0.18 1980
TOTALS 5.80 3.75 2.05 3.74
DAILY AVG. 0.19 0.12 0.07 0.12
DAYS >= .01 14 9.6 4.4 12
DAYS >= .10 8 5.8 2.2 7
DAYS >= .50 5 2.6 2.4 3
DAYS >= 1.00 2 1.1 0.9 0
GREATEST
24 HR. TOTAL 1.52 06/30 TO 06/30
DEGREE DAYS
HEATING TOTAL 0 6 -6 4
SINCE 7/1 4769 4929 -160 MM
COOLING TOTAL 343 340 3 387
................................................................
WIND (MPH)
AVERAGE WIND SPEED 7.9
HIGHEST WIND SPEED/DIRECTION 40/300 DATE 06/10
HIGHEST GUST SPEED/DIRECTION 55/300 DATE 06/30
SKY COVER
POSSIBLE SUNSHINE (PERCENT) MM
AVERAGE SKY COVER 0.20
NUMBER OF DAYS FAIR 22
NUMBER OF DAYS PC 8
NUMBER OF DAYS CLOUDY 0
AVERAGE RH (PERCENT) 64
WEATHER CONDITIONS. NUMBER OF DAYS WITH
THUNDERSTORM 14 MIXED PRECIP 0
HEAVY RAIN 6 RAIN 9
LIGHT RAIN 12 FREEZING RAIN 0
LT FREEZING RAIN 0 HAIL 0
HEAVY SNOW 0 SNOW 0
LIGHT SNOW 0 SLEET 0
FOG 17 FOG W/VIS <= 1/4 MILE 0
HAZE 2
- INDICATES NEGATIVE NUMBERS.
R INDICATES RECORD WAS SET OR TIED.
MM INDICATES DATA IS MISSING.
T INDICATES TRACE AMOUNT.
$$