000
CXUS53 KICT 012026
CLMSLN

CLIMATE REPORT
NATIONAL WEATHER SERVICE WICHITA KS
215 PM CST SUN FEB 1 2015

...................................

...THE SALINA KS CLIMATE SUMMARY FOR THE MONTH OF JANUARY 2015...

CLIMATE NORMAL PERIOD 1981 TO 2010
CLIMATE RECORD PERIOD 1894 TO 2015

WEATHER         OBSERVED          NORMAL  DEPART  LAST YEAR`S
                 VALUE   DATE(S)  VALUE   FROM    VALUE  DATE(S)
                                          NORMAL
................................................................
TEMPERATURE (F)
RECORD
 HIGH              78   01/10/1990
 LOW              -28   01/08/1913
HIGHEST            75   01/27                         68  01/19
LOWEST             -5   01/07                         -6  01/06
AVG. MAXIMUM     45.7              41.6     4.1     41.7
AVG. MINIMUM     19.3              20.5    -1.2     17.4
MEAN             32.5              31.0     1.5     29.5
DAYS MAX >= 90      0               0.0     0.0        0
DAYS MAX <= 32      7               7.6    -0.6       10
DAYS MIN <= 32     28              28.0     0.0       27
DAYS MIN <= 0       3               1.0     2.0        1

PRECIPITATION (INCHES)
RECORD
 MAXIMUM         3.45   1949
 MINIMUM         0.00   1986
                        1953
TOTALS           1.20              0.63    0.57     0.49
DAILY AVG.       0.04              0.02    0.02     0.02
DAYS >= .01         5               4.5     0.5        4
DAYS >= .10         3               2.1     0.9        3
DAYS >= .50         1               0.3     0.7        0
DAYS >= 1.00        0               0.1    -0.1        0
GREATEST
 24 HR. TOTAL    0.79   01/30 TO 01/31

DEGREE_DAYS
HEATING TOTAL    1002              1052     -50     1093
 SINCE 7/1       2892              3016    -124     3233
COOLING TOTAL       0                 0       0        0
.................................................................

WIND (MPH)
AVERAGE WIND SPEED              9.6
HIGHEST WIND SPEED/DIRECTION    37/330    DATE  01/25
HIGHEST GUST SPEED/DIRECTION    47/330    DATE  01/25

SKY COVER
POSSIBLE SUNSHINE (PERCENT)   MM
AVERAGE SKY COVER           0.20
NUMBER OF DAYS FAIR           20
NUMBER OF DAYS PC             10
NUMBER OF DAYS CLOUDY          1

AVERAGE RH (PERCENT)     61

WEATHER CONDITIONS. NUMBER OF DAYS WITH
THUNDERSTORM              0     MIXED PRECIP               0
HEAVY RAIN                0     RAIN                       2
LIGHT RAIN                5     FREEZING RAIN              0
LT FREEZING RAIN          0     HAIL                       0
HEAVY SNOW                0     SNOW                       0
LIGHT SNOW                5     SLEET                      1
FOG                       5     FOG W/VIS <= 1/4 MILE      1
HAZE                      3

-  INDICATES NEGATIVE NUMBERS.
R  INDICATES RECORD WAS SET OR TIED.
MM INDICATES DATA IS MISSING.
T  INDICATES TRACE AMOUNT.

&&

...A SLICK AND BITTERLY COLD START TO THE NEW YEAR...ALTHOUGH
TEMPERATURES WARMED WELL ABOVE NORMAL THE 2ND HALF OF JANUARY...

2014 SIGNED OFF WITH THE INVASION OF AN ARCTIC AIRMASS THAT MADE ITS
PRESENCE FELT THRU JANUARY 2ND. THE SHALLOW ARCTIC AIRMASS PLAYED A
VITAL ROLE IN THE FIRST SHOT OF WINTRY PRECIPITATION...INITIALLY IN
THE FORM OF FREEZING DRIZZLE...ACROSS SOUTH-CENTRAL AND SOUTHEAST
KANSAS ON THE 1ST. A WINTER WEATHER ADVISORY WAS ISSUED FOR THESE
AREAS FROM IN THE EVENING OF THE 1ST UNTIL LATE IN THE MORNING OF
THE 2ND. ALTHOUGH ICE ACCUMULATIONS WERE MINOR...ROADS AND HIGHWAYS
WERE STILL QUITE SLICK.

A REINFORCING SHOT OF ARCTIC AIR INVADED THE NEIGHBORHOOD ON THE 3RD
AND 4TH AND WOULD PLAY A VITAL ROLE IN THE SPREADING LIGHT TO
MODERATE SNOW ACROSS CENTRAL AND SOUTH-CENTRAL KANSAS...WHERE 2 TO 5
INCH ACCUMULATIONS WOULD OCCUR BY MIDDAY ON THE 4TH. ODDLY ENOUGH...
IT WOULD BE THE LAST MEASURABLE SNOWFALL FOR THE REST OF THE MONTH.
ANOTHER SHOT OF ARCTIC AIR SURGED SOUTH ACROSS THE REGION ON THE
7TH. THE ASSOCIATED ARCTIC HIGH PRESSURE AREA WAS SO STRONG...NEAR-
RECORD HIGH SURFACE PRESSURES WERE RECORDED ACROSS THE REGION.
WEATHER EQUIPMENT AT WICHITA EISENHOWER NATIONAL AIRPORT RECORDED A
PRESSURE OF 1053.1 MILLIBARS AROUND 11 AM ON THE 7TH...ITS 3RD
HIGHEST RECORDED PRESSURE SINCE 1980.

AROUND THE MIDWAY POINT...WEATHER MORE TYPICAL OF SPRING ARRIVED AS
STRONG HIGH PRESSURE RIDGES TRAVERSING THE GREAT PLAINS WOULD GET
PUSHED EAST BY LOW PRESSURE CENTERS STRENGTHENING OVER THE WEST AND
NORTHWEST PLAINS. THIS WOULD ENABLE WESTERLY WINDS TO DOMINATE THE
REGION FOR MUCH OF THE REMAINDER OF JANUARY. WITH THE PREDOMINANTLY
"DOWNSLOPE" FLOW SPREADING DRIER AIR ACROSS KANSAS...TEMPERATURES
SOARED TO THE POINT THAT SEVERAL HIGH TEMPERATURES RECORDS WERE SET
OR TIED. WICHITA REACHED AT LEAST 60 DEGREES 8 DAYS DURING THE
MONTH...WHICH TIED 1967 FOR THE 2ND HIGHEST NUMBER OF 60+ DEGREE
DAYS FOR JANUARY SINCE 1889.

THE RECORDS THAT WERE SET OR TIED...AND THEIR RESPECTIVE DATES...ARE
LISTED BELOW. MANY OF THESE DAILY RECORDS WERE ALSO SOME OF THE
WARMEST JANUARY TEMPERATURES EVER EXPERIENCED FOR THAT PARTICULAR
SITE.

              NEW RECORD    OLD RECORD
WICHITA:
JANUARY 18TH:     65        65 IN 1901 (TIED)
JANUARY 19TH:     73        70 IN 1904
JANUARY 26TH:     74        69 IN 1953
JANUARY 27TH:     73        69 IN 2013

SALINA:
JANUARY 26TH:     71        70 IN 1951
JANUARY 27TH:     75        68 IN 1934
JANUARY 28TH:     74        74 IN 2013 (TIED)

CHANUTE:
JANUARY 28TH:     75        75 IN 2013 (TIED)

RUSSELL:
JANUARY 16TH:     63        62 IN 1986
JANUARY 27TH:     83!       65 IN 2002

AS ONE CAN EASILY TELL...THE MOST DRAMATIC TEMPERATURE RECORD THIS
MONTH OCCURRED ON THE 27TH WHEN TEMPERATURES AT RUSSELL SOARED LIKE
F15 EAGLES. THE 83 DEGREE HIGH ROASTED THE MARK OF 65 SET IN 2002 BY
AN AMAZING 18 DEGREES!

$$
