000
CXUS53 KICT 030707 CCA
CLMSLN

CLIMATE REPORT...CORRECTED
NATIONAL WEATHER SERVICE WICHITA KS
107 AM CST TUE DEC 3 2013

...................................

...THE SALINA KS CLIMATE SUMMARY FOR THE MONTH OF NOVEMBER 2013...

CLIMATE NORMAL PERIOD 1981 TO 2010
CLIMATE RECORD PERIOD 1894 TO 2013

WEATHER         OBSERVED          NORMAL  DEPART  LAST YEAR`S
                 VALUE   DATE(S)  VALUE   FROM    VALUE  DATE(S)
                                          NORMAL
................................................................
TEMPERATURE (F)
RECORD
 HIGH              89   11/08/2006
 LOW               -5   11/28/1952
HIGHEST            74   11/16                         80  11/09
LOWEST              9   11/27                         13  11/27
AVG. MAXIMUM     54.6              54.9    -0.3     62.8
AVG. MINIMUM     29.3              32.9    -3.6     32.0
MEAN             42.0              43.9    -1.9     47.4
DAYS MAX >= 90      0               0.0     0.0        0
DAYS MAX <= 32      3               0.9     2.1        0
DAYS MIN <= 32     18              14.2     3.8       15
DAYS MIN <= 0       0               0.0     0.0        0

PRECIPITATION (INCHES)
RECORD
 MAXIMUM         5.86   1909
 MINIMUM         0.00   1989
                        1966
                        1954
                        1936
                        1921
                        1914
                        1894
                        1887
TOTALS           0.35              1.25   -0.90     0.32
DAILY AVG.       0.01              0.04   -0.03     0.01
DAYS >= .01         1               5.1    -4.1        1
DAYS >= .10         1               2.8    -1.8        1
DAYS >= .50         0               0.6    -0.6        0
DAYS >= 1.00        0               0.2    -0.2        0
GREATEST
 24 HR. TOTAL    0.35   11/05 TO 11/05

DEGREE_DAYS
HEATING TOTAL     683               634      49      503
 SINCE 7/1        988               952      36      835
COOLING TOTAL    1750              1647     103     2051
.................................................................

WIND (MPH)
AVERAGE WIND SPEED              11.0
HIGHEST WIND SPEED/DIRECTION    40/160    DATE  11/03
HIGHEST GUST SPEED/DIRECTION    55/160    DATE  11/03

SKY COVER
POSSIBLE SUNSHINE (PERCENT)   MM
AVERAGE SKY COVER           0.20
NUMBER OF DAYS FAIR           23
NUMBER OF DAYS PC              5
NUMBER OF DAYS CLOUDY          2

AVERAGE RH (PERCENT)     58

WEATHER CONDITIONS. NUMBER OF DAYS WITH
THUNDERSTORM              0     MIXED PRECIP               0
HEAVY RAIN                0     RAIN                       1
LIGHT RAIN                3     FREEZING RAIN              1
LT FREEZING RAIN          0     HAIL                       0
HEAVY SNOW                0     SNOW                       0
LIGHT SNOW                5     SLEET                      0
FOG                       4     FOG W/VIS <= 1/4 MILE      1
HAZE                      2

-  INDICATES NEGATIVE NUMBERS.
R  INDICATES RECORD WAS SET OR TIED.
MM INDICATES DATA IS MISSING.
T  INDICATES TRACE AMOUNT.

&&

...FIRST ADVERSE WINTER WEATHER EVENT OF 2013-2014 ARRIVES ON NOVEMBER
                                    21ST...

THE FIRST ADVERSE WINTER WEATHER EVENT OF THE 2013-2014 SEASON ARRIVED
ON NOVEMBER 21ST...WHEN A MIXTURE OF SLEET AND LIGHT FREEZING RAIN MADE
TRAVEL PROBLEMATIC ACROSS CENTRAL...SOUTH-CENTRAL AND SOUTHEAST KANSAS.

THAT MORNING...A STRONG COLD FRONT SURGED SOUTHEAST ACROSS KANSAS AND IN
ITS WAKE...TEMPERATURES DOVE FASTER THAN AN ATTACK SUBMARINE. AT SUNRISE
TEMPERATURES IN THE LOWER 50S RESIDED ACROSS SOUTH-CENTRAL AND SOUTHEAST
KANSAS WHILE IN NORTHWEST KANSAS...THE MERCURY HAD PLUNGED TO NEAR 20
DEGREES. BY EARLY THAT EVENING...TEMPERATURES IN SOUTH-CENTRAL KANSAS
HAD NOSEDIVED TO BETWEEN 25 AND 30 DEGREES WHILE THE MERCURY HAD TUMBLED
TO AROUND 15 IN NORTHWEST KANSAS.

THE SHALLOW ARCTIC AIRMASS HAD UNDERCUT MUCH WARMER AIR ALOFT (AT AROUND
4900 FEET TEMPERATURES WERE AROUND BALMY 40 DEGREES.) AND WITH A NEARLY
SATURATED AIRMASS TRAPPED BELOW ABOUT 2,000 FEET THE STAGE...HAD BEEN
SET FOR A WINTRY MIX...MORE SPECIFICALLY...SLEET AND LIGHT FREEZING RAIN
TO PRODUCE HAZARDOUS TRAVEL...EVEN THOUGH ONLY MINOR ACCUMULATIONS HAD
RESULTED. BY LATE THAT NIGHT...SOME LIGHT SNOW HAD DEVELOPED TO MAKE IT
A WINTRY TRIFECTA.

AT TIMES IT WAS EXTREMELY WINDY. ON THE 3RD AND 17TH...CENTRAL KANSAS
REACHED HIGH WIND WARNING CRITERIA. RUSSELL MEASURED SUSTAINED SPEEDS OF
45 AND 41 MPH WITH PEAK GUSTS OF 55 MPH AND 54 MPH...RESPECTIVELY.
SALINA MEASURED GUSTS THAT REACHED OR EXCEEDED 50 MPH ON 3 DATES: THE
3RD (55 MPH)...THE 8TH (51 MPH) AND THE 17TH (50 MPH). SUSTAINED SPEEDS
REACHED AN EVEN 40 MPH ON THE 3RD. WICHITA`S WINDIEST DAY WAS THE 8TH ON
WHICH A 51-MPH GUST WAS MEASURED AT MID-CONTINENT AIRPORT. THE STRONGEST
SUSTAINED SPEED (39 MPH) WAS RECORDED ON THE 8TH AS WELL.

MOST OF THE MONTH WAS NICE...ESPECIALLY MID-NOVEMBER WHEN TEMPERATURES
REACHED THE MID AND UPPER 70S. ON THE 16TH WICHITA`S HIGH OF 77 DEGREES
TIED THE RECORD SET IN 1952.

METEOROLOGICAL WINTER IS HERE. WE SHALL SEE HOW THE 2013-2014 EDITION
PANS OUT.

$$

ES

*CORRECTED ALL COOLING DEGREE DAY STATISTICS*
