000
CXUS53 KICT 011541
CLMSLN


CLIMATE REPORT
NATIONAL WEATHER SERVICE WICHITA KS
936 AM CST SUN NOV 1 2015

...................................

...THE SALINA KS CLIMATE SUMMARY FOR THE MONTH OF OCTOBER 2015...

CLIMATE NORMAL PERIOD 1981 TO 2010
CLIMATE RECORD PERIOD 1894 TO 2015

WEATHER         OBSERVED          NORMAL  DEPART  LAST YEAR`S
                 VALUE   DATE(S)  VALUE   FROM    VALUE  DATE(S)
                                          NORMAL
................................................................
TEMPERATURE (F)
RECORD
 HIGH             100   10/03/1954
 LOW               14   10/31/1993
HIGHEST            92   10/11                         90  10/25
LOWEST             30   10/29                         27  10/31
AVG. MAXIMUM     74.2              69.0     5.2     72.5
AVG. MINIMUM     48.5              46.0     2.5     47.3
MEAN             61.3              57.5     3.8     59.9
DAYS MAX >= 90      2               0.4     1.6        1
DAYS MAX <= 32      0               0.0     0.0        0
DAYS MIN <= 32      1               1.7    -0.7        1
DAYS MIN <= 0       0               0.0     0.0        0

PRECIPITATION (INCHES)
RECORD
 MAXIMUM         7.36   1941
 MINIMUM           MM   MM
TOTALS           0.65              2.27   -1.62     1.56
DAILY AVG.       0.02              0.07   -0.05     0.05
DAYS >= .01         5               7.2    -2.2        8
DAYS >= .10         1               4.2    -3.2        4
DAYS >= .50         1               1.4    -0.4        1
DAYS >= 1.00        0               0.6    -0.6        0
GREATEST
 24 HR. TOTAL    0.56   10/30 TO 10/30

DEGREE_DAYS
HEATING TOTAL     155               266    -111      194
 SINCE 7/1        158               318    -160      234
COOLING TOTAL      48                34      14       43
.................................................................

WIND (MPH)
AVERAGE WIND SPEED              8.8
HIGHEST WIND SPEED/DIRECTION    33/200    DATE  10/19
HIGHEST GUST SPEED/DIRECTION    41/190    DATE  10/19

SKY COVER
POSSIBLE SUNSHINE (PERCENT)    0
AVERAGE SKY COVER           0.30
NUMBER OF DAYS FAIR           19
NUMBER OF DAYS PC             11
NUMBER OF DAYS CLOUDY          1

AVERAGE RH (PERCENT)     52

WEATHER CONDITIONS. NUMBER OF DAYS WITH
THUNDERSTORM              0     MIXED PRECIP               0
HEAVY RAIN                1     RAIN                       1
LIGHT RAIN                7     FREEZING RAIN              0
LT FREEZING RAIN          0     HAIL                       0
HEAVY SNOW                0     SNOW                       0
LIGHT SNOW                0     SLEET                      0
FOG                       5     FOG W/VIS <= 1/4 MILE      1
HAZE                      4

-  INDICATES NEGATIVE NUMBERS.
R  INDICATES RECORD WAS SET OR TIED.
MM INDICATES DATA IS MISSING.
T  INDICATES TRACE AMOUNT.

$$
