000
CXUS53 KICT 011250
CLMSLN


CLIMATE REPORT
NATIONAL WEATHER SERVICE WICHITA KS
747 AM CDT FRI MAY 1 2015

...................................

...THE SALINA KS CLIMATE SUMMARY FOR THE MONTH OF APRIL 2015...

CLIMATE NORMAL PERIOD 1981 TO 2010
CLIMATE RECORD PERIOD 1894 TO 2015

WEATHER         OBSERVED          NORMAL  DEPART  LAST YEAR`S
                 VALUE   DATE(S)  VALUE   FROM    VALUE  DATE(S)
                                          NORMAL
................................................................
TEMPERATURE (F)
RECORD
 HIGH             105   04/23/1989
 LOW                5   04/03/1926
HIGHEST            87   04/01                         MM  MM
LOWEST             26   04/04                         MM  MM
AVG. MAXIMUM     70.4              67.1     3.3       MM
AVG. MINIMUM     45.4              43.2     2.2       MM
MEAN             57.9              55.2     2.7       MM
DAYS MAX >= 90      0               0.6    -0.6       MM
DAYS MAX <= 32      0               0.0     0.0       MM
DAYS MIN <= 32      3               3.0     0.0       MM
DAYS MIN <= 0       0               0.0     0.0       MM

PRECIPITATION (INCHES)
RECORD
 MAXIMUM         7.30   1885
 MINIMUM         0.21   1937
TOTALS           1.83              3.05   -1.22       MM
DAILY AVG.       0.06              0.10   -0.04       MM
DAYS >= .01         8               8.4    -0.4       MM
DAYS >= .10         6               5.5     0.5       MM
DAYS >= .50         0               2.1    -2.1       MM
DAYS >= 1.00        0               0.7    -0.7       MM
GREATEST
 24 HR. TOTAL    0.74   04/16 TO 04/17

DEGREE_DAYS
HEATING TOTAL     217               318    -101       MM
 SINCE 7/1       4561              4768    -207       MM
COOLING TOTAL      11                23     -12       MM
.................................................................

WIND (MPH)
AVERAGE WIND SPEED              11.4
HIGHEST WIND SPEED/DIRECTION    40/330    DATE  04/19
HIGHEST GUST SPEED/DIRECTION    47/330    DATE  04/19

SKY COVER
POSSIBLE SUNSHINE (PERCENT)   MM
AVERAGE SKY COVER           0.30
NUMBER OF DAYS FAIR           18
NUMBER OF DAYS PC              9
NUMBER OF DAYS CLOUDY          3

AVERAGE RH (PERCENT)     60

WEATHER CONDITIONS. NUMBER OF DAYS WITH
THUNDERSTORM              0     MIXED PRECIP               0
HEAVY RAIN                3     RAIN                       6
LIGHT RAIN                9     FREEZING RAIN              0
LT FREEZING RAIN          0     HAIL                       0
HEAVY SNOW                0     SNOW                       0
LIGHT SNOW                0     SLEET                      0
FOG                      11     FOG W/VIS <= 1/4 MILE      1
HAZE                      8

-  INDICATES NEGATIVE NUMBERS.
R  INDICATES RECORD WAS SET OR TIED.
MM INDICATES DATA IS MISSING.
T  INDICATES TRACE AMOUNT.

$$
