168
CXUS53 KICT 011724
CLMSLN

CLIMATE REPORT
NATIONAL WEATHER SERVICE WICHITA KS
1217 PM CDT SAT OCT 1 2016

...................................

...THE SALINA KS CLIMATE SUMMARY FOR THE MONTH OF SEPTEMBER 2016...

CLIMATE NORMAL PERIOD 1981 TO 2010
CLIMATE RECORD PERIOD 1894 TO 2016

WEATHER         OBSERVED          NORMAL  DEPART  LAST YEAR`S
                 VALUE   DATE(S)  VALUE   FROM    VALUE  DATE(S)
                                          NORMAL
................................................................
TEMPERATURE (F)
RECORD
 HIGH             110   09/02/2000
 LOW               28   09/20/1918
                        09/29/1916
                        09/30/1912
HIGHEST            98   09/19                        101  09/07
                                                          09/06
LOWEST             44   09/26                         50  09/19
AVG. MAXIMUM     84.5              81.9     2.6     88.1
AVG. MINIMUM     61.7              58.4     3.3     65.4
MEAN             73.1              70.2     2.9     76.7
DAYS MAX >= 90     10               6.8     3.2       14
DAYS MAX <= 32      0               0.0     0.0        0
DAYS MIN <= 32      0               0.0     0.0        0
DAYS MIN <= 0       0               0.0     0.0        0

PRECIPITATION (INCHES)
RECORD
 MAXIMUM        12.05   1967
 MINIMUM         0.12   1969
TOTALS           1.20              2.70   -1.50     1.67
DAILY AVG.       0.04              0.09   -0.05     0.06
DAYS >= .01         3               6.9    -3.9        8
DAYS >= .10         3               4.5    -1.5        3
DAYS >= .50         1               1.8    -0.8        1
DAYS >= 1.00        0               0.7    -0.7        0
GREATEST
 24 HR. TOTAL    0.65   09/16 TO 09/16

DEGREE_DAYS
HEATING TOTAL      16                51     -35        3
 SINCE 7/1         16                52     -36        3
COOLING TOTAL     266               205      61      363
.................................................................

WIND (MPH)
AVERAGE WIND SPEED              10.2
HIGHEST WIND SPEED/DIRECTION    36/010    DATE  09/09
HIGHEST GUST SPEED/DIRECTION    47/020    DATE  09/09

SKY COVER
POSSIBLE SUNSHINE (PERCENT)   MM
AVERAGE SKY COVER           0.20
NUMBER OF DAYS FAIR           25
NUMBER OF DAYS PC              3
NUMBER OF DAYS CLOUDY          2

AVERAGE RH (PERCENT)     68

WEATHER CONDITIONS. NUMBER OF DAYS WITH
THUNDERSTORM              6     MIXED PRECIP               0
HEAVY RAIN                3     RAIN                       3
LIGHT RAIN                3     FREEZING RAIN              0
LT FREEZING RAIN          0     HAIL                       0
HEAVY SNOW                0     SNOW                       0
LIGHT SNOW                0     SLEET                      0
FOG                       8     FOG W/VIS <= 1/4 MILE      2
HAZE                      3

-  INDICATES NEGATIVE NUMBERS.
R  INDICATES RECORD WAS SET OR TIED.
MM INDICATES DATA IS MISSING.
T  INDICATES TRACE AMOUNT.

&&

...September Climate Summary...

...Wichita...
The main story was well above normal precipitation, with 11.30
inches tallied at Eisenhower National Airport. This was 8.16
inches above normal for the month. It was Wichita`s 2nd wettest
September since records began in 1888, behind only 2008`s 12.96
inch total. 8.85 inches fell on the 8th and 9th, making it
Wichita`s 3rd highest 2-day total on record. Additionally, the
5.39 inches on the 9th set a rainfall record for that day. In the
temperature department, the average monthly temperature was 73.6
degrees, 2.6 degrees above normal, making it the 30th warmest
September on record.

...Chanute...
Precipitation was above normal for September, but not nearly to
the extent of Wichita. The monthly total at Chanute Martin-
Johnson Airport was 6.91 inches, 3.24 inches above normal. It was
the 25th wettest September since records began in 1898. 4.08
inches occurred on the 8th and 9th, but was no where close to a
2-day record. In the temperature department, the average monthly
temperature was 73.1 degrees, 3.2 degrees above normal, making it
the 26th warmest September on record.

...Salina...
In stark contrast to Wichita and Chanute, Salina`s September
precipitation was well below normal, tallying only 1.20 inches at
the Municipal Airport (1.50 inches below normal), making it the
17th driest September since 1948. However, like the other sites,
warmer than normal temperatures prevailed, with an average monthly
temperature of 73.1 degrees (2.9 degrees above normal), which tied
for 11th warmest September since 1948. A record high temperature
of 96 degrees was set on the 20th, with record warm lows of 76 and
75 degrees set on the 7th and 21st, respectively.

...Top Monthly Rainfall Totals Across Wichita`s Forecast Area...

Below is a list of some of the top reported rainfall totals for
the month of September across Wichita`s Forecast Area, which
encompasses central, south-central and southeast Kansas. Values
are in inches.

Rose Hill 3 ESE       18.44
Clearwater 7 N        16.27
Derby 3 N             15.74
Haysville 3 SE        15.56
Mulvane 4 SE          14.38
Rock 3 SW             13.68
Conway Springs 3 NNW  12.55
Wichita 9 E           12.55
Buffalo               12.13
Norwich 5 NNE         11.53
Wichita Eisenhower    11.30
Yates Center          11.25
Cheney                11.16
Belle Plaine 4 W      11.11
Benton 3 NW           10.96
Winfield 10 NE        10.82
Goddard               10.74
Whitewater 6 ENE      10.74
Beaumont 7 SSW        10.70
Peck 2 S              10.69
Cassoday              10.38
Garden Plain 2 SW     10.35
Humboldt              10.24
Augusta 1 S           10.21

$$
