605
CXUS53 KICT 011051
CLMSLN


CLIMATE REPORT
NATIONAL WEATHER SERVICE WICHITA KS
550 AM CDT TUE AUG 1 2017

...................................

...THE SALINA KS CLIMATE SUMMARY FOR THE MONTH OF JULY 2017...

CLIMATE NORMAL PERIOD 1981 TO 2010
CLIMATE RECORD PERIOD 1894 TO 2017

WEATHER         OBSERVED          NORMAL  DEPART  LAST YEAR`S
                 VALUE   DATE(S)  VALUE   FROM    VALUE  DATE(S)
                                          NORMAL
................................................................
TEMPERATURE (F)
RECORD
 HIGH             116   07/24/1936
                        07/18/1936
 LOW               46   07/07/1908
HIGHEST           111   07/22                        109  07/22
LOWEST             56   07/01                         66  07/15
AVG. MAXIMUM     97.6              93.0     4.6     94.7
AVG. MINIMUM     71.9              69.3     2.6     72.8
MEAN             84.7              81.1     3.6     83.7
DAYS MAX >= 90     29              20.6     8.4       25
DAYS MAX <= 32      0               0.0     0.0        0
DAYS MIN <= 32      0               0.0     0.0        0
DAYS MIN <= 0       0               0.0     0.0        0

PRECIPITATION (INCHES)
RECORD
 MAXIMUM        17.93   1993
 MINIMUM         0.00   1975
TOTALS           1.69              4.29   -2.60     2.33
DAILY AVG.       0.05              0.14   -0.09     0.08
DAYS >= .01         6               8.6    -2.6        9
DAYS >= .10         3               5.4    -2.4        6
DAYS >= .50         1               2.5    -1.5        1
DAYS >= 1.00        0               1.2    -1.2        1
GREATEST
 24 HR. TOTAL    0.70   07/26 TO 07/26

DEGREE_DAYS
HEATING TOTAL       0                 0       0        0
 SINCE 7/1          0                 0       0        0
COOLING TOTAL     621               501     120      588
.................................................................

WIND (MPH)
AVERAGE WIND SPEED              10.0
HIGHEST WIND SPEED/DIRECTION    38/340    DATE  07/22
HIGHEST GUST SPEED/DIRECTION    46/340    DATE  07/22

SKY COVER
POSSIBLE SUNSHINE (PERCENT)   MM
AVERAGE SKY COVER           0.10
NUMBER OF DAYS FAIR           27
NUMBER OF DAYS PC              4
NUMBER OF DAYS CLOUDY          0

AVERAGE RH (PERCENT)     56

WEATHER CONDITIONS. NUMBER OF DAYS WITH
THUNDERSTORM              6     MIXED PRECIP               0
HEAVY RAIN                3     RAIN                       3
LIGHT RAIN                6     FREEZING RAIN              0
LT FREEZING RAIN          0     HAIL                       0
HEAVY SNOW                0     SNOW                       0
LIGHT SNOW                0     SLEET                      0
FOG                       2     FOG W/VIS <= 1/4 MILE      0
HAZE                      0

-  INDICATES NEGATIVE NUMBERS.
R  INDICATES RECORD WAS SET OR TIED.
MM INDICATES DATA IS MISSING.
T  INDICATES TRACE AMOUNT.

$$
