000
CXUS53 KICT 011020
CLMSLN

CLIMATE REPORT
NATIONAL WEATHER SERVICE WICHITA KS
520 AM CDT MON AUG 1 2016

...................................

...THE SALINA KS CLIMATE SUMMARY FOR THE MONTH OF JULY 2016...

CLIMATE NORMAL PERIOD 1981 TO 2010
CLIMATE RECORD PERIOD 1894 TO 2016

WEATHER         OBSERVED          NORMAL  DEPART  LAST YEAR`S
                 VALUE   DATE(S)  VALUE   FROM    VALUE  DATE(S)
                                          NORMAL
................................................................
TEMPERATURE (F)
RECORD
 HIGH             116   07/24/1936
                        07/18/1936
 LOW               46   07/07/1908
HIGHEST           109   07/22                        107  07/24
LOWEST             66   07/15                         57  07/08
AVG. MAXIMUM     94.7              93.0     1.7     93.9
AVG. MINIMUM     72.8              69.3     3.5     71.1
MEAN             83.7              81.1     2.6     82.5
DAYS MAX >= 90     25              20.6     4.4       21
DAYS MAX <= 32      0               0.0     0.0        0
DAYS MIN <= 32      0               0.0     0.0        0
DAYS MIN <= 0       0               0.0     0.0        0

PRECIPITATION (INCHES)
RECORD
 MAXIMUM        17.93   1993
 MINIMUM         0.00   1975
TOTALS           2.33              4.29   -1.96     3.86
DAILY AVG.       0.08              0.14   -0.06     0.12
DAYS >= .01         9               8.6     0.4       10
DAYS >= .10         6               5.4     0.6        7
DAYS >= .50         1               2.5    -1.5        2
DAYS >= 1.00        1               1.2    -0.2        1
GREATEST
 24 HR. TOTAL    1.16   07/02 TO 07/03

DEGREE_DAYS
HEATING TOTAL       0                 0       0        0
 SINCE 7/1          0                 0       0        0
COOLING TOTAL     588               501      87      550
.................................................................

WIND (MPH)
AVERAGE WIND SPEED              10.7
HIGHEST WIND SPEED/DIRECTION    51/330    DATE  07/12
HIGHEST GUST SPEED/DIRECTION    65/330    DATE  07/12

SKY COVER
POSSIBLE SUNSHINE (PERCENT)   MM
AVERAGE SKY COVER           0.20
NUMBER OF DAYS FAIR           24
NUMBER OF DAYS PC              6
NUMBER OF DAYS CLOUDY          1

AVERAGE RH (PERCENT)     64

WEATHER CONDITIONS. NUMBER OF DAYS WITH
THUNDERSTORM              0     MIXED PRECIP               0
HEAVY RAIN                4     RAIN                       4
LIGHT RAIN               12     FREEZING RAIN              0
LT FREEZING RAIN          0     HAIL                       0
HEAVY SNOW                0     SNOW                       0
LIGHT SNOW                0     SLEET                      0
FOG                       9     FOG W/VIS <= 1/4 MILE      0
HAZE                      2

-  INDICATES NEGATIVE NUMBERS.
R  INDICATES RECORD WAS SET OR TIED.
MM INDICATES DATA IS MISSING.
T  INDICATES TRACE AMOUNT.

$$
