000
CXUS53 KICT 011558
CLMSLN


CLIMATE REPORT
NATIONAL WEATHER SERVICE WICHITA KS
1038 AM CDT WED OCT 1 2014

...................................

...THE SALINA KS CLIMATE SUMMARY FOR THE MONTH OF SEPTEMBER 2014...

CLIMATE NORMAL PERIOD 1981 TO 2010
CLIMATE RECORD PERIOD 1894 TO 2014

WEATHER         OBSERVED          NORMAL  DEPART  LAST YEAR`S
                 VALUE   DATE(S)  VALUE   FROM    VALUE  DATE(S)
                                          NORMAL
................................................................
TEMPERATURE (F)
RECORD
 HIGH             110   09/02/2000
 LOW               28   09/20/1918
                        09/29/1916
                        09/30/1912
HIGHEST            98   09/09                        104  09/07
LOWEST             35   09/13                         44  09/29
AVG. MAXIMUM     81.4              81.9    -0.5     87.6
AVG. MINIMUM     58.9              58.4     0.5     61.3
MEAN             70.2              70.2     0.0     74.4
DAYS MAX >= 90      6               6.8    -0.8       14
DAYS MAX <= 32      0               0.0     0.0        0
DAYS MIN <= 32      0               0.0     0.0        0
DAYS MIN <= 0       0               0.0     0.0        0

PRECIPITATION (INCHES)
RECORD
 MAXIMUM        12.05   1967
 MINIMUM         0.12   1969
                        1947
TOTALS           4.14              2.70    1.44     1.63
DAILY AVG.       0.14              0.09    0.05     0.05
DAYS >= .01         8               6.9     1.1        5
DAYS >= .10         5               4.5     0.5        4
DAYS >= .50         3               1.8     1.2        1
DAYS >= 1.00        1               0.7     0.3        0
GREATEST
 24 HR. TOTAL    2.60   08/31 TO 09/01

DEGREE_DAYS
HEATING TOTAL      40                51     -11        9
 SINCE 7/1         40                52     -12       12
COOLING TOTAL     200               205      -5      301
 SINCE 1/1       1758              1612     146        M
.................................................................

WIND (MPH)
AVERAGE WIND SPEED              10.2
HIGHEST WIND SPEED/DIRECTION    40/360    DATE  09/18
HIGHEST GUST SPEED/DIRECTION    49/360    DATE  09/18

SKY COVER
POSSIBLE SUNSHINE (PERCENT)   MM
AVERAGE SKY COVER           0.30
NUMBER OF DAYS FAIR           19
NUMBER OF DAYS PC              8
NUMBER OF DAYS CLOUDY          3

AVERAGE RH (PERCENT)     67

WEATHER CONDITIONS. NUMBER OF DAYS WITH
THUNDERSTORM              9     MIXED PRECIP               0
HEAVY RAIN                5     RAIN                       7
LIGHT RAIN                9     FREEZING RAIN              0
LT FREEZING RAIN          0     HAIL                       0
HEAVY SNOW                0     SNOW                       0
LIGHT SNOW                0     SLEET                      0
FOG                      11     FOG W/VIS <= 1/4 MILE      1
HAZE                      4

-  INDICATES NEGATIVE NUMBERS.
R  INDICATES RECORD WAS SET OR TIED.
MM INDICATES DATA IS MISSING.
T  INDICATES TRACE AMOUNT.

$$
