000
CXUS53 KICT 011714
CLMSLN

CLIMATE REPORT
NATIONAL WEATHER SERVICE WICHITA KS
1213 PM CDT TUE APR 1 2014

...................................

...THE SALINA KS CLIMATE SUMMARY FOR THE MONTH OF MARCH 2014...

CLIMATE NORMAL PERIOD 1981 TO 2010
CLIMATE RECORD PERIOD 1894 TO 2014

WEATHER         OBSERVED          NORMAL  DEPART  LAST YEAR`S
                 VALUE   DATE(S)  VALUE   FROM    VALUE  DATE(S)
                                          NORMAL
................................................................
TEMPERATURE (F)
RECORD
 HIGH              96   MM
 LOW                0   03/03/2014
HIGHEST            81   03/10                         87  03/15
LOWEST              0R  03/03                         15  03/26
AVG. MAXIMUM     55.6              57.0    -1.4     53.2
AVG. MINIMUM     26.4              33.9    -7.5     29.7
MEAN             41.0              45.4    -4.4     41.5
DAYS MAX >= 90      0               0.0     0.0        0
DAYS MAX <= 32      3               0.9     2.1        0
DAYS MIN <= 32     22              13.0     9.0       21
DAYS MIN <= 0       1               0.0     1.0        0

PRECIPITATION (INCHES)
RECORD
 MAXIMUM        10.82   1973
 MINIMUM           MM   MM
TOTALS           0.30              2.39   -2.09     0.62
DAILY AVG.       0.01              0.08   -0.07     0.02
DAYS >= .01         4               7.7    -3.7        4
DAYS >= .10         2               4.5    -2.5        2
DAYS >= .50         0               1.6    -1.6        0
DAYS >= 1.00        0               0.6    -0.6        0
GREATEST
 24 HR. TOTAL    0.13   03/01 TO 03/01

DEGREE_DAYS
HEATING TOTAL     735               609     126      722
 SINCE 7/1       4985              4450     535     4344
COOLING TOTAL       0                 2      -2        0
.................................................................

WIND (MPH)
AVERAGE WIND SPEED              13.9
HIGHEST WIND SPEED/DIRECTION    46/190    DATE  03/26
HIGHEST GUST SPEED/DIRECTION    57/200    DATE  03/26

SKY COVER
POSSIBLE SUNSHINE (PERCENT)   MM
AVERAGE SKY COVER           0.30
NUMBER OF DAYS FAIR           19
NUMBER OF DAYS PC             10
NUMBER OF DAYS CLOUDY          2

AVERAGE RH (PERCENT)     54

WEATHER CONDITIONS. NUMBER OF DAYS WITH
THUNDERSTORM              0     MIXED PRECIP               0
HEAVY RAIN                0     RAIN                       0
LIGHT RAIN                8     FREEZING RAIN              0
LT FREEZING RAIN          1     HAIL                       1
HEAVY SNOW                0     SNOW                       0
LIGHT SNOW               12     SLEET                      1
FOG                       9     FOG W/VIS <= 1/4 MILE      1
HAZE                     11

-  INDICATES NEGATIVE NUMBERS.
R  INDICATES RECORD WAS SET OR TIED.
MM INDICATES DATA IS MISSING.
T  INDICATES TRACE AMOUNT.

$$
