000
CXUS53 KICT 011014
CLMSLN


CLIMATE REPORT
NATIONAL WEATHER SERVICE WICHITA KS
512 AM CDT TUE OCT 1 2013

...................................

...THE SALINA KS CLIMATE SUMMARY FOR THE MONTH OF SEPTEMBER 2013...

CLIMATE NORMAL PERIOD 1981 TO 2010
CLIMATE RECORD PERIOD 1894 TO 2013

WEATHER         OBSERVED          NORMAL  DEPART  LAST YEAR`S
                 VALUE   DATE(S)  VALUE   FROM    VALUE  DATE(S)
                                          NORMAL
................................................................
TEMPERATURE (F)
RECORD
 HIGH             110   09/02/2000
 LOW               28   09/20/1918
                        09/29/1916
                        09/30/1912
HIGHEST           104   09/07                        102  09/03
                                                          09/02
LOWEST             44   09/29                         43  09/23
AVG. MAXIMUM     87.6              81.9     5.7     82.6
AVG. MINIMUM     61.3              58.4     2.9     55.2
MEAN             74.4              70.2     4.2     68.9
DAYS MAX >= 90     14               6.8     7.2       10
DAYS MAX <= 32      0               0.0     0.0        0
DAYS MIN <= 32      0               0.0     0.0        0
DAYS MIN <= 0       0               0.0     0.0        0

PRECIPITATION (INCHES)
RECORD
 MAXIMUM        12.05   1967
 MINIMUM           MM   MM
TOTALS           1.63              2.70   -1.07     2.06
DAILY AVG.       0.05              0.09   -0.04     0.07
DAYS >= .01         5               6.9    -1.9        7
DAYS >= .10         4               4.5    -0.5        5
DAYS >= .50         1               1.8    -0.8        1
DAYS >= 1.00        0               0.7    -0.7        1
GREATEST
 24 HR. TOTAL    0.80   09/11 TO 09/12

DEGREE_DAYS
HEATING TOTAL       9                51     -42       35
 SINCE 7/1         12                52     -40       35
COOLING TOTAL     301               205      96      159
.................................................................

WIND (MPH)
AVERAGE WIND SPEED              10.3
HIGHEST WIND SPEED/DIRECTION    33/160    DATE  09/23
HIGHEST GUST SPEED/DIRECTION    41/170    DATE  09/26

SKY COVER
POSSIBLE SUNSHINE (PERCENT)   MM
AVERAGE SKY COVER           0.20
NUMBER OF DAYS FAIR           26
NUMBER OF DAYS PC              2
NUMBER OF DAYS CLOUDY          2

AVERAGE RH (PERCENT)     59

WEATHER CONDITIONS. NUMBER OF DAYS WITH
THUNDERSTORM              0     MIXED PRECIP               0
HEAVY RAIN                3     RAIN                       4
LIGHT RAIN                7     FREEZING RAIN              0
LT FREEZING RAIN          0     HAIL                       0
HEAVY SNOW                0     SNOW                       0
LIGHT SNOW                0     SLEET                      0
FOG                       6     FOG W/VIS <= 1/4 MILE      0
HAZE                      3

-  INDICATES NEGATIVE NUMBERS.
R  INDICATES RECORD WAS SET OR TIED.
MM INDICATES DATA IS MISSING.
T  INDICATES TRACE AMOUNT.

$$
