000
CXUS53 KICT 021351
CLMSLN

CLIMATE REPORT
NATIONAL WEATHER SERVICE WICHITA KS
850 AM CDT TUE MAY 2 2017

...................................

...THE SALINA KS CLIMATE SUMMARY FOR THE MONTH OF APRIL 2017...

CLIMATE NORMAL PERIOD 1981 TO 2010
CLIMATE RECORD PERIOD 1894 TO 2017

WEATHER         OBSERVED          NORMAL  DEPART  LAST YEAR`S
                 VALUE   DATE(S)  VALUE   FROM    VALUE  DATE(S)
                                          NORMAL
................................................................
TEMPERATURE (F)
RECORD
 HIGH             105   04/23/1989
 LOW                5   04/03/1926
HIGHEST            86   04/15                         89  04/05
LOWEST             30   04/27                         27  04/02
                                                          04/01
AVG. MAXIMUM     68.7              67.1     1.6     72.1
AVG. MINIMUM     46.7              43.2     3.5     44.9
MEAN             57.7              55.2     2.5     58.5
DAYS MAX >= 90      0               0.6    -0.6        0
DAYS MAX <= 32      0               0.0     0.0        0
DAYS MIN <= 32      1               3.0    -2.0        4
DAYS MIN <= 0       0               0.0     0.0        0

PRECIPITATION (INCHES)
RECORD
 MAXIMUM         7.30   1885
 MINIMUM         0.21   1937
TOTALS           3.65              3.05    0.60     4.37
DAILY AVG.       0.12              0.10    0.02     0.15
DAYS >= .01        13               8.4     4.6       12
DAYS >= .10         7               5.5     1.5        7
DAYS >= .50         3               2.1     0.9        4
DAYS >= 1.00        0               0.7    -0.7        1
GREATEST
 24 HR. TOTAL    0.96   04/04 TO 04/05

DEGREE_DAYS
HEATING TOTAL     249               318     -69      214
 SINCE 7/1       3377              4768   -1391     3618
COOLING TOTAL      40                23      17       28
.................................................................

WIND (MPH)
AVERAGE WIND SPEED              12.7
HIGHEST WIND SPEED/DIRECTION    38/190    DATE  04/24
HIGHEST GUST SPEED/DIRECTION    52/200    DATE  04/24

SKY COVER
POSSIBLE SUNSHINE (PERCENT)   MM
AVERAGE SKY COVER           0.40
NUMBER OF DAYS FAIR           14
NUMBER OF DAYS PC              9
NUMBER OF DAYS CLOUDY          7

AVERAGE RH (PERCENT)     68

WEATHER CONDITIONS. NUMBER OF DAYS WITH
THUNDERSTORM              8     MIXED PRECIP               0
HEAVY RAIN                4     RAIN                       4
LIGHT RAIN               14     FREEZING RAIN              0
LT FREEZING RAIN          0     HAIL                       0
HEAVY SNOW                0     SNOW                       0
LIGHT SNOW                0     SLEET                      0
FOG                       9     FOG W/VIS <= 1/4 MILE      0
HAZE                      5

-  INDICATES NEGATIVE NUMBERS.
R  INDICATES RECORD WAS SET OR TIED.
MM INDICATES DATA IS MISSING.
T  INDICATES TRACE AMOUNT.

$$

ES
