000
CXUS53 KICT 011808
CLMSLN


CLIMATE REPORT
NATIONAL WEATHER SERVICE WICHITA KS
1204 PM CST WED JAN 1 2014

...................................

...THE SALINA KS CLIMATE SUMMARY FOR THE MONTH OF DECEMBER 2013...

CLIMATE NORMAL PERIOD 1981 TO 2010
CLIMATE RECORD PERIOD 1894 TO 2013

WEATHER         OBSERVED          NORMAL  DEPART  LAST YEAR`S
                 VALUE   DATE(S)  VALUE   FROM    VALUE  DATE(S)
                                          NORMAL
................................................................
TEMPERATURE (F)
RECORD
 HIGH              81   12/06/1939
 LOW              -24   12/22/1989
HIGHEST            70   12/03                         66  12/02
LOWEST             -5   12/23                          6  12/29
                                                          12/26
                                                          12/10
AVG. MAXIMUM     40.4              42.4    -2.0     46.5
AVG. MINIMUM     14.7              22.3    -7.6     22.1
MEAN             27.5              32.3    -4.8     34.3
DAYS MAX >= 90      0               0.0     0.0        0
DAYS MAX <= 32     12               6.1     5.9        5
DAYS MIN <= 32     31              26.8     4.2       26
DAYS MIN <= 0       2               1.3     0.7        0

PRECIPITATION (INCHES)
RECORD
 MAXIMUM         3.92   1913
 MINIMUM           MM   MM
TOTALS             MM              0.94      MM     0.11
DAILY AVG.         MM              0.03      MM     0.00
DAYS >= .01        MM               5.1      MM        4
DAYS >= .10        MM               2.3      MM        0
DAYS >= .50        MM               0.4      MM        0
DAYS >= 1.00       MM               0.1      MM        0
GREATEST
 24 HR. TOTAL      MM

DEGREE_DAYS
HEATING TOTAL    1152              1012     140      942
 SINCE 7/1       2140              1964     176     1777
COOLING TOTAL       0                 0       0        0
.................................................................

WIND (MPH)
AVERAGE WIND SPEED              9.3
HIGHEST WIND SPEED/DIRECTION    39/350    DATE  12/29
HIGHEST GUST SPEED/DIRECTION    45/350    DATE  12/29

SKY COVER
POSSIBLE SUNSHINE (PERCENT)   MM
AVERAGE SKY COVER             MM
NUMBER OF DAYS FAIR           18
NUMBER OF DAYS PC              9
NUMBER OF DAYS CLOUDY          4

AVERAGE RH (PERCENT)     64

WEATHER CONDITIONS. NUMBER OF DAYS WITH
THUNDERSTORM              0     MIXED PRECIP               0
HEAVY RAIN                0     RAIN                       0
LIGHT RAIN                2     FREEZING RAIN              0
LT FREEZING RAIN          3     HAIL                       0
HEAVY SNOW                1     SNOW                       1
LIGHT SNOW               15     SLEET                      0
FOG                      10     FOG W/VIS <= 1/4 MILE      3
HAZE                     11

-  INDICATES NEGATIVE NUMBERS.
R  INDICATES RECORD WAS SET OR TIED.
MM INDICATES DATA IS MISSING.
T  INDICATES TRACE AMOUNT.

$$
