000
CXUS53 KICT 011602
CLMSLN


CLIMATE REPORT
NATIONAL WEATHER SERVICE WICHITA KS
1058 AM CDT MON JUN 1 2015

...................................

...THE SALINA KS CLIMATE SUMMARY FOR THE MONTH OF MAY 2015...

CLIMATE NORMAL PERIOD 1981 TO 2010
CLIMATE RECORD PERIOD 1894 TO 2015

WEATHER         OBSERVED          NORMAL  DEPART  LAST YEAR`S
                 VALUE   DATE(S)  VALUE   FROM    VALUE  DATE(S)
                                          NORMAL
................................................................
TEMPERATURE (F)
RECORD
 HIGH             106   05/23/1939
 LOW               19   05/01/1909
HIGHEST            88   05/03                        101  05/06
LOWEST             36   05/12                         32  05/02
AVG. MAXIMUM     73.8              76.5    -2.7     81.5
AVG. MINIMUM     54.2              54.0     0.2     54.4
MEAN             64.0              65.3    -1.3     67.9
DAYS MAX >= 90      0               2.0    -2.0        8
DAYS MAX <= 32      0               0.0     0.0        0
DAYS MIN <= 32      0               0.0     0.0        1
DAYS MIN <= 0       0               0.0     0.0        0

PRECIPITATION (INCHES)
RECORD
 MAXIMUM        17.34   1903
 MINIMUM         0.25   1966
TOTALS           8.28              4.75    3.53     3.95
DAILY AVG.       0.27              0.15    0.12     0.13
DAYS >= .01        20              10.9     9.1        6
DAYS >= .10        15               7.3     7.7        4
DAYS >= .50         6               3.1     2.9        2
DAYS >= 1.00        1               1.5    -0.5        1
GREATEST
 24 HR. TOTAL    1.87   05/04 TO 05/04

DEGREE_DAYS
HEATING TOTAL      99                96       3       99
 SINCE 7/1       4660              4864    -204     5397
COOLING TOTAL      78               103     -25      196
.................................................................

WIND (MPH)
AVERAGE WIND SPEED              11.2
HIGHEST WIND SPEED/DIRECTION    46/200    DATE  05/25
HIGHEST GUST SPEED/DIRECTION    57/200    DATE  05/25

SKY COVER
POSSIBLE SUNSHINE (PERCENT)   MM
AVERAGE SKY COVER           0.50
NUMBER OF DAYS FAIR           12
NUMBER OF DAYS PC             13
NUMBER OF DAYS CLOUDY          6

AVERAGE RH (PERCENT)     70

WEATHER CONDITIONS. NUMBER OF DAYS WITH
THUNDERSTORM             11     MIXED PRECIP               0
HEAVY RAIN               14     RAIN                      13
LIGHT RAIN               19     FREEZING RAIN              0
LT FREEZING RAIN          0     HAIL                       0
HEAVY SNOW                0     SNOW                       0
LIGHT SNOW                0     SLEET                      0
FOG                      17     FOG W/VIS <= 1/4 MILE      1
HAZE                      5

-  INDICATES NEGATIVE NUMBERS.
R  INDICATES RECORD WAS SET OR TIED.
MM INDICATES DATA IS MISSING.
T  INDICATES TRACE AMOUNT.

$$
