630
CXUS53 KICT 011636
CLMSLN

CLIMATE REPORT
NATIONAL WEATHER SERVICE WICHITA KS
1136 AM CDT WED JUN 1 2016

...................................

...THE SALINA KS CLIMATE SUMMARY FOR THE MONTH OF MAY 2016...

CLIMATE NORMAL PERIOD 1981 TO 2010
CLIMATE RECORD PERIOD 1894 TO 2016

WEATHER         OBSERVED          NORMAL  DEPART  LAST YEAR`S
                 VALUE   DATE(S)  VALUE   FROM    VALUE  DATE(S)
                                          NORMAL
................................................................
TEMPERATURE (F)
RECORD
 HIGH             106   05/23/1939
 LOW               19   05/01/1909
HIGHEST            88   05/29                         88  05/03
                        05/25
LOWEST             41   05/15                         36  05/12
                        05/03
AVG. MAXIMUM     76.6              76.5     0.1     73.8
AVG. MINIMUM     52.2              54.0    -1.8     54.2
MEAN             64.4              65.3    -0.9     64.0
DAYS MAX >= 90      0               2.0    -2.0        0
DAYS MAX <= 32      0               0.0     0.0        0
DAYS MIN <= 32      0               0.0     0.0        0
DAYS MIN <= 0       0               0.0     0.0        0

PRECIPITATION (INCHES)
RECORD
 MAXIMUM        17.34   1903
 MINIMUM         0.25   1966
TOTALS           5.51              4.75    0.76     8.28
DAILY AVG.       0.18              0.15    0.03     0.27
DAYS >= .01        11              10.9     0.1       20
DAYS >= .10         9               7.3     1.7       15
DAYS >= .50         4               3.1     0.9        6
DAYS >= 1.00        2               1.5     0.5        1
GREATEST
 24 HR. TOTAL    1.91   05/26 TO 05/27

DEGREE_DAYS
HEATING TOTAL     100                96       4       99
 SINCE 7/1       3718              4864   -1146     4660
COOLING TOTAL      91               103     -12       78
.................................................................

WIND (MPH)
AVERAGE WIND SPEED              9.9
HIGHEST WIND SPEED/DIRECTION    47/270    DATE  05/24
HIGHEST GUST SPEED/DIRECTION    62/260    DATE  05/24

SKY COVER
POSSIBLE SUNSHINE (PERCENT)    0
AVERAGE SKY COVER           0.40
NUMBER OF DAYS FAIR           15
NUMBER OF DAYS PC             12
NUMBER OF DAYS CLOUDY          4

AVERAGE RH (PERCENT)     65

WEATHER CONDITIONS. NUMBER OF DAYS WITH
THUNDERSTORM             11     MIXED PRECIP               0
HEAVY RAIN                7     RAIN                       8
LIGHT RAIN               14     FREEZING RAIN              0
LT FREEZING RAIN          0     HAIL                       0
HEAVY SNOW                0     SNOW                       0
LIGHT SNOW                0     SLEET                      0
FOG                      11     FOG W/VIS <= 1/4 MILE      0
HAZE                      6

-  INDICATES NEGATIVE NUMBERS.
R  INDICATES RECORD WAS SET OR TIED.
MM INDICATES DATA IS MISSING.
T  INDICATES TRACE AMOUNT.

&&

...May Proves Relatively Wet and Cool Across Kansas...

With the exception of portions of northern and northeast Kansas, the
first half of May was drier than normal across much of the Sunflower
State. However, the large scale atmospheric pattern changed for the
second half of May, supporting periodic bouts of numerous showers
and thunderstorms across the state. As is typical for Kansas, this
activity produced frequent occurrences of severe weather in the form
of large hail, damaging winds, tornadoes and very heavy rainfall.
With the exception of far southeast Kansas, monthly rainfall ended
up above normal for much of the eastern half of the state, with some
areas receiving greater than 175 percent of normal rainfall. In
contrast, the western third of Kansas experienced a drier than
normal May, with portions of southwest Kansas receiving less than 25
percent of normal rainfall. The widespread clouds and precipitation
resulted in a mostly cooler than normal May, with monthly average
temperatures across much of Kansas at least 1 to 2 degrees below
normal, and pockets greater than 3 degrees below normal.

Below are a handful of monthly precipitation totals from across the
state and their associated departures from normal. Units are in
inches:

Wichita:     7.06 (+2.49) 19th Wettest Since 1888
Chanute:     3.83 (-1.97)
Salina:      5.51 (+0.76)
Dodge City:  2.41 (-0.44)
Garden City: 0.70 (-2.18) 8th Driest Since 1947
Goodland:    1.96 (-0.99)
Topeka:      8.82 (+3.91) 11th Wettest Since 1888
Concordia:   8.26 (+4.10) 10th Wettest Since 1885

$$
