000
CXUS53 KICT 011405
CLMSLN


CLIMATE REPORT
NATIONAL WEATHER SERVICE WICHITA KS
857 AM CDT TUE SEP 1 2015

...................................

...THE SALINA KS CLIMATE SUMMARY FOR THE MONTH OF AUGUST 2015...

CLIMATE NORMAL PERIOD 1981 TO 2010
CLIMATE RECORD PERIOD 1894 TO 2015

WEATHER         OBSERVED          NORMAL  DEPART  LAST YEAR`S
                 VALUE   DATE(S)  VALUE   FROM    VALUE  DATE(S)
                                          NORMAL
................................................................
TEMPERATURE (F)
RECORD
 HIGH             118   08/13/1936
 LOW               42   08/28/1916
                        08/27/1916
                        08/30/1915
HIGHEST            97   08/02                        102  08/24
LOWEST             52   08/20                         59  08/13
                                                          08/12
AVG. MAXIMUM     88.8              91.1    -2.3     94.5
AVG. MINIMUM     64.8              68.1    -3.3     68.9
MEAN             76.8              79.6    -2.8     81.7
DAYS MAX >= 90     14              17.4    -3.4       25
DAYS MAX <= 32      0               0.0     0.0        0
DAYS MIN <= 32      0               0.0     0.0        0
DAYS MIN <= 0       0               0.0     0.0        0

PRECIPITATION (INCHES)
RECORD
 MAXIMUM        13.75   1977
 MINIMUM         0.04   2007
TOTALS           3.89              3.95   -0.06     4.97
DAILY AVG.       0.13              0.13    0.00     0.16
DAYS >= .01         7               7.8    -0.8       12
DAYS >= .10         4               5.5    -1.5        7
DAYS >= .50         2               2.2    -0.2        2
DAYS >= 1.00        2               1.0     1.0        1
GREATEST
 24 HR. TOTAL    2.19   08/04 TO 08/05

DEGREE_DAYS
HEATING TOTAL       0                 1      -1        0
 SINCE 7/1          0                 1      -1        0
COOLING TOTAL     374               453     -79      526
.................................................................

WIND (MPH)
AVERAGE WIND SPEED              8.6
HIGHEST WIND SPEED/DIRECTION    45/320    DATE  08/22
HIGHEST GUST SPEED/DIRECTION    60/320    DATE  08/22

SKY COVER
POSSIBLE SUNSHINE (PERCENT)   MM
AVERAGE SKY COVER           0.20
NUMBER OF DAYS FAIR           26
NUMBER OF DAYS PC              5
NUMBER OF DAYS CLOUDY          0

AVERAGE RH (PERCENT)     65

WEATHER CONDITIONS. NUMBER OF DAYS WITH
THUNDERSTORM              6     MIXED PRECIP               0
HEAVY RAIN                2     RAIN                       3
LIGHT RAIN                8     FREEZING RAIN              0
LT FREEZING RAIN          0     HAIL                       0
HEAVY SNOW                0     SNOW                       0
LIGHT SNOW                0     SLEET                      0
FOG                      10     FOG W/VIS <= 1/4 MILE      3
HAZE                      6

-  INDICATES NEGATIVE NUMBERS.
R  INDICATES RECORD WAS SET OR TIED.
MM INDICATES DATA IS MISSING.
T  INDICATES TRACE AMOUNT.

$$
