000
CXUS53 KICT 061508 AAB
CLMSLN

CLIMATE REPORT...UPDATED NARRATIVE
NATIONAL WEATHER SERVICE WICHITA KS
907 AM CST SUN MAR 6 2016

...................................

...THE SALINA KS CLIMATE SUMMARY FOR THE MONTH OF FEBRUARY 2016...

CLIMATE NORMAL PERIOD 1981 TO 2010
CLIMATE RECORD PERIOD 1894 TO 2016

WEATHER         OBSERVED          NORMAL  DEPART  LAST YEAR`S
                 VALUE   DATE(S)  VALUE   FROM    VALUE  DATE(S)
                                          NORMAL
................................................................
TEMPERATURE (F)
RECORD
 HIGH              84   02/28/2006
                        02/14/1954
                        02/24/1918
 LOW              -31   02/13/1905
HIGHEST            79   02/18                         74  02/07
LOWEST             17   02/26                          6  02/02
AVG. MAXIMUM     56.7              46.5    10.2     43.5
AVG. MINIMUM     28.1              24.6     3.5     19.0
MEAN             42.4              35.5     6.9     31.2
DAYS MAX >= 90      0               0.0     0.0        0
DAYS MAX <= 32      0               4.1    -4.1        8
DAYS MIN <= 32     23              21.1     1.9       27
DAYS MIN <= 0       0               0.9    -0.9        0

PRECIPITATION (INCHES)
RECORD
 MAXIMUM         4.68   1911
 MINIMUM         0.00   2006
                        1963
                        1917
TOTALS           0.52              1.17   -0.65     0.24
DAILY AVG.       0.02              0.04   -0.02     0.01
DAYS >= .01         3               5.5    -2.5        4
DAYS >= .10         1               2.7    -1.7        1
DAYS >= .50         0               0.6    -0.6        0
DAYS >= 1.00        0               0.1    -0.1        0
GREATEST
 24 HR. TOTAL    0.48   02/01 TO 02/02

DEGREE_DAYS
HEATING TOTAL     647               825    -178      937
 SINCE 7/1       2986              3866    -880     3829
COOLING TOTAL       0                 0       0        0
.................................................................

WIND (MPH)
AVERAGE WIND SPEED              12.1
HIGHEST WIND SPEED/DIRECTION    43/330    DATE  02/08
HIGHEST GUST SPEED/DIRECTION    52/300    DATE  02/19

SKY COVER
POSSIBLE SUNSHINE (PERCENT)   MM
AVERAGE SKY COVER           0.20
NUMBER OF DAYS FAIR           22
NUMBER OF DAYS PC              6
NUMBER OF DAYS CLOUDY          1

AVERAGE RH (PERCENT)     52

WEATHER CONDITIONS. NUMBER OF DAYS WITH
THUNDERSTORM              0     MIXED PRECIP               0
HEAVY RAIN                1     RAIN                       2
LIGHT RAIN                4     FREEZING RAIN              0
LT FREEZING RAIN          0     HAIL                       0
HEAVY SNOW                0     SNOW                       0
LIGHT SNOW                3     SLEET                      0
FOG                       1     FOG W/VIS <= 1/4 MILE      0
HAZE                      1

-  INDICATES NEGATIVE NUMBERS.
R  INDICATES RECORD WAS SET OR TIED.
MM INDICATES DATA IS MISSING.
T  INDICATES TRACE AMOUNT.

&&

...FEBRUARY 2016 MUCH WARMER AND DRIER THAN NORMAL AREAWIDE...

FEBRUARY 2016 WILL BE REMEMBERED FOR BEING USUALLY WARM AND DRY FOR
MOST OF THE MONTH. THIS WAS ESPECIALLY TRUE DURING THE LATTER HALF
OF THE MONTH WHEN MANY AREAS HAD AN EARLY SAMPLING OF SPRING.

FOR MOST AREAS...THE WARMEST PERIOD WAS FROM THE 17TH TO THE 20TH...
WHEN AVERAGE DAILY TEMPERATURES IN MOST AREAS WERE AROUND 15 TO AN
AMAZING 30 DEGREES ABOVE NORMAL.

IT WAS ON THE 18TH WHEN THE REGION FELT THE HEAT THE GREATEST.
TEMPERATURES AT RUSSELL AND GREAT BEND SOARED TO 88 DEGREES. THESE
HIGH TEMPERATURES WERE A STAGGERING 41.7 AND 37.3 DEGREES ABOVE
NORMAL...RESPECTIVELY. AT RUSSELL...THE 88 DEGREE HIGH NOT ONLY SET
A RECORD FOR THE 18TH...WHEN IT TORCHED THE RECORD OF 73 SET IN 2014
BY 15 DEGREES...BUT SET A FEBRUARY RECORD BY BREAKING THE MARK OF 85
DEGREES SET IN 1970 AND 1972 WHEN THE HIGHS REACHED 85 ON THE 17TH
AND 29TH...RESPECTIVELY. ON THE 18TH RUSSELL`S AVERAGE TEMPERATURE
WAS 68 DEGREES...A WHOPPING 33.5 DEGREES ABOVE NORMAL!

RECORD HIGHS SET ON THE 18TH WERE:

             PREVIOUS RECORD
RUSSELL:  88    73 IN 2014
SALINA:   79    79 IN 1930 (TIED)
WICHITA:  77    74 IN 1930
CHANUTE:  76    74 IN 1930

THE RECORD-SETTING WARMTH OF THE 18TH LED TO A MILD NIGHT AND EARLY
MORNING FROM THE 18TH TO THE 19TH. RUSSELL SET A WARMEST LOW RECORD
ON THE 19TH WHEN THE LOW WAS ONLY 45 DEGREES. THIS BROKE THE RECORD
OF 41 SET IN 1983.

NOTE: RUSSELL`S CLIMATE RECORD ONLY DATES TO SEPTEMBER 1ST 1949.

RECORD WARMTH ALSO OCCURRED ON THE 27TH WHEN SOUTHERLY WINDS...FROM
20 TO 30 MPH WITH 30 TO 40 MPH GUSTS SENT HIGHS WELL INTO THE MID
70S.

RECORD HIGHS SET ON THE 27TH WERE:

           PREVIOUS RECORD
SALINA:  78   76 IN 1932
RUSSELL: 78   76 IN 1976

SALINA EXPERIENCED ITS 9TH WARMEST FEBRUARY WITH AN AVERAGE OF 42.4
DEGREES. THE 10 WARMEST FEBRUARIES ARE:

1ST:   49.2 IN 1930
2ND:   44.4 IN 1946
3RD:   44.3 IN 1954
4TH:   44.1 IN 1999
5TH:   44.0 IN 1976
6TH:   43.1 IN 1931
7TH:   42.8 IN 1992 (TIED)
7TH:   42.8 IN 1991 (TIED)
9TH:   42.4 IN 2016**
10TH:  41.9 IN 1943

PRECIPITATION:

THE VAST MAJORITY OF THE PRECIPITATION OCCURRED ON THE 1ST AND 2ND
WHEN THE ONLY WINTER EVENT OF THE MONTH OCCURRED.

ON THE 1ST...AN INTENSE CYCLONE MOVED EAST ACROSS WESTERN KANSAS. ON
THE 2ND...THE CYCLONE LIFTED NORTHEAST TOWARD THE UPPER MISSISSIPPI
VALLEY...ENABLING COLDER AIR TO SPREAD SOUTH ACROSS THE REGION. THE
NORTHWEST WINDS WRAPPING AROUND THE DEPARTING CYCLONE WERE STRONG
...ESPECIALLY ON THE 2ND AND 3RD...AND ALTHOUGH SNOW AMOUNTS ON THE
2ND WERE NO MORE THAN 3 INCHES...THE NORTHWEST WINDS...SUSTAINED
FROM 30 TO 40 MPH WITH 40 TO 50 MPH GUSTS...NO DOUBT CAUSED
WIDESPREAD BLOWING AND DRIFTING IN PRIMARILY RUSSELL AND LINCOLN
COUNTIES.

ACROSS PARTS OF SOUTH-CENTRAL AND SOUTHEAST KANSAS...SHOWERS AND A
FEW THUNDERSTORMS OCCURRED ON THE 1ST AND 2ND.

RECORDS WERE ALSO SET OR TIED IN THE PRECIPITATION DEPARTMENT. THOSE
RECORDS WERE IN WICHITA AND APPEAR BELOW.

PRECIPITATION (WATER EQUIVALENT):
0.55 INCH (LEAST SINCE 2007; 0.47)

SNOWFALL:
0.0 (TIED 1931 AND 1991) NORMAL: 3.2 INCHES

FIRE WEATHER:

THE EXCEPTIONALLY...AND A FEW CASES RECORD...WARM WEATHER DURING THE
LATTER HALF OF FEBRUARY RESULTED IN EXTREME GRASSLAND FIRE DANGERS
ACROSS THE REGION. THIS WAS ESPECIALLY TRUE ON THE 18TH WHEN STRONG
SOUTH WINDS...SUSTAINED FROM 25 TO 40 MPH WITH 40 TO 50 MPH GUSTS...
WHIPPED ACROSS KANSAS. RED FLAGS WERE HOISTED ACROSS ALL AREAS BUT
FIRES DID BREAK OUT IN A FEW AREAS. GRASSLAND FIRE DANGER WAS ALSO A
MAJOR CONCERN ON THE 27TH...WHEN SOUTHERLY 20 TO 30 MPH WINDS...WITH
35 TO 40 MPH GUSTS...TEAMED WITH RECORD WARMTH TO CAUSE RED FLAGS TO
BE HOISTED ACROSS THE AREA. SIGNIFICANT GRASSLAND FIRES BROKE OUT IN
PARTS OF CENTRAL AND SOUTH-CENTRAL KANSAS BUT NO STRUCTURES WERE
AFFECTED.

WE SHALL SEE IF ANY METEOROLOGICAL MARCH MADNESS AWAITS US.

$$

ES

*NARRATIVE CORRECTED TO LIST SALINA`S 10 WARMEST FEBRUARIES ON RECORD.
