000
CXUS53 KICT 011619
CLMSLN


CLIMATE REPORT
NATIONAL WEATHER SERVICE WICHITA KS
1109 AM CDT THU SEP 1 2016

...................................

...THE SALINA KS CLIMATE SUMMARY FOR THE MONTH OF AUGUST 2016...

CLIMATE NORMAL PERIOD 1981 TO 2010
CLIMATE RECORD PERIOD 1894 TO 2016

WEATHER         OBSERVED          NORMAL  DEPART  LAST YEAR`S
                 VALUE   DATE(S)  VALUE   FROM    VALUE  DATE(S)
                                          NORMAL
................................................................
TEMPERATURE (F)
RECORD
 HIGH             118   08/13/1936
 LOW               42   08/28/1916
                        08/27/1916
                        08/30/1915
HIGHEST           104   08/03                         MM  MM
LOWEST             53   08/21                         MM  MM
AVG. MAXIMUM     90.2              91.1    -0.9       MM
AVG. MINIMUM     69.1              68.1     1.0       MM
MEAN             79.7              79.6     0.1       MM
DAYS MAX >= 90     16              17.4    -1.4       MM
DAYS MAX <= 32      0               0.0     0.0       MM
DAYS MIN <= 32      0               0.0     0.0       MM
DAYS MIN <= 0       0               0.0     0.0       MM

PRECIPITATION (INCHES)
RECORD
 MAXIMUM        13.75   1977
 MINIMUM         0.04   2007
TOTALS           7.84              3.95    3.89       MM
DAILY AVG.       0.25              0.13    0.12       MM
DAYS >= .01        14               7.8     6.2       MM
DAYS >= .10        11               5.5     5.5       MM
DAYS >= .50         5               2.2     2.8       MM
DAYS >= 1.00        2               1.0     1.0       MM
GREATEST
 24 HR. TOTAL    3.07   08/30 TO 08/31

DEGREE_DAYS
HEATING TOTAL       0                 1      -1       MM
 SINCE 7/1          0                 1      -1       MM
COOLING TOTAL     465               453      12       MM
.................................................................

WIND (MPH)
AVERAGE WIND SPEED              9.2
HIGHEST WIND SPEED/DIRECTION    43/330    DATE  08/19
HIGHEST GUST SPEED/DIRECTION    53/340    DATE  08/19

SKY COVER
POSSIBLE SUNSHINE (PERCENT)   MM
AVERAGE SKY COVER           0.30
NUMBER OF DAYS FAIR           23
NUMBER OF DAYS PC              4
NUMBER OF DAYS CLOUDY          4

AVERAGE RH (PERCENT)     68

WEATHER CONDITIONS. NUMBER OF DAYS WITH
THUNDERSTORM              0     MIXED PRECIP               0
HEAVY RAIN                9     RAIN                       6
LIGHT RAIN               14     FREEZING RAIN              0
LT FREEZING RAIN          0     HAIL                       0
HEAVY SNOW                0     SNOW                       0
LIGHT SNOW                0     SLEET                      0
FOG                      14     FOG W/VIS <= 1/4 MILE      0
HAZE                      2

-  INDICATES NEGATIVE NUMBERS.
R  INDICATES RECORD WAS SET OR TIED.
MM INDICATES DATA IS MISSING.
T  INDICATES TRACE AMOUNT.

$$
