000
CXUS53 KICT 040031 CCA
CLMSLN

CLIMATE REPORT...CORRECTED NUMBER OF THUNDERSTORM DAYS
NATIONAL WEATHER SERVICE WICHITA KS
730 PM CDT WED SEP 3 2014

...................................

...THE SALINA KS CLIMATE SUMMARY FOR THE MONTH OF AUGUST 2014...

CLIMATE NORMAL PERIOD 1981 TO 2010
CLIMATE RECORD PERIOD 1894 TO 2014

WEATHER         OBSERVED          NORMAL  DEPART  LAST YEAR`S
                 VALUE   DATE(S)  VALUE   FROM    VALUE  DATE(S)
                                          NORMAL
................................................................
TEMPERATURE (F)
RECORD
 HIGH             118   08/13/1936
 LOW               42   08/28/1916
                        08/27/1916
                        08/30/1915
HIGHEST           102   08/24                        103  08/30
LOWEST             59   08/13                         61  08/18
                        08/12                             08/14
                                                          08/10
AVG. MAXIMUM     94.5              91.1     3.4     88.9
AVG. MINIMUM     68.9              68.1     0.8     67.7
MEAN             81.7              79.6     2.1     78.3
DAYS MAX >= 90     25              17.4     7.6       14
DAYS MAX <= 32      0               0.0     0.0        0
DAYS MIN <= 32      0               0.0     0.0        0
DAYS MIN <= 0       0               0.0     0.0        0

PRECIPITATION (INCHES)
RECORD
 MAXIMUM        13.75   1977
 MINIMUM         0.04   2007
TOTALS           4.97              3.95    1.02     5.00
DAILY AVG.       0.16              0.13    0.03     0.16
DAYS >= .01        12               7.8     4.2       11
DAYS >= .10         7               5.5     1.5        8
DAYS >= .50         2               2.2    -0.2        3
DAYS >= 1.00        1               1.0     0.0        2
GREATEST
 24 HR. TOTAL    2.53   08/31 TO 08/31

DEGREE_DAYS
HEATING TOTAL       0                 1      -1        0
 SINCE 7/1          0                 1      -1        3
COOLING TOTAL     526               453      73      423
.................................................................

WIND (MPH)
AVERAGE WIND SPEED              9.7
HIGHEST WIND SPEED/DIRECTION    52/320    DATE  08/17
HIGHEST GUST SPEED/DIRECTION    62/330    DATE  08/17

SKY COVER
POSSIBLE SUNSHINE (PERCENT)    0
AVERAGE SKY COVER           0.10
NUMBER OF DAYS FAIR           27
NUMBER OF DAYS PC              4
NUMBER OF DAYS CLOUDY          0

AVERAGE RH (PERCENT)     56

WEATHER CONDITIONS. NUMBER OF DAYS WITH
THUNDERSTORM             13     MIXED PRECIP               0
HEAVY RAIN                6     RAIN                       7
LIGHT RAIN               13     FREEZING RAIN              0
LT FREEZING RAIN          0     HAIL                       0
HEAVY SNOW                0     SNOW                       0
LIGHT SNOW                0     SLEET                      0
FOG                       7     FOG W/VIS <= 1/4 MILE      0
HAZE                      5

-  INDICATES NEGATIVE NUMBERS.
R  INDICATES RECORD WAS SET OR TIED.
MM INDICATES DATA IS MISSING.
T  INDICATES TRACE AMOUNT.

$$
