000
CXUS53 KICT 011159
CLMSLN

CLIMATE REPORT
NATIONAL WEATHER SERVICE WICHITA KS
555 AM CST SAT MAR 1 2014

...................................

...THE SALINA KS CLIMATE SUMMARY FOR THE MONTH OF FEBRUARY 2014...

CLIMATE NORMAL PERIOD 1981 TO 2010
CLIMATE RECORD PERIOD 1894 TO 2014

WEATHER         OBSERVED          NORMAL  DEPART  LAST YEAR`S
                 VALUE   DATE(S)  VALUE   FROM    VALUE  DATE(S)
                                          NORMAL
................................................................
TEMPERATURE (F)
RECORD
 HIGH              84   02/28/2006
                        02/14/1954
                        02/24/1918
 LOW              -31   02/13/1905
HIGHEST            74   02/18                         MM  MM
LOWEST             -6   02/26                         MM  MM
AVG. MAXIMUM     39.5              46.5    -7.0       MM
AVG. MINIMUM     17.2              24.6    -7.4       MM
MEAN             28.4              35.5    -7.1       MM
DAYS MAX >= 90      0               0.0     0.0       MM
DAYS MAX <= 32     11               4.1     6.9       MM
DAYS MIN <= 32     25              21.1     3.9       MM
DAYS MIN <= 0       2               0.9     1.1       MM

PRECIPITATION (INCHES)
RECORD
 MAXIMUM         4.68   1911
 MINIMUM           MM   MM
TOTALS           1.47              1.17    0.30       MM
DAILY AVG.       0.05              0.04    0.01       MM
DAYS >= .01         7               5.5     1.5       MM
DAYS >= .10         3               2.7     0.3       MM
DAYS >= .50         1               0.6     0.4       MM
DAYS >= 1.00        0               0.1    -0.1       MM
GREATEST
 24 HR. TOTAL    0.90   02/04 TO 02/04

DEGREE_DAYS
HEATING TOTAL    1017               825     192       MM
 SINCE 7/1       4250              3841     409       MM
COOLING TOTAL       0                 0       0       MM
.................................................................

WIND (MPH)
AVERAGE WIND SPEED              10.2
HIGHEST WIND SPEED/DIRECTION    40/300    DATE  02/20
HIGHEST GUST SPEED/DIRECTION    48/290    DATE  02/20

SKY COVER
POSSIBLE SUNSHINE (PERCENT)   MM
AVERAGE SKY COVER           0.40
NUMBER OF DAYS FAIR           13
NUMBER OF DAYS PC              9
NUMBER OF DAYS CLOUDY          6

AVERAGE RH (PERCENT)     63

WEATHER CONDITIONS. NUMBER OF DAYS WITH
THUNDERSTORM              0     MIXED PRECIP               0
HEAVY RAIN                0     RAIN                       0
LIGHT RAIN                2     FREEZING RAIN              0
LT FREEZING RAIN          0     HAIL                       0
HEAVY SNOW                1     SNOW                       3
LIGHT SNOW                9     SLEET                      0
FOG                       7     FOG W/VIS <= 1/4 MILE      1
HAZE                      6

-  INDICATES NEGATIVE NUMBERS.
R  INDICATES RECORD WAS SET OR TIED.
MM INDICATES DATA IS MISSING.
T  INDICATES TRACE AMOUNT.

&&

...WICHITA...SALINA AND CHANUTE FEBRUARY CLIMATE SUMMARIES...

FEBRUARY 2014 WAS QUITE A BIT COLDER THAN NORMAL ACROSS THE
REGION...THANKS TO SEVERAL POLAR INTRUSIONS FROM THE NORTH. BELOW
ARE FEBRUARY 2014 SUMMARIES FOR WICHITA...SALINA AND CHANUTE.
WICHITA IS UNFORTUNATELY THE ONLY SITE WHERE SNOWFALL RECORDS ARE
OFFICIALLY KEPT.

WICHITA:

THE AVERAGE MONTHLY TEMPERATURE (AVERAGE OF EACH DAILY HIGH AND
LOW) WAS 31.0 DEGREES...WHICH WAS 6.2 DEGREES COLDER THAN
NORMAL...AND RANKED 23RD COLDEST FEBRUARY SINCE RECORDS BEGAN
IN 1888. IT WAS THE COLDEST FEBRUARY SINCE 1989. THE COLDEST
FEBRUARY ON RECORD IS 1899 AT 21.2 DEGREES...AND THE WARMEST
FEBRUARY IS 1930 AT 48.6 DEGREES. NINE DAYS FAILED TO WARM TO AT
LEAST 32 DEGREES DURING THE MONTH...WHICH IS TIED FOR 12TH
MOST...AND THE MOST SINCE 1982. IT WAS QUITE SNOWY AS WELL...WITH
THE OFFICIAL MONTHLY TOTAL AT THE AIRPORT REACHING 13.1
INCHES...WHICH IS TIED FOR THE 6TH SNOWIEST FEBRUARY ON RECORD. THE
SNOWIEST FEBRUARY IS 2013 WITH 21.2 INCHES. MONTHLY LIQUID-
EQUIVALENT PRECIPITATION ADDED UP TO 0.86 INCHES...WHICH WAS 0.32
INCHES DRIER THAN NORMAL. THE WETTEST FEBRUARY ON RECORD IS 1915 AT
4.61 INCHES.

SALINA:

THE AVERAGE MONTHLY TEMPERATURE WAS 28.4 DEGREES...WHICH WAS 7.1
DEGREES COLDER THAN NORMAL...AND RANKED 12TH COLDEST FEBRUARY SINCE
RECORDS BEGAN IN 1949. IT WAS THE COLDEST FEBRUARY SINCE 1993. THE
COLDEST FEBRUARY ON RECORD IS 1978 AT 20.9 DEGREES...AND THE WARMEST
FEBRUARY IS 1954 AT 44.3 DEGREES. TEN DAYS FAILED TO WARM TO AT
LEAST 32 DEGREES DURING THE MONTH...WHICH IS TIED FOR 6TH MOST...AND
THE MOST SINCE 1980. MONTHLY LIQUID-EQUIVALENT PRECIPITATION ADDED
UP TO 1.47 INCHES...WHICH WAS 0.30 INCHES WETTER THAN NORMAL. THE
WETTEST FEBRUARY ON RECORD IS 1993 AT 2.77 INCHES.

CHANUTE:

THE AVERAGE MONTHLY TEMPERATURE WAS 29.8 DEGREES...WHICH WAS 7.6
DEGREES COLDER THAN NORMAL...AND RANKED 12TH COLDEST FEBRUARY SINCE
RECORDS BEGAN IN 1898. IT WAS THE COLDEST FEBRUARY SINCE 1989. THE
COLDEST FEBRUARY ON RECORD IS 1979 AT 24.3 DEGREES...AND THE
WARMEST FEBRUARY IS 1930 AT 48.3 DEGREES. NINE DAYS FAILED TO WARM
TO AT LEAST 32 DEGREES DURING THE MONTH...WHICH IS TIED FOR 8TH
MOST...AND THE MOST SINCE 1989. MONTHLY LIQUID-EQUIVALENT
PRECIPITATION ADDED UP TO 0.86 INCHES...WHICH WAS 1.04 INCHES DRIER
THAN NORMAL. THE WETTEST FEBRUARY ON RECORD IS 1911 AT 8.26 INCHES.

$$
