000
CXUS53 KICT 011917
CLMSLN


CLIMATE REPORT
NATIONAL WEATHER SERVICE WICHITA KS
217 PM CDT THU MAY 1 2014

...................................

...THE SALINA KS CLIMATE SUMMARY FOR THE MONTH OF APRIL 2014...

CLIMATE NORMAL PERIOD 1981 TO 2010
CLIMATE RECORD PERIOD 1894 TO 2014

WEATHER         OBSERVED          NORMAL  DEPART  LAST YEAR`S
                 VALUE   DATE(S)  VALUE   FROM    VALUE  DATE(S)
                                          NORMAL
................................................................
TEMPERATURE (F)
RECORD
 HIGH             105   MM
 LOW               17   04/07/2009
HIGHEST            91   04/12                         86  04/30
                                                          04/29
LOWEST             21   04/15                         23  04/24
AVG. MAXIMUM     69.1              67.1     2.0     62.1
AVG. MINIMUM     41.9              43.2    -1.3     38.7
MEAN             55.5              55.2     0.3     50.4
DAYS MAX >= 90      1               0.6     0.4        0
DAYS MAX <= 32      0               0.0     0.0        0
DAYS MIN <= 32      6               3.0     3.0       10
DAYS MIN <= 0       0               0.0     0.0        0

PRECIPITATION (INCHES)
RECORD
 MAXIMUM         7.09   1944
 MINIMUM           MM   MM
TOTALS           1.33              3.05   -1.72     2.33
DAILY AVG.       0.04              0.10   -0.06     0.08
DAYS >= .01         8               8.4    -0.4        9
DAYS >= .10         4               5.5    -1.5        5
DAYS >= .50         1               2.1    -1.1        2
DAYS >= 1.00        0               0.7    -0.7        0
GREATEST
 24 HR. TOTAL    0.71   04/24 TO 04/24
                        04/23 TO 04/24
                        04/24 TO 04/24

DEGREE_DAYS
HEATING TOTAL     313               318      -5      446
 SINCE 7/1       5298              4768     530     4790
COOLING TOTAL      36                23      13       15
.................................................................

WIND (MPH)
AVERAGE WIND SPEED              14.7
HIGHEST WIND SPEED/DIRECTION    51/170    DATE  04/23
HIGHEST GUST SPEED/DIRECTION    67/190    DATE  04/23

SKY COVER
POSSIBLE SUNSHINE (PERCENT)    0
AVERAGE SKY COVER           0.30
NUMBER OF DAYS FAIR           18
NUMBER OF DAYS PC              6
NUMBER OF DAYS CLOUDY          6

AVERAGE RH (PERCENT)     53

WEATHER CONDITIONS. NUMBER OF DAYS WITH
THUNDERSTORM              0     MIXED PRECIP               0
HEAVY RAIN                1     RAIN                       2
LIGHT RAIN               15     FREEZING RAIN              0
LT FREEZING RAIN          0     HAIL                       0
HEAVY SNOW                0     SNOW                       0
LIGHT SNOW                2     SLEET                      0
FOG                      11     FOG W/VIS <= 1/4 MILE      0
HAZE                     11

-  INDICATES NEGATIVE NUMBERS.
R  INDICATES RECORD WAS SET OR TIED.
MM INDICATES DATA IS MISSING.
T  INDICATES TRACE AMOUNT.

$$
