000
CXUS53 KICT 011556
CLMSLN


CLIMATE REPORT
NATIONAL WEATHER SERVICE WICHITA KS
1046 AM CDT THU AUG 1 2013

...................................

...THE SALINA KS CLIMATE SUMMARY FOR THE MONTH OF JULY 2013...

CLIMATE NORMAL PERIOD 1981 TO 2010
CLIMATE RECORD PERIOD 1894 TO 2013

WEATHER         OBSERVED          NORMAL  DEPART  LAST YEAR`S
                 VALUE   DATE(S)  VALUE   FROM    VALUE  DATE(S)
                                          NORMAL
................................................................
TEMPERATURE (F)
RECORD
 HIGH             116   MM
 LOW               53   07/31/2009
                        07/13/2008
                        07/05/1972
HIGHEST           108   07/09                        109  07/25
LOWEST             56   07/01                         61  07/11
AVG. MAXIMUM     90.1              93.0    -2.9    101.5
AVG. MINIMUM     67.8              69.3    -1.5     73.2
MEAN             78.9              81.1    -2.2     87.4
DAYS MAX >= 90     19              20.6    -1.6       29
DAYS MAX <= 32      0               0.0     0.0        0
DAYS MIN <= 32      0               0.0     0.0        0
DAYS MIN <= 0       0               0.0     0.0        0

PRECIPITATION (INCHES)
RECORD
 MAXIMUM        17.93   1993
 MINIMUM           MM   MM
TOTALS           5.76              4.29    1.47     2.04
DAILY AVG.       0.19              0.14    0.05     0.07
DAYS >= .01        13               8.6     4.4        5
DAYS >= .10        10               5.4     4.6        5
DAYS >= .50         5               2.5     2.5        1
DAYS >= 1.00        1               1.2    -0.2        1
GREATEST
 24 HR. TOTAL    1.77   07/28 TO 07/29

DEGREE_DAYS
HEATING TOTAL       3                 0       3        0
 SINCE 7/1          3                 0       3        0
COOLING TOTAL     443               501     -58      701
.................................................................

WIND (MPH)
AVERAGE WIND SPEED              8.9
HIGHEST WIND SPEED/DIRECTION    47/270    DATE  07/09
HIGHEST GUST SPEED/DIRECTION    56/270    DATE  07/09

SKY COVER
POSSIBLE SUNSHINE (PERCENT)   MM
AVERAGE SKY COVER           0.30
NUMBER OF DAYS FAIR           22
NUMBER OF DAYS PC              6
NUMBER OF DAYS CLOUDY          3

AVERAGE RH (PERCENT)     63

WEATHER CONDITIONS. NUMBER OF DAYS WITH
THUNDERSTORM              0     MIXED PRECIP               1
HEAVY RAIN                6     RAIN                      10
LIGHT RAIN               16     FREEZING RAIN              0
LT FREEZING RAIN          0     HAIL                       0
HEAVY SNOW                0     SNOW                       0
LIGHT SNOW                0     SLEET                      0
FOG                      12     FOG W/VIS <= 1/4 MILE      1
HAZE                      4

-  INDICATES NEGATIVE NUMBERS.
R  INDICATES RECORD WAS SET OR TIED.
MM INDICATES DATA IS MISSING.
T  INDICATES TRACE AMOUNT.

$$
