000
CXUS53 KICT 040040 CCA
CLMSLN

CLIMATE REPORT...CORRECTED NUMBER OF THUNDERSTORM DAYS
NATIONAL WEATHER SERVICE WICHITA KS
739 PM CDT WED SEP 3 2014

...................................

...THE SALINA KS CLIMATE SUMMARY FOR THE MONTH OF JULY 2014...

CLIMATE NORMAL PERIOD 1981 TO 2010
CLIMATE RECORD PERIOD 1894 TO 2014

WEATHER         OBSERVED          NORMAL  DEPART  LAST YEAR`S
                 VALUE   DATE(S)  VALUE   FROM    VALUE  DATE(S)
                                          NORMAL
................................................................
TEMPERATURE (F)
RECORD
 HIGH             116   07/24/1936
                        07/18/1936
 LOW               46   07/07/1908
HIGHEST           107   07/25                        108  07/09
LOWEST             53   07/03                         56  07/01
AVG. MAXIMUM     91.4              93.0    -1.6     90.1
AVG. MINIMUM     66.7              69.3    -2.6     67.8
MEAN             79.1              81.1    -2.0     78.9
DAYS MAX >= 90     16              20.6    -4.6       19
DAYS MAX <= 32      0               0.0     0.0        0
DAYS MIN <= 32      0               0.0     0.0        0
DAYS MIN <= 0       0               0.0     0.0        0

PRECIPITATION (INCHES)
RECORD
 MAXIMUM        17.93   1993
 MINIMUM         0.00   1975
TOTALS           0.73              4.29   -3.56     5.76
DAILY AVG.       0.02              0.14   -0.12     0.19
DAYS >= .01         7               8.6    -1.6       13
DAYS >= .10         1               5.4    -4.4       10
DAYS >= .50         0               2.5    -2.5        5
DAYS >= 1.00        0               1.2    -1.2        1
GREATEST
 24 HR. TOTAL    0.48   07/08 TO 07/08
                        07/07 TO 07/08
                        07/08 TO 07/08

DEGREE_DAYS
HEATING TOTAL       0                 0       0        3
 SINCE 7/1          0                 0       0        3
COOLING TOTAL     443               501     -58      443
.................................................................

WIND (MPH)
AVERAGE WIND SPEED              10.5
HIGHEST WIND SPEED/DIRECTION    45/350    DATE  07/07
HIGHEST GUST SPEED/DIRECTION    54/350    DATE  07/07

SKY COVER
POSSIBLE SUNSHINE (PERCENT)   MM
AVERAGE SKY COVER           0.20
NUMBER OF DAYS FAIR           26
NUMBER OF DAYS PC              3
NUMBER OF DAYS CLOUDY          2

AVERAGE RH (PERCENT)     59

WEATHER CONDITIONS. NUMBER OF DAYS WITH
THUNDERSTORM              4     MIXED PRECIP               0
HEAVY RAIN                1     RAIN                       1
LIGHT RAIN                5     FREEZING RAIN              0
LT FREEZING RAIN          0     HAIL                       0
HEAVY SNOW                0     SNOW                       0
LIGHT SNOW                0     SLEET                      0
FOG                       6     FOG W/VIS <= 1/4 MILE      0
HAZE                      6

-  INDICATES NEGATIVE NUMBERS.
R  INDICATES RECORD WAS SET OR TIED.
MM INDICATES DATA IS MISSING.
T  INDICATES TRACE AMOUNT.

&&

         ...IN MOST CASES JULY PROVED TO BE QUITE PLEASANT...

IT WAS JUST 2 YEARS AGO THAT KANSAS HAD BEEN TORCHED BY ONE OF THE TEN
HOTTEST JULYS ON RECORD. THAT DEFINITELY WASN`T THE CASE THIS YEAR.

IN WICHITA...THE AVERAGE JULY TEMPERATURE WAS AN EVEN 77 DEGREES WHICH
MADE 2014 THE 12TH COOLEST JULY ON RECORD AND THE COOLEST SINCE 1967
WHEN THE JULY AVERAGE WAS 76.2 DEGREES.

IN CHANUTE...THE AVERAGE JULY TEMPERATURE WAS 74.8 DEGREES...MAKING 2014
THEIR 2ND COOLEST ON RECORD. THE RECORD IS 72.9 DEGREES SET IN 1950.

IN SALINA...JULY WAS CERTAINLY COOL BUT NOT TO THE `DEGREE` THAT CHANUTE
AND WICHITA WERE. THEIR AVERAGE OF 79.1 DEGREES IS THEIR 18TH COOLEST ON
RECORD.

THE FOLLOWING IS A SUMMARY OF THE TEMPERATURE RECORDS THAT WERE SET OR
TIED IN JULY:

RECORD LOWS:
             PREVIOUS RECORD
JULY 15TH:
RUSSELL: 51     56 IN 1973
WICHITA: 55     55 IN 1990 (TIED)

JULY 16TH:
CHANUTE: 51     57 IN 1967

JULY 19TH:
WICHITA: 57     61 IN 2009

COOLEST HIGHS:

JULY 17TH:
WICHITA: 67     75 IN 1911
RUSSELL: 68     73 IN 1967
SALINA:  70     75 IN 1967
CHANUTE: 73     75 IN 1911

JULY 18TH:
RUSSELL: 72     75 IN 1967

JULY 30TH:
WICHITA: 72     73 IN 1903
CHANUTE: 72     72 IN 1971 (TIED)

IN THE WATER DEPARTMENT...THE MOST SIGNIFICANT RAINFALL OCCURRED ON THE
1ST AND THE 10TH.

ON THE 1ST...A FEW THUNDERSTORMS WITH VERY HEAVY RAINS DOUSED PARTS OF
RENO...HARVEY AND SEDGWICK COUNTIES WITH 2 TO 3 INCHES OF RAIN. A FLASH
FLOOD WARNING WAS ISSUED FOR CENTRAL SEDGWICK COUNTY.

ON THE 10TH...SLOW-MOVING THUNDERSTORMS WITH TORRENTIAL RAINS DRENCHED
PARTS OF CENTRAL AND SOUTH-CENTRAL KANSAS WITH 2 TO 4 INCHES VERY EARLY
THAT MORNING. RAINFALLS BETWEEN 3 AND 4 INCHES IN BARTON COUNTY (GREAT
BEND MEASURED BETWEEN 11 PM AND 4 AM) PROMPTED A FLASH FLOOD WARNING TO
BE ISSUED AT 347 AM THAT WOULD BE IN EFFECT UNTIL 845 AM.

FORTUNATELY JULY WAS PREDOMINANTLY COOL FOR RAINFALL WAS SCARCE. IN FACT
THE 0.73 INCH TOTAL MADE 2014 SALINA`S 9TH DRIEST JULY ON RECORD.

METEOROLOGICAL SUMMER...WHICH RUNS FROM JUNE 1ST TO AUGUST 31ST...IS TWO
THIRDS IN THE BOOKS AND FOR MOST INTENTS AND PURPOSES...ITS BEEN A QUIET
SUMMER. WE`RE ABOUT TO SEE HOW AUGUST PANS OUT.

$$

ES
