000
CXUS53 KICT 020353
CLMSLN

CLIMATE REPORT
NATIONAL WEATHER SERVICE WICHITA KS
944 PM CST THU JAN 1 2015

...................................

...THE SALINA KS CLIMATE SUMMARY FOR THE MONTH OF DECEMBER 2014...

CLIMATE NORMAL PERIOD 1981 TO 2010
CLIMATE RECORD PERIOD 1894 TO 2014

WEATHER         OBSERVED          NORMAL  DEPART  LAST YEAR`S
                 VALUE   DATE(S)  VALUE   FROM    VALUE  DATE(S)
                                          NORMAL
................................................................
TEMPERATURE (F)
RECORD
 HIGH              81   12/06/1939
 LOW              -24   12/22/1989
HIGHEST            62   12/14                         70  12/03
LOWEST              5   12/31                         -5  12/23
                        12/30
AVG. MAXIMUM     43.6              42.4     1.2     40.4
AVG. MINIMUM     28.2              22.3     5.9     14.7
MEAN             35.9              32.3     3.6     27.5
DAYS MAX >= 90      0               0.0     0.0        0
DAYS MAX <= 32      5               6.1    -1.1       12
DAYS MIN <= 32     20              26.8    -6.8       31
DAYS MIN <= 0       0               1.3    -1.3        2

PRECIPITATION (INCHES)
RECORD
 MAXIMUM         3.92   1913
 MINIMUM         0.00   1976
                        1917
                        1890
TOTALS           1.90              0.94    0.96     0.04
DAILY AVG.       0.06              0.03    0.03       MM
DAYS >= .01         9               5.1     3.9        1
DAYS >= .10         5               2.3     2.7        0
DAYS >= .50         1               0.4     0.6        0
DAYS >= 1.00        0               0.1    -0.1        0
GREATEST
 24 HR. TOTAL    0.95   12/14 TO 12/15

DEGREE_DAYS
HEATING TOTAL     893              1012    -119     1152
 SINCE 7/1       1890              1964     -74     2140
COOLING TOTAL       0                 0       0        0
.................................................................

WIND (MPH)
AVERAGE WIND SPEED              9.9
HIGHEST WIND SPEED/DIRECTION    37/320    DATE  12/15
HIGHEST GUST SPEED/DIRECTION    43/330    DATE  12/15

SKY COVER
POSSIBLE SUNSHINE (PERCENT)   MM
AVERAGE SKY COVER           0.60
NUMBER OF DAYS FAIR           10
NUMBER OF DAYS PC              4
NUMBER OF DAYS CLOUDY         17

AVERAGE RH (PERCENT)     71

WEATHER CONDITIONS. NUMBER OF DAYS WITH
THUNDERSTORM              2     MIXED PRECIP               0
HEAVY RAIN                2     RAIN                       4
LIGHT RAIN                6     FREEZING RAIN              0
LT FREEZING RAIN          0     HAIL                       0
HEAVY SNOW                0     SNOW                       1
LIGHT SNOW                7     SLEET                      0
FOG                      20     FOG W/VIS <= 1/4 MILE      3
HAZE                      7

-  INDICATES NEGATIVE NUMBERS.
R  INDICATES RECORD WAS SET OR TIED.
MM INDICATES DATA IS MISSING.
T  INDICATES TRACE AMOUNT.

&&

...DECEMBER CLIMATE SUMMARY...

AFTER A RELATIVELY COLD AND VERY DRY NOVEMBER...DECEMBER PROVED
TO BE QUITE A BIT WARMER THAN AVERAGE ACROSS THE KANSAS
REGION...WITH OVERALL NEAR TO ABOVE NORMAL PRECIPITATION. BELOW
ARE A SAMPLING OF DECEMBER CLIMATE HIGHLIGHTS FOR WICHITA...SALINA
AND CHANUTE.

WICHITA:
THE AVERAGE MONTHLY TEMPERATURE (AVERAGE OF EACH DAILY HIGH AND
LOW) WAS 38.2 DEGREES...4.4 DEGREES WARMER THAN NORMAL...AND TIED
FOR THE 21ST WARMEST DECEMBER SINCE 1888. RECORD WARM LOW
TEMPERATURES OF 46...49 AND 51 DEGREES WERE SET ON THE 12TH...13TH
AND 14TH...RESPECTIVELY. PRECIPITATION ACCUMULATED 1.29
INCHES...WHICH WAS 0.09 INCHES WETTER THAN NORMAL. SNOW
ACCUMULATED 4.2 INCHES...WHICH WAS RIGHT AT NORMAL. THE GREATEST
STORM TOTAL ACCUMULATION WAS 2.7 INCHES FROM THE 17TH TO THE 18TH.

SALINA:
THE AVERAGE MONTHLY TEMPERATURE WAS 35.9 DEGREES...3.6 DEGREES
WARMER THAN NORMAL...AND TIED FOR THE 14TH WARMEST DECEMBER SINCE
1948. RECORD WARM LOW TEMPERATURES OF 49...48 AND 35 DEGREES WERE
SET ON THE 13TH...14TH AND 21ST...RESPECTIVELY. PRECIPITATION
ACCUMULATED 1.90 INCHES...WHICH WAS 0.96 INCHES WETTER THAN
NORMAL...AND THE 10TH WETTEST SINCE 1948. UNFORTUNATELY...OFFICIAL
SNOW MEASUREMENTS ARE UNAVAILABLE FOR SALINA.

CHANUTE:
THE AVERAGE MONTHLY TEMPERATURE WAS 37.7 DEGREES...3.0 DEGREES
WARMER THAN NORMAL...AND TIED FOR THE 33RD WARMEST DECEMBER SINCE
1898. RECORD WARM LOW TEMPERATURES OF 49 AND 53 DEGREES WERE SET
ON THE 13TH AND 14TH...RESPECTIVELY. PRECIPITATION ACCUMULATED
2.37 INCHES...WHICH WAS 0.62 INCHES WETTER THAN NORMAL...AND THE
26TH WETTEST SINCE 1898. UNFORTUNATELY...OFFICIAL SNOW
MEASUREMENTS ARE UNAVAILABLE FOR CHANUTE.

$$
