000
CXUS53 KICT 012331
CLMSLN

CLIMATE REPORT
NATIONAL WEATHER SERVICE WICHITA KS
527 PM CST MON FEB 1 2016

...................................

...THE SALINA KS CLIMATE SUMMARY FOR THE MONTH OF JANUARY 2016...

CLIMATE NORMAL PERIOD 1981 TO 2010
CLIMATE RECORD PERIOD 1894 TO 2016

WEATHER         OBSERVED          NORMAL  DEPART  LAST YEAR`S
                 VALUE   DATE(S)  VALUE   FROM    VALUE  DATE(S)
                                          NORMAL
................................................................
TEMPERATURE (F)
RECORD
 HIGH              78   01/10/1990
 LOW              -28   01/08/1913
HIGHEST            66   01/29                         75  01/27
LOWEST              2   01/10                         -5  01/07
AVG. MAXIMUM     43.8              41.6     2.2     45.7
AVG. MINIMUM     23.2              20.5     2.7     19.3
MEAN             33.4              31.0     2.4     32.5
DAYS MAX >= 90      0               0.0     0.0        0
DAYS MAX <= 32      5               7.6    -2.6        7
DAYS MIN <= 32     27              28.0    -1.0       28
DAYS MIN <= 0       0               1.0    -1.0        3

PRECIPITATION (INCHES)
RECORD
 MAXIMUM         3.45   1949
 MINIMUM         0.00   1986
                        1953
                        1938
TOTALS           0.72              0.63    0.09     1.20
DAILY AVG.       0.02              0.02    0.00     0.04
DAYS >= .01         4               4.5    -0.5        5
DAYS >= .10         2               2.1    -0.1        3
DAYS >= .50         0               0.3    -0.3        1
DAYS >= 1.00        0               0.1    -0.1        0
GREATEST
 24 HR. TOTAL    0.39   01/07 TO 01/08

DEGREE_DAYS
HEATING TOTAL     908              1052    -144     1002
 SINCE 7/1       2339              3016    -677     2892
COOLING TOTAL       0                 0       0        0
.................................................................

WIND (MPH)
AVERAGE WIND SPEED              9.5
HIGHEST WIND SPEED/DIRECTION    29/330    DATE  01/25
HIGHEST GUST SPEED/DIRECTION    34/330    DATE  01/25

SKY COVER
POSSIBLE SUNSHINE (PERCENT)   MM
AVERAGE SKY COVER           0.40
NUMBER OF DAYS FAIR           17
NUMBER OF DAYS PC              5
NUMBER OF DAYS CLOUDY          9

AVERAGE RH (PERCENT)     65

WEATHER CONDITIONS. NUMBER OF DAYS WITH
THUNDERSTORM              0     MIXED PRECIP               0
HEAVY RAIN                0     RAIN                       1
LIGHT RAIN                3     FREEZING RAIN              0
LT FREEZING RAIN          0     HAIL                       0
HEAVY SNOW                0     SNOW                       0
LIGHT SNOW                6     SLEET                      0
FOG                      10     FOG W/VIS <= 1/4 MILE      0
HAZE                      9

-  INDICATES NEGATIVE NUMBERS.
R  INDICATES RECORD WAS SET OR TIED.
MM INDICATES DATA IS MISSING.
T  INDICATES TRACE AMOUNT.

$$
