928
CXUS53 KICT 011228
CLMSLN


CLIMATE REPORT
NATIONAL WEATHER SERVICE WICHITA KS
728 AM CDT SAT JUL 1 2017

...................................

...THE SALINA KS CLIMATE SUMMARY FOR THE MONTH OF JUNE 2017...

CLIMATE NORMAL PERIOD 1981 TO 2010
CLIMATE RECORD PERIOD 1894 TO 2017

WEATHER         OBSERVED          NORMAL  DEPART  LAST YEAR`S
                 VALUE   DATE(S)  VALUE   FROM    VALUE  DATE(S)
                                          NORMAL
................................................................
TEMPERATURE (F)
RECORD
 HIGH             114   06/25/1911
 LOW               38   06/04/1897
HIGHEST           103   06/17                        106  06/15
LOWEST             56   06/24                         55  06/02
AVG. MAXIMUM     92.7              87.2     5.5     94.3
AVG. MINIMUM     65.7              64.0     1.7     68.1
MEAN             79.2              75.6     3.6     81.2
DAYS MAX >= 90     18              11.4     6.6       22
DAYS MAX <= 32      0               0.0     0.0        0
DAYS MIN <= 32      0               0.0     0.0        0
DAYS MIN <= 0       0               0.0     0.0        0

PRECIPITATION (INCHES)
RECORD
 MAXIMUM        13.62   1905
 MINIMUM         0.18   1980
TOTALS           1.69              4.11   -2.42     0.45
DAILY AVG.       0.06              0.14   -0.08     0.01
DAYS >= .01        10              10.3    -0.3        5
DAYS >= .10         3               6.6    -3.6        2
DAYS >= .50         2               2.7    -0.7        0
DAYS >= 1.00        0               1.3    -1.3        0
GREATEST
 24 HR. TOTAL    0.72   06/03 TO 06/03

DEGREE_DAYS
HEATING TOTAL       0                 7      -7        0
 SINCE 7/1       3453              4871   -1418     3718
COOLING TOTAL     434               325     109      492
.................................................................

WIND (MPH)
AVERAGE WIND SPEED              11.4
HIGHEST WIND SPEED/DIRECTION    55/310    DATE  06/29
HIGHEST GUST SPEED/DIRECTION    68/310    DATE  06/29

SKY COVER
POSSIBLE SUNSHINE (PERCENT)   MM
AVERAGE SKY COVER           0.20
NUMBER OF DAYS FAIR           23
NUMBER OF DAYS PC              6
NUMBER OF DAYS CLOUDY          1

AVERAGE RH (PERCENT)     57

WEATHER CONDITIONS. NUMBER OF DAYS WITH
THUNDERSTORM              0     MIXED PRECIP               0
HEAVY RAIN                3     RAIN                       3
LIGHT RAIN               13     FREEZING RAIN              0
LT FREEZING RAIN          0     HAIL                       0
HEAVY SNOW                0     SNOW                       0
LIGHT SNOW                0     SLEET                      0
FOG                       3     FOG W/VIS <= 1/4 MILE      0
HAZE                      4

-  INDICATES NEGATIVE NUMBERS.
R  INDICATES RECORD WAS SET OR TIED.
MM INDICATES DATA IS MISSING.
T  INDICATES TRACE AMOUNT.

$$
