000
CXUS53 KICT 011044
CLMSLN


CLIMATE REPORT
NATIONAL WEATHER SERVICE WICHITA KS
543 AM CDT WED APR 1 2015

...................................

...THE SALINA KS CLIMATE SUMMARY FOR THE MONTH OF MARCH 2015...

CLIMATE NORMAL PERIOD 1981 TO 2010
CLIMATE RECORD PERIOD 1894 TO 2015

WEATHER         OBSERVED          NORMAL  DEPART  LAST YEAR`S
                 VALUE   DATE(S)  VALUE   FROM    VALUE  DATE(S)
                                          NORMAL
................................................................
TEMPERATURE (F)
RECORD
 HIGH              96   03/21/1907
 LOW              -11   03/11/1948
HIGHEST            88   03/16                         81  03/10
LOWEST             13   03/05                          0  03/03
AVG. MAXIMUM     64.9              57.0     7.9     55.6
AVG. MINIMUM     31.5              33.9    -2.4     26.4
MEAN             48.2              45.4     2.8     41.0
DAYS MAX >= 90      0               0.0     0.0        0
DAYS MAX <= 32      0               0.9    -0.9        3
DAYS MIN <= 32     14              13.0     1.0       22
DAYS MIN <= 0       0               0.0     0.0        1

PRECIPITATION (INCHES)
RECORD
 MAXIMUM        10.82   1973
 MINIMUM           MM   MM
TOTALS           0.05              2.39   -2.34     0.30
DAILY AVG.       0.00              0.08   -0.08     0.01
DAYS >= .01         1               7.7    -6.7        4
DAYS >= .10         0               4.5    -4.5        2
DAYS >= .50         0               1.6    -1.6        0
DAYS >= 1.00        0               0.6    -0.6        0
GREATEST
 24 HR. TOTAL    0.05   03/25 TO 03/25

DEGREE_DAYS
HEATING TOTAL     515               609     -94      735
 SINCE 7/1       4344              4450    -106     4985
COOLING TOTAL       1                 2      -1        0
.................................................................

WIND (MPH)
AVERAGE WIND SPEED              9.5
HIGHEST WIND SPEED/DIRECTION    35/200    DATE  03/03
HIGHEST GUST SPEED/DIRECTION    42/010    DATE  03/17

SKY COVER
POSSIBLE SUNSHINE (PERCENT)   MM
AVERAGE SKY COVER           0.20
NUMBER OF DAYS FAIR           24
NUMBER OF DAYS PC              6
NUMBER OF DAYS CLOUDY          1

AVERAGE RH (PERCENT)     53

WEATHER CONDITIONS. NUMBER OF DAYS WITH
THUNDERSTORM              0     MIXED PRECIP               0
HEAVY RAIN                0     RAIN                       0
LIGHT RAIN                3     FREEZING RAIN              0
LT FREEZING RAIN          0     HAIL                       0
HEAVY SNOW                0     SNOW                       0
LIGHT SNOW                2     SLEET                      0
FOG                       9     FOG W/VIS <= 1/4 MILE      2
HAZE                     12

-  INDICATES NEGATIVE NUMBERS.
R  INDICATES RECORD WAS SET OR TIED.
MM INDICATES DATA IS MISSING.
T  INDICATES TRACE AMOUNT.

$$
