934
CXUS56 KSGX 011245
CF6SNA
PRELIMINARY LOCAL CLIMATOLOGICAL DATA (WS FORM: F-6)
STATION: JOHN WAYNE AIRPORT CA
MONTH: JUNE
YEAR: 2020
LATITUDE: 33 40 N
LONGITUDE: 117 53 W
TEMPERATURE IN F: :PCPN: SNOW: WIND :SUNSHINE: SKY :PK WND
================================================================================
1 2 3 4 5 6A 6B 7 8 9 10 11 12 13 14 15 16 17 18
12Z AVG MX 2MIN
DY MAX MIN AVG DEP HDD CDD WTR SNW DPTH SPD SPD DIR MIN PSBL S-S WX SPD DR
================================================================================
1 82 63 73 7 0 8 0.00 0.0 0 4.5 12 230 M M 5 16 230
2 80 64 72 6 0 7 0.00 0.0 0 4.6 15 200 M M 5 18 200
3 88 65 77 11 0 12 0.00 0.0 0 5.7 17 200 M M 2 21 190
4 72 64 68 2 0 3 0.00 0.0 0 7.0 15 200 M M 9 18 19 180
5 72 64 68 2 0 3 0.01 0.0 0 6.8 14 190 M M 9 18 18 170
6 74 64 69 3 0 4 0.00 0.0 0 5.9 14 210 M M 6 19 210
7 76 63 70 4 0 5 0.00 0.0 0 6.8 14 210 M M 5 23 220
8 93 59 76 10 0 11 0.00 0.0 0 8.3 31 30 M M 1 44 30
9 96 64 80 14 0 15 0.00 0.0 0 4.2 14 230 M M 1 8 19 280
10 92 67 80 13 0 15 0.00 0.0 0 5.2 13 210 M M 4 17 200
11 85 65 75 8 0 10 0.00 0.0 0 6.9 16 200 M M 0 20 190
12 75 63 69 2 0 4 0.00 0.0 0 6.8 16 210 M M 4 23 190
13 76 62 69 2 0 4 0.00 0.0 0 5.8 14 210 M M 3 20 220
14 76 63 70 3 0 5 0.00 0.0 0 5.9 15 200 M M 1 21 250
15 75 63 69 2 0 4 0.00 0.0 0 8.0 16 190 M M 4 21 210
16 75 65 70 3 0 5 0.00 0.0 0 6.4 14 200 M M 8 21 220
17 73 62 68 1 0 3 0.00 0.0 0 8.3 16 210 M M 6 21 220
18 73 62 68 1 0 3 0.00 0.0 0 6.8 13 210 M M 6 8 17 200
19 76 65 71 3 0 6 0.00 0.0 0 5.5 13 190 M M 8 18 200
20 77 66 72 4 0 7 0.00 0.0 0 5.1 13 220 M M 7 18 210
21 76 66 71 3 0 6 0.00 0.0 0 4.8 14 210 M M 7 22 210
22 76 65 71 3 0 6 0.00 0.0 0 4.6 14 190 M M 7 8 19 190
23 76 64 70 2 0 5 0.00 0.0 0 5.0 13 200 M M 8 8 16 230
24 76 65 71 3 0 6 0.00 0.0 0 5.6 14 180 M M 8 17 200
25 75 64 70 2 0 5 0.00 0.0 0 5.3 14 200 M M 8 20 180
26 77 65 71 2 0 6 0.00 0.0 0 5.2 13 220 M M 5 17 220
27 76 66 71 2 0 6 0.00 0.0 0 7.1 16 200 M M 6 20 190
28 73 65 69 0 0 4 T 0.0 0 8.0 15 220 M M 9 18 21 210
29 75 63 69 0 0 4 T 0.0 0 6.8 18 210 M M 6 24 210
30 76 65 71 2 0 6 0.00 0.0 0 4.8 14 210 M M 6 18 220
================================================================================
SM 2342 1921 0 188 0.01 0.0 181.7 M 164
================================================================================
AV 78.1 64.0 6.1 FASTST M M 5 MAX(MPH)
MISC ----> # 31 30 # 44 30
================================================================================
NOTES:
# LAST OF SEVERAL OCCURRENCES
COLUMN 17 PEAK WIND IN M.P.H.
PRELIMINARY LOCAL CLIMATOLOGICAL DATA (WS FORM: F-6) , PAGE 2
STATION: JOHN WAYNE AIRPORT CA
MONTH: JUNE
YEAR: 2020
LATITUDE: 33 40 N
LONGITUDE: 117 53 W
[TEMPERATURE DATA] [PRECIPITATION DATA] SYMBOLS USED IN COLUMN 16
AVERAGE MONTHLY: 71.1 TOTAL FOR MONTH: 0.01 1 = FOG OR MIST
DPTR FM NORMAL: 3.8 DPTR FM NORMAL: -0.07 2 = FOG REDUCING VISIBILITY
HIGHEST: 96 ON 9 GRTST 24HR 0.01 ON 5- 5 TO 1/4 MILE OR LESS
LOWEST: 59 ON 8 3 = THUNDER
SNOW, ICE PELLETS, HAIL 4 = ICE PELLETS
TOTAL MONTH: 0.0 INCH 5 = HAIL
GRTST 24HR 0.0 6 = FREEZING RAIN OR DRIZZLE
GRTST DEPTH: 0 7 = DUSTSTORM OR SANDSTORM:
VSBY 1/2 MILE OR LESS
8 = SMOKE OR HAZE
[NO. OF DAYS WITH] [WEATHER - DAYS WITH] 9 = BLOWING SNOW
X = TORNADO
MAX 32 OR BELOW: 0 0.01 INCH OR MORE: 1
MAX 90 OR ABOVE: 3 0.10 INCH OR MORE: 0
MIN 32 OR BELOW: 0 0.50 INCH OR MORE: 0
MIN 0 OR BELOW: 0 1.00 INCH OR MORE: 0
[HDD (BASE 65) ]
TOTAL THIS MO. 0 CLEAR (SCALE 0-3) 6
DPTR FM NORMAL -7 PTCLDY (SCALE 4-7) 20
TOTAL FM JUL 1 659 CLOUDY (SCALE 8-10) 4
DPTR FM NORMAL -593
[CDD (BASE 65) ]
TOTAL THIS MO. 188
DPTR FM NORMAL 112 [PRESSURE DATA]
TOTAL FM JAN 1 501 HIGHEST SLP 30.06 ON 12
DPTR FM NORMAL 358 LOWEST SLP 29.77 ON 28
[REMARKS]
#FINAL-06-20#