000
CXUS54 KMAF 011210
CF6SNK
PRELIMINARY LOCAL CLIMATOLOGICAL DATA (WS FORM: F-6)
STATION: SNYDER WINSTON FIELD
MONTH: FEBRUARY
YEAR: 2022
LATITUDE: 32 41 N
LONGITUDE: 100 57 W
TEMPERATURE IN F: :PCPN: SNOW: WIND :SUNSHINE: SKY :PK WND
================================================================================
1 2 3 4 5 6A 6B 7 8 9 10 11 12 13 14 15 16 17 18
12Z AVG MX 2MIN
DY MAX MIN AVG DEP HDD CDD WTR SNW DPTH SPD SPD DIR MIN PSBL S-S WX SPD DR
================================================================================
1 64 40 52 M 13 0 M M M 9.2 14 20 M M 0 20 20
2 43 18 31 M 34 0 M M M 15.4 21 10 M M 8 29 20
3 19 13 16 M 49 0 M M M 15.3 21 360 M M 10 29 350
4 38 8 23 M 42 0 M M M 8.5 20 360 M M 1 25 360
5 50 17 34 M 31 0 M M M 8.0 18 220 M M 0 23 220
6 57 24 41 M 24 0 M M M 8.3 16 40 M M 0 26 30
7 53 28 41 M 24 0 M M M 7.3 14 10 M M 0 18 10
8 66 25 46 M 19 0 M M M 11.0 20 230 M M 0 29 220
9 64 32 48 M 17 0 M M M 7.0 13 360 M M 0 M M
10 65 34 50 M 15 0 M M M 4.3 8 170 M M 0 M M
11 70 35 53 M 12 0 M M M 11.8 21 360 M M 0 26 40
12 47 33 40 M 25 0 M M M 12.0 24 30 M M 2 36 20
13 62 25 44 M 21 0 M M M 6.9 13 260 M M 0 17 260
14 71 33 52 M 13 0 M M M 8.9 13 160 M M 0 20 210
15 75 40 58 M 7 0 M M M 15.3 24 180 M M 0 32 180
16 77 50 64 M 1 0 0.11 M M 12.1 20 280 M M 1 26 150
17 53 29 41 M 24 0 0.09 M M 13.8 30 360 M M 4 3 38 360
18 54 21 38 M 27 0 M M M 5.8 10 200 M M 0 M M
19 62 34 48 M 17 0 M M M 5.9 12 160 M M 0 20 140
20 74 39 57 M 8 0 M M M 10.8 15 220 M M 0 26 230
21 75 42 59 M 6 0 0.08 M M 9.9 16 170 M M 3 26 200
22 58 28 43 M 22 0 M M M 14.9 22 50 M M 0 8 30 40
23 28 15 22 M 43 0 0.03 M M 13.4 22 40 M M 10 1 32 40
24 36 17 27 M 38 0 M M M 6.9 14 60 M M 7 1 20 60
25 35 19 27 M 38 0 M M M 12.0 17 70 M M 4 1 22 70
26 36 25 31 M 34 0 M M M 6.6 12 60 M M 8 17 40
27 56 19 38 M 27 0 M M M 5.1 10 340 M M 0 M M
28 65 31 48 M 17 0 M M M 6.0 10 220 M M 0 16 210
================================================================================
SM 1553 774 648 0 0.31 M 272.5 M 58
================================================================================
AV 55.5 27.6 9.7 FASTST M M 2 MAX(MPH)
MISC ----> 30 360 38 360
================================================================================
NOTES:
# LAST OF SEVERAL OCCURRENCES
COLUMN 17 PEAK WIND IN M.P.H.
PRELIMINARY LOCAL CLIMATOLOGICAL DATA (WS FORM: F-6) , PAGE 2
STATION: SNYDER WINSTON FIELD
MONTH: FEBRUARY
YEAR: 2022
LATITUDE: 32 41 N
LONGITUDE: 100 57 W
[TEMPERATURE DATA] [PRECIPITATION DATA] SYMBOLS USED IN COLUMN 16
AVERAGE MONTHLY: 41.6 TOTAL FOR MONTH: 0.31 1 = FOG OR MIST
DPTR FM NORMAL: 0.0 DPTR FM NORMAL: 0.31 2 = FOG REDUCING VISIBILITY
HIGHEST: 77 ON 16 GRTST 24HR 0.11 ON 16-16 TO 1/4 MILE OR LESS
LOWEST: 8 ON 4 3 = THUNDER
SNOW, ICE PELLETS, HAIL 4 = ICE PELLETS
TOTAL MONTH: M 5 = HAIL
GRTST 24HR M ON M 6 = FREEZING RAIN OR DRIZZLE
GRTST DEPTH: M ON M 7 = DUSTSTORM OR SANDSTORM:
VSBY 1/2 MILE OR LESS
8 = SMOKE OR HAZE
[NO. OF DAYS WITH] [WEATHER - DAYS WITH] 9 = BLOWING SNOW
X = TORNADO
MAX 32 OR BELOW: 2 0.01 INCH OR MORE: 4
MAX 90 OR ABOVE: 0 0.10 INCH OR MORE: 1
MIN 32 OR BELOW: 18 0.50 INCH OR MORE: 0
MIN 0 OR BELOW: 0 1.00 INCH OR MORE: 0
[HDD (BASE 65) ]
TOTAL THIS MO. 648 CLEAR (SCALE 0-3) 21
DPTR FM NORMAL M PTCLDY (SCALE 4-7) 5
TOTAL FM JUL 1 1982 CLOUDY (SCALE 8-10) 2
DPTR FM NORMAL M
[CDD (BASE 65) ]
TOTAL THIS MO. 0
DPTR FM NORMAL M [PRESSURE DATA]
TOTAL FM JAN 1 0 HIGHEST SLP M ON M
DPTR FM NORMAL M LOWEST SLP M ON M
[REMARKS]
#FINAL-02-22#