000
CXUS54 KMAF 011210
CF6SNK
PRELIMINARY LOCAL CLIMATOLOGICAL DATA (WS FORM: F-6)
STATION: SNYDER WINSTON FIELD
MONTH: DECEMBER
YEAR: 2021
LATITUDE: 32 41 N
LONGITUDE: 100 57 W
TEMPERATURE IN F: :PCPN: SNOW: WIND :SUNSHINE: SKY :PK WND
================================================================================
1 2 3 4 5 6A 6B 7 8 9 10 11 12 13 14 15 16 17 18
12Z AVG MX 2MIN
DY MAX MIN AVG DEP HDD CDD WTR SNW DPTH SPD SPD DIR MIN PSBL S-S WX SPD DR
================================================================================
1 77 38 58 M 7 0 M M M 4.4 9 160 M M 0 M M
2 80 42 61 M 4 0 M M M 6.4 12 220 M M 0 17 220
3 83 50 67 M 0 2 M M M 6.1 14 230 M M 0 21 220
4 65 44 55 M 10 0 M M M 6.4 13 330 M M 0 17 330
5 77 42 60 M 5 0 M M M 9.5 20 210 M M 1 1 24 210
6 53 33 43 M 22 0 M M M 13.2 29 10 M M 1 1 39 10
7 64 28 46 M 19 0 M M M 7.6 15 220 M M 0 20 220
8 75 35 55 M 10 0 M M M 8.2 17 210 M M 0 22 210
9 78 49 64 M 1 0 M M M 10.6 26 250 M M 0 35 250
10 76 54 65 M 0 0 M M M 20.2 41 240 M M 4 8 53 240
11 56 33 45 M 20 0 M M M 9.7 22 350 M M 0 35 350
12 67 26 47 M 18 0 M M M 10.5 16 210 M M 0 21 210
13 75 37 56 M 9 0 M M M 8.6 13 200 M M 0 18 200
14 76 38 57 M 8 0 M M M 9.5 14 190 M M 0 22 180
15 77 61 69 M 0 4 M M M 18.6 28 190 M M 4 37 190
16 61 43 52 M 13 0 M M M 8.4 17 10 M M 1 17 30
17 74 47 61 M 4 0 M M M 6.3 16 190 M M 6 24 190
18 60 35 48 M 17 0 M M M 15.9 24 40 M M 3 31 40
19 45 28 37 M 28 0 M M M 4.6 9 180 M M 3 M M
20 57 29 43 M 22 0 M M M 4.7 9 230 M M 0 M M
21 73 30 52 M 13 0 M M M 6.6 23 260 M M 0 28 260
22 66 35 51 M 14 0 M M M 2.9 8 110 M M 0 M M
23 80 36 58 M 7 0 M M M 9.0 17 230 M M 0 21 230
24 86 48 67 M 0 2 M M M 13.6 28 220 M M 1 8 39 230
25 74 47 61 M 4 0 M M M 4.3 15 250 M M 0 18 260
26 83 48 66 M 0 1 M M M 11.0 29 220 M M 0 35 220
27 67 52 60 M 5 0 M M M 4.5 9 90 M M 1 9 230
28 71 48 60 M 5 0 M M M 11.2 22 270 M M 1 30 260
29 69 46 58 M 7 0 M M M 10.1 26 260 M M 3 8 39 260
30 70 38 54 M 11 0 M M M 8.9 20 230 M M 1 24 220
31 62 50 56 M 9 0 0.05 M M 6.6 12 260 M M 5 18 280
================================================================================
SM 2177 1270 292 9 0.05 M 278.3 M 35
================================================================================
AV 70.2 41.0 9.0 FASTST M M 1 MAX(MPH)
MISC ----> 41 240 53 240
================================================================================
NOTES:
# LAST OF SEVERAL OCCURRENCES
COLUMN 17 PEAK WIND IN M.P.H.
PRELIMINARY LOCAL CLIMATOLOGICAL DATA (WS FORM: F-6) , PAGE 2
STATION: SNYDER WINSTON FIELD
MONTH: DECEMBER
YEAR: 2021
LATITUDE: 32 41 N
LONGITUDE: 100 57 W
[TEMPERATURE DATA] [PRECIPITATION DATA] SYMBOLS USED IN COLUMN 16
AVERAGE MONTHLY: 55.6 TOTAL FOR MONTH: 0.05 1 = FOG OR MIST
DPTR FM NORMAL: 0.0 DPTR FM NORMAL: M 2 = FOG REDUCING VISIBILITY
HIGHEST: 86 ON 24 GRTST 24HR 0.05 ON 31-31 TO 1/4 MILE OR LESS
LOWEST: 26 ON 12 3 = THUNDER
SNOW, ICE PELLETS, HAIL 4 = ICE PELLETS
TOTAL MONTH: M 5 = HAIL
GRTST 24HR M ON M 6 = FREEZING RAIN OR DRIZZLE
GRTST DEPTH: M ON M 7 = DUSTSTORM OR SANDSTORM:
VSBY 1/2 MILE OR LESS
8 = SMOKE OR HAZE
[NO. OF DAYS WITH] [WEATHER - DAYS WITH] 9 = BLOWING SNOW
X = TORNADO
MAX 32 OR BELOW: 0 0.01 INCH OR MORE: 1
MAX 90 OR ABOVE: 0 0.10 INCH OR MORE: 0
MIN 32 OR BELOW: 5 0.50 INCH OR MORE: 0
MIN 0 OR BELOW: 0 1.00 INCH OR MORE: 0
[HDD (BASE 65) ]
TOTAL THIS MO. 292 CLEAR (SCALE 0-3) 26
DPTR FM NORMAL M PTCLDY (SCALE 4-7) 5
TOTAL FM JUL 1 662 CLOUDY (SCALE 8-10) 0
DPTR FM NORMAL M
[CDD (BASE 65) ]
TOTAL THIS MO. 9
DPTR FM NORMAL M [PRESSURE DATA]
TOTAL FM JAN 1 2277 HIGHEST SLP M ON M
DPTR FM NORMAL M LOWEST SLP M ON M
[REMARKS]
#FINAL-12-21#