000
CXUS54 KMAF 011110
CF6SNK
PRELIMINARY LOCAL CLIMATOLOGICAL DATA (WS FORM: F-6)
STATION: SNYDER WINSTON FIELD
MONTH: SEPTEMBER
YEAR: 2020
LATITUDE: 32 41 N
LONGITUDE: 100 57 W
TEMPERATURE IN F: :PCPN: SNOW: WIND :SUNSHINE: SKY :PK WND
================================================================================
1 2 3 4 5 6A 6B 7 8 9 10 11 12 13 14 15 16 17 18
12Z AVG MX 2MIN
DY MAX MIN AVG DEP HDD CDD WTR SNW DPTH SPD SPD DIR MIN PSBL S-S WX SPD DR
================================================================================
1 93 69 81 M 0 16 0.57 M M 9.6 23 330 M M 4 3 38 330
2 79 68 74 M 0 9 M M M 6.5 10 60 M M 6 17 60
3 91 66 79 M 0 14 M M M 4.1 13 30 M M 0 1 17 30
4 90 68 79 M 0 14 M M M 7.0 14 60 M M 2 21 70
5 89 67 78 M 0 13 M M M 5.9 14 140 M M 2 22 130
6 92 67 80 M 0 15 M M M 8.1 13 220 M M 0 18 220
7 94 68 81 M 0 16 M M M 11.6 20 160 M M 0 26 170
8 92 53 73 M 0 8 0.74 M M 14.4 21 30 M M 0 31 120
9 52 46 49 M 16 0 0.37 M M 17.9 25 360 M M 4 1 33 360
10 54 46 50 M 15 0 0.28 M M 8.1 15 360 M M 3 21 360
11 67 53 60 M 5 0 0.01 M M 4.7 9 360 M M 6 1 M M
12 80 58 69 M 0 4 M M M 3.9 7 220 M M 3 12 M M
13 81 66 74 M 0 9 M M M 6.8 12 80 M M 2 16 60
14 78 65 72 M 0 7 M M M 7.1 12 70 M M 1 18 40
15 80 62 71 M 0 6 M M M 4.0 7 90 M M 0 M M
16 85 61 73 M 0 8 M M M 4.7 7 70 M M 1 M M
17 82 63 73 M 0 8 M M M 7.0 12 40 M M 2 20 60
18 81 60 71 M 0 6 M M M 7.3 12 60 M M 2 20 40
19 78 57 68 M 0 3 M M M 5.5 12 90 M M 1 M M
20 79 56 68 M 0 3 M M M 4.6 10 60 M M 0 1 M M
21 77 53 65 M 0 0 M M M 5.9 12 80 M M 1 M M
22 80 56 68 M 0 3 M M M 6.4 9 80 M M 0 M M
23 80 62 71 M 0 6 M M M 4.5 9 80 M M 4 M M
24 87 56 72 M 0 7 M M M 4.3 9 170 M M 0 1 M M
25 92 59 76 M 0 11 M M M 8.3 12 150 M M 0 20 180
26 92 62 77 M 0 12 M M M 11.2 18 170 M M 0 23 190
27 96 62 79 M 0 14 M M M 13.1 30 20 M M 1 41 20
28 72 54 63 M 2 0 M M M 14.4 26 30 M M 5 41 30
29 80 46 63 M 2 0 M M M 6.7 15 270 M M 0 21 270
30 88 53 71 M 0 6 M M M 8.0 12 140 M M 0 18 170
================================================================================
SM 2461 1782 40 218 1.97 M 231.7 M 50
================================================================================
AV 82.0 59.4 7.7 FASTST M M 2 MAX(MPH)
MISC ----> 30 20 # 41 20
================================================================================
NOTES:
# LAST OF SEVERAL OCCURRENCES
COLUMN 17 PEAK WIND IN M.P.H.
PRELIMINARY LOCAL CLIMATOLOGICAL DATA (WS FORM: F-6) , PAGE 2
STATION: SNYDER WINSTON FIELD
MONTH: SEPTEMBER
YEAR: 2020
LATITUDE: 32 41 N
LONGITUDE: 100 57 W
[TEMPERATURE DATA] [PRECIPITATION DATA] SYMBOLS USED IN COLUMN 16
AVERAGE MONTHLY: 70.7 TOTAL FOR MONTH: 1.97 1 = FOG OR MIST
DPTR FM NORMAL: 0.0 DPTR FM NORMAL: M 2 = FOG REDUCING VISIBILITY
HIGHEST: 96 ON 27 GRTST 24HR 0.74 ON 8- 8 TO 1/4 MILE OR LESS
LOWEST: 46 ON 29,10 3 = THUNDER
SNOW, ICE PELLETS, HAIL 4 = ICE PELLETS
TOTAL MONTH: M 5 = HAIL
GRTST 24HR M ON M 6 = FREEZING RAIN OR DRIZZLE
GRTST DEPTH: M ON M 7 = DUSTSTORM OR SANDSTORM:
VSBY 1/2 MILE OR LESS
8 = SMOKE OR HAZE
[NO. OF DAYS WITH] [WEATHER - DAYS WITH] 9 = BLOWING SNOW
X = TORNADO
MAX 32 OR BELOW: 0 0.01 INCH OR MORE: 5
MAX 90 OR ABOVE: 9 0.10 INCH OR MORE: 4
MIN 32 OR BELOW: 0 0.50 INCH OR MORE: 2
MIN 0 OR BELOW: 0 1.00 INCH OR MORE: 0
[HDD (BASE 65) ]
TOTAL THIS MO. 40 CLEAR (SCALE 0-3) 23
DPTR FM NORMAL M PTCLDY (SCALE 4-7) 7
TOTAL FM JUL 1 40 CLOUDY (SCALE 8-10) 0
DPTR FM NORMAL M
[CDD (BASE 65) ]
TOTAL THIS MO. 218
DPTR FM NORMAL M [PRESSURE DATA]
TOTAL FM JAN 1 2376 HIGHEST SLP M ON M
DPTR FM NORMAL M LOWEST SLP M ON M
[REMARKS]
#FINAL-09-20#