000
CXUS54 KMAF 011110
CF6SNK
PRELIMINARY LOCAL CLIMATOLOGICAL DATA (WS FORM: F-6)
STATION: SNYDER WINSTON FIELD
MONTH: AUGUST
YEAR: 2023
LATITUDE: 32 41 N
LONGITUDE: 100 57 W
TEMPERATURE IN F: :PCPN: SNOW: WIND :SUNSHINE: SKY :PK WND
================================================================================
1 2 3 4 5 6A 6B 7 8 9 10 11 12 13 14 15 16 17 18
12Z AVG MX 2MIN
DY MAX MIN AVG DEP HDD CDD WTR SNW DPTH SPD SPD DIR MIN PSBL S-S WX SPD DR
================================================================================
1 101 78 90 M 0 25 M M M 9.5 16 170 M M 0 23 150
2 100 78 89 M 0 24 M M M 9.6 14 140 M M 1 22 230
3 101 77 89 M 0 24 M M M 10.4 15 190 M M 0 21 190
4 103 79 91 M 0 26 M M M 8.7 14 190 M M 0 18 190
5 104 80 92 M 0 27 M M M 8.7 13 200 M M 0 20 200
6 104 77 91 M 0 26 M M M 10.5 20 170 M M 0 23 170
7 99 73 86 M 0 21 M M M 9.6 16 20 M M 0 30 20
8 103 79 91 M 0 26 M M M 8.4 14 220 M M 0 18 280
9 105 76 91 M 0 26 0.07 M M 11.6 16 60 M M 1 37 270
10 106 76 91 M 0 26 M M M 9.5 18 130 M M 1 3 24 70
11 106 77 92 M 0 27 M M M 11.7 20 190 M M 0 28 130
12 105 81 93 M 0 28 M M M 10.5 18 200 M M 0 23 210
13 104 75 90 M 0 25 M M M 9.1 15 190 M M 1 24 210
14 90 75 83 M 0 18 M M M 13.1 20 30 M M 0 28 30
15 91 70 81 M 0 16 M M M 6.4 14 50 M M 2 9 0
16 100 72 86 M 0 21 M M M 7.1 14 200 M M 1 16 200
17 105 75 90 M 0 25 M M M 8.2 18 170 M M 0 24 160
18 105 74 90 M 0 25 M M M 7.1 13 160 M M 0 20 160
19 102 73 88 M 0 23 M M M 8.1 16 130 M M 0 23 140
20 101 76 89 M 0 24 M M M 8.4 16 100 M M 1 22 140
21 102 80 91 M 0 26 M M M 10.2 18 80 M M 1 25 80
22 98 76 87 M 0 22 M M M 7.8 15 100 M M 1 20 110
23 96 73 85 M 0 20 M M M 9.3 17 150 M M 2 24 150
24 97 75 86 M 0 21 M M M 8.4 17 210 M M 0 23 190
25 100 74 87 M 0 22 M M M 6.1 15 180 M M 0 20 180
26 100 79 90 M 0 25 M M M 5.6 12 350 M M 2 17 60
27 90 76 83 M 0 18 M M M 10.3 22 360 M M 0 28 360
28 91 74 83 M 0 18 M M M 7.1 14 60 M M 2 20 70
29 93 67 80 M 0 15 M M M 8.3 17 350 M M 0 31 350
30 93 69 81 M 0 16 M M M 5.8 8 50 M M 3 9 40
31 97 70 84 M 0 19 M M M 3.8 9 110 M M 0 M M
================================================================================
SM 3092 2334 0 705 0.07 M 269.1 M 19
================================================================================
AV 99.7 75.3 8.7 FASTST M M 1 MAX(MPH)
MISC ----> 22 360 37 270
================================================================================
NOTES:
# LAST OF SEVERAL OCCURRENCES
COLUMN 17 PEAK WIND IN M.P.H.
PRELIMINARY LOCAL CLIMATOLOGICAL DATA (WS FORM: F-6) , PAGE 2
STATION: SNYDER WINSTON FIELD
MONTH: AUGUST
YEAR: 2023
LATITUDE: 32 41 N
LONGITUDE: 100 57 W
[TEMPERATURE DATA] [PRECIPITATION DATA] SYMBOLS USED IN COLUMN 16
AVERAGE MONTHLY: 87.5 TOTAL FOR MONTH: 0.07 1 = FOG OR MIST
DPTR FM NORMAL: 0.0 DPTR FM NORMAL: M 2 = FOG REDUCING VISIBILITY
HIGHEST: 106 ON 11,10 GRTST 24HR 0.07 ON 9- 9 TO 1/4 MILE OR LESS
LOWEST: 67 ON 29 3 = THUNDER
SNOW, ICE PELLETS, HAIL 4 = ICE PELLETS
TOTAL MONTH: M 5 = HAIL
GRTST 24HR M ON M 6 = FREEZING RAIN OR DRIZZLE
GRTST DEPTH: M ON M 7 = DUSTSTORM OR SANDSTORM:
VSBY 1/2 MILE OR LESS
8 = SMOKE OR HAZE
[NO. OF DAYS WITH] [WEATHER - DAYS WITH] 9 = BLOWING SNOW
X = TORNADO
MAX 32 OR BELOW: 0 0.01 INCH OR MORE: 1
MAX 90 OR ABOVE: 31 0.10 INCH OR MORE: 0
MIN 32 OR BELOW: 0 0.50 INCH OR MORE: 0
MIN 0 OR BELOW: 0 1.00 INCH OR MORE: 0
[HDD (BASE 65) ]
TOTAL THIS MO. 0 CLEAR (SCALE 0-3) 31
DPTR FM NORMAL M PTCLDY (SCALE 4-7) 0
TOTAL FM JUL 1 0 CLOUDY (SCALE 8-10) 0
DPTR FM NORMAL M
[CDD (BASE 65) ]
TOTAL THIS MO. 705
DPTR FM NORMAL M [PRESSURE DATA]
TOTAL FM JAN 1 2158 HIGHEST SLP M ON M
DPTR FM NORMAL M LOWEST SLP M ON M
[REMARKS]
#FINAL-08-23#