000
CXAK56 PAFC 020449
CF6SNP
PRELIMINARY LOCAL CLIMATOLOGICAL DATA (WS FORM: F-6)
STATION: SAINT PAUL ISLAND
MONTH: DECEMBER
YEAR: 2022
LATITUDE: 57 9 N
LONGITUDE: 170 13 W
TEMPERATURE IN F: :PCPN: SNOW: WIND :SUNSHINE: SKY :PK WND
================================================================================
1 2 3 4 5 6A 6B 7 8 9 10 11 12 13 14 15 16 17 18
12Z AVG MX 2MIN
DY MAX MIN AVG DEP HDD CDD WTR SNW DPTH SPD SPD DIR MIN PSBL S-S WX SPD DR
================================================================================
1 43 38 41 10 24 0 T M M 9.4 17 190 M M 6 12 20 190
2 43 39 41 10 24 0 0.04 M M 14.0 26 160 M M 8 12 32 160
3 43 41 42 11 23 0 0.06 M M 28.3 38 140 M M 10 1 47 140
4 42 34 38 7 27 0 0.29 M M 26.4 40 270 M M 9 1 53 290
5 39 29 34 3 31 0 0.20 M M 25.5 54 160 M M 8 18 66 160
6 36 29 33 3 32 0 0.04 M M 20.5 36 240 M M 5 18 42 250
7 36 24 30 0 35 0 0.02 M M 10.4 28 270 M M 4 1 34 240
8 36 15 26 -4 39 0 0.00 M M 7.6 17 80 M M 1 22 80
9 41 31 36 6 29 0 0.24 M M 30.2 47 160 M M 5 1 59 150
10 41 33 37 7 28 0 0.12 M M 20.4 32 200 M M 9 1 40 200
11 35 28 32 2 33 0 0.06 M M 12.4 24 320 M M 8 1 30 310
12 40 33 37 7 28 0 0.22 M M 25.7 38 270 M M 9 18 47 280
13 36 31 34 5 31 0 T M M 13.9 28 280 M M 10 36 280
14 33 27 30 1 35 0 0.01 M M 18.2 29 350 M M 9 18 36 350
15 33 29 31 2 34 0 0.01 M M 25.9 35 80 M M 8 1 48 80
16 40 33 37 8 28 0 0.08 M M 26.0 36 90 M M 10 1 44 100
17 40 39 40 11 25 0 T M M 26.3 35 90 M M 9 1 42 90
18 41 39 40 11 25 0 0.01 M M 22.4 29 90 M M 10 1 37 90
19 40 39 40 12 25 0 0.01 M M 26.6 36 90 M M 10 1 44 100
20 39 32 36 8 29 0 0.01 M M 39.5 49 80 M M 10 18 60 80
21 36 32 34 6 31 0 0.13 M M 40.3 51 80 M M 10 18 63 70
22 38 34 36 8 29 0 0.23 M M 37.1 47 70 M M 10 18 59 70
23 36 24 30 2 35 0 0.16 M M 32.0 46 50 M M 10 1 58 40
24 24 14 19 -9 46 0 T M M 35.6 46 10 M M 10 8 56 30
25 26 13 20 -7 45 0 0.06 M M 14.6 31 10 M M 8 1 39 10
26 33 18 26 -1 39 0 0.01 M M 5.5 14 80 M M 7 1 17 70
27 37 26 32 5 33 0 0.14 M M 12.7 26 110 M M 7 1 32 110
28 37 32 35 8 30 0 0.01 M M 24.2 33 60 M M 10 1 41 50
29 37 33 35 8 30 0 0.09 M M 19.9 35 50 M M 10 1 40 50
30 35 32 34 7 31 0 0.13 M M 11.8 21 40 M M 10 1 26 30
31 34 32 33 7 32 0 0.02 M M 18.2 26 40 M M 9 1 32 30
================================================================================
SM 1150 933 966 0 2.40 M 681.5 M 259
================================================================================
AV 37.1 30.1 22.0 FASTST M M 8 MAX(MPH)
MISC ----> 54 160 66 160
================================================================================
NOTES:
# LAST OF SEVERAL OCCURRENCES
COLUMN 17 PEAK WIND IN M.P.H.
PRELIMINARY LOCAL CLIMATOLOGICAL DATA (WS FORM: F-6) , PAGE 2
STATION: SAINT PAUL ISLAND
MONTH: DECEMBER
YEAR: 2022
LATITUDE: 57 9 N
LONGITUDE: 170 13 W
[TEMPERATURE DATA] [PRECIPITATION DATA] SYMBOLS USED IN COLUMN 16
AVERAGE MONTHLY: 33.6 TOTAL FOR MONTH: 2.40 1 = FOG OR MIST
DPTR FM NORMAL: 4.7 DPTR FM NORMAL: 0.10 2 = FOG REDUCING VISIBILITY
HIGHEST: 43 ON 3, 2 GRTST 24HR 0.34 ON 3- 4 TO 1/4 MILE OR LESS
LOWEST: 13 ON 25 3 = THUNDER
SNOW, ICE PELLETS, HAIL 4 = ICE PELLETS
TOTAL MONTH: M 5 = HAIL
GRTST 24HR M ON M 6 = FREEZING RAIN OR DRIZZLE
GRTST DEPTH: M ON M 7 = DUSTSTORM OR SANDSTORM:
VSBY 1/2 MILE OR LESS
8 = SMOKE OR HAZE
[NO. OF DAYS WITH] [WEATHER - DAYS WITH] 9 = BLOWING SNOW
X = TORNADO
MAX 32 OR BELOW: 2 0.01 INCH OR MORE: 26
MAX 90 OR ABOVE: 0 0.10 INCH OR MORE: 10
MIN 32 OR BELOW: 19 0.50 INCH OR MORE: 0
MIN 0 OR BELOW: 0 1.00 INCH OR MORE: 0
[HDD (BASE 65) ]
TOTAL THIS MO. 966 CLEAR (SCALE 0-3) 1
DPTR FM NORMAL -153 PTCLDY (SCALE 4-7) 10
TOTAL FM JUL 1 4259 CLOUDY (SCALE 8-10) 20
DPTR FM NORMAL -164
[CDD (BASE 65) ]
TOTAL THIS MO. 0
DPTR FM NORMAL 0 [PRESSURE DATA]
TOTAL FM JAN 1 0 HIGHEST SLP 30.54 ON 15
DPTR FM NORMAL 0 LOWEST SLP 28.68 ON 29
[REMARKS]
#FINAL-12-22#