000
CXAK56 PAFC 011559
CF6SNP
PRELIMINARY LOCAL CLIMATOLOGICAL DATA (WS FORM: F-6)
STATION: SAINT PAUL ISLAND
MONTH: JULY
YEAR: 2022
LATITUDE: 57 9 N
LONGITUDE: 170 13 W
TEMPERATURE IN F: :PCPN: SNOW: WIND :SUNSHINE: SKY :PK WND
================================================================================
1 2 3 4 5 6A 6B 7 8 9 10 11 12 13 14 15 16 17 18
12Z AVG MX 2MIN
DY MAX MIN AVG DEP HDD CDD WTR SNW DPTH SPD SPD DIR MIN PSBL S-S WX SPD DR
================================================================================
1 50 43 47 1 18 0 0.00 M M 8.1 15 240 M M 10 1 18 240
2 49 42 46 0 19 0 0.00 M M 6.5 10 200 M M 10 1 M M
3 47 42 45 -2 20 0 0.02 M M 10.0 14 210 M M 10 12 18 210
4 50 43 47 0 18 0 T M M 10.9 16 220 M M 10 12 20 220
5 47 43 45 -2 20 0 0.20 M M 7.8 15 220 M M 10 12 18 230
6 M M M M M M M M M 14.4 21 250 M M 10 1 M M
7 50 44 47 0 18 0 0.06 M M 13.1 22 310 M M 10 1 26 300
8 54 45 50 3 15 0 0.03 M M 9.7 16 350 M M 10 12 20 360
9 54 44 49 2 16 0 T M M 11.0 21 350 M M 9 128 24 350
10 50 41 46 -1 19 0 0.20 M M 14.0 22 190 M M 10 12 27 180
11 48 45 47 -1 18 0 0.15 M M 10.5 21 180 M M 10 12 25 180
12 55 45 50 2 15 0 0.00 M M 13.2 20 340 M M 10 12 26 340
13 52 44 48 0 17 0 0.00 M M 13.1 24 250 M M 10 12 29 250
14 52 45 49 1 16 0 0.00 M M 13.2 21 240 M M 10 12 25 240
15 50 42 46 -2 19 0 0.25 M M 9.4 18 50 M M 10 12 25 40
16 50 44 47 -1 18 0 0.51 M M 14.4 25 350 M M 10 1 30 360
17 54 42 48 0 17 0 T M M 20.9 31 260 M M 6 1 39 240
18 49 45 47 -1 18 0 0.21 M M 15.8 23 250 M M 10 12 28 250
19 50 36 43 -5 22 0 T M M 12.8 23 210 M M 9 12 29 210
20 53 44 49 1 16 0 0.10 M M 20.1 31 240 M M 10 18 40 230
21 54 37 46 -2 19 0 0.04 M M 8.1 20 250 M M 8 1 23 250
22 51 34 43 -5 22 0 0.00 M M 6.4 12 210 M M 6 1 15 90
23 52 39 46 -3 19 0 0.00 M M 11.5 18 40 M M 5 22 50
24 46 43 45 -4 20 0 0.31 M M 21.3 35 10 M M 9 1 43 10
25 54 43 49 0 16 0 T M M 14.0 24 320 M M 9 1 29 330
26 50 40 45 -4 20 0 0.00 M M 8.3 15 250 M M 6 12 18 250
27 47 37 42 -7 23 0 T M M 12.1 21 70 M M 9 1 26 70
28 48 45 47 -2 18 0 0.24 M M 15.6 23 70 M M 10 1 27 70
29 55 46 51 2 14 0 0.06 M M 11.7 16 350 M M 10 12 20 360
30 57 46 52 3 13 0 0.01 M M 7.8 14 330 M M 10 1 15 340
31 49 45 47 -2 18 0 0.14 M M 10.0 17 110 M M 10 12 24 110
================================================================================
SM 1527 1274 541 0 2.53 M 375.7 M 286
================================================================================
AV 50.9 42.5 12.1 FASTST M M 9 MAX(MPH)
MISC ----> 35 10 43 10
================================================================================
NOTES:
# LAST OF SEVERAL OCCURRENCES
COLUMN 17 PEAK WIND IN M.P.H.
PRELIMINARY LOCAL CLIMATOLOGICAL DATA (WS FORM: F-6) , PAGE 2
STATION: SAINT PAUL ISLAND
MONTH: JULY
YEAR: 2022
LATITUDE: 57 9 N
LONGITUDE: 170 13 W
[TEMPERATURE DATA] [PRECIPITATION DATA] SYMBOLS USED IN COLUMN 16
AVERAGE MONTHLY: 46.7 TOTAL FOR MONTH: 2.53 1 = FOG OR MIST
DPTR FM NORMAL: -1.2 DPTR FM NORMAL: 0.55 2 = FOG REDUCING VISIBILITY
HIGHEST: 57 ON 30 GRTST 24HR 0.73 ON 15-16 TO 1/4 MILE OR LESS
LOWEST: 34 ON 22 3 = THUNDER
SNOW, ICE PELLETS, HAIL 4 = ICE PELLETS
TOTAL MONTH: M 5 = HAIL
GRTST 24HR M ON M 6 = FREEZING RAIN OR DRIZZLE
GRTST DEPTH: M ON M 7 = DUSTSTORM OR SANDSTORM:
VSBY 1/2 MILE OR LESS
8 = SMOKE OR HAZE
[NO. OF DAYS WITH] [WEATHER - DAYS WITH] 9 = BLOWING SNOW
X = TORNADO
MAX 32 OR BELOW: 0 0.01 INCH OR MORE: 16
MAX 90 OR ABOVE: 0 0.10 INCH OR MORE: 10
MIN 32 OR BELOW: 0 0.50 INCH OR MORE: 1
MIN 0 OR BELOW: 0 1.00 INCH OR MORE: 0
[HDD (BASE 65) ]
TOTAL THIS MO. 541 CLEAR (SCALE 0-3) 0
DPTR FM NORMAL 11 PTCLDY (SCALE 4-7) 5
TOTAL FM JUL 1 541 CLOUDY (SCALE 8-10) 26
DPTR FM NORMAL 11
[CDD (BASE 65) ]
TOTAL THIS MO. 0
DPTR FM NORMAL 0 [PRESSURE DATA]
TOTAL FM JAN 1 0 HIGHEST SLP 30.27 ON 27
DPTR FM NORMAL 0 LOWEST SLP 29.40 ON 16
[REMARKS]
#FINAL-07-22#