000
CXAK56 PAFC 010959
CF6SNP
PRELIMINARY LOCAL CLIMATOLOGICAL DATA (WS FORM: F-6)
STATION: SAINT PAUL ISLAND
MONTH: JANUARY
YEAR: 2022
LATITUDE: 57 9 N
LONGITUDE: 170 13 W
TEMPERATURE IN F: :PCPN: SNOW: WIND :SUNSHINE: SKY :PK WND
================================================================================
1 2 3 4 5 6A 6B 7 8 9 10 11 12 13 14 15 16 17 18
12Z AVG MX 2MIN
DY MAX MIN AVG DEP HDD CDD WTR SNW DPTH SPD SPD DIR MIN PSBL S-S WX SPD DR
================================================================================
1 27 18 23 -3 42 0 0.00 M M 12.0 24 360 M M 6 30 10
2 27 19 23 -3 42 0 0.00 M M 13.7 23 70 M M 0 28 70
3 23 19 21 -5 44 0 0.00 M M 27.6 38 40 M M 4 8 48 40
4 23 12 18 -8 47 0 T M M 25.3 39 50 M M 10 51 30
5 32 23 28 2 37 0 0.00 M M 32.4 40 90 M M 10 50 90
6 33 31 32 6 33 0 T M M 29.6 39 90 M M 9 18 47 90
7 32 25 29 3 36 0 0.00 M M 24.2 33 90 M M 4 40 80
8 26 16 21 -5 44 0 T M M 31.8 41 50 M M 6 52 50
9 17 12 15 -11 50 0 0.01 M M 26.0 39 30 M M 10 1 50 40
10 25 16 21 -4 44 0 0.05 M M 27.1 38 60 M M 8 1 46 70
11 28 18 23 -2 42 0 0.02 M M 22.4 31 40 M M 9 1 38 40
12 29 20 25 0 40 0 0.08 M M 19.3 26 20 M M 10 16 32 40
13 24 18 21 -4 44 0 0.03 M M 18.9 30 10 M M 10 1 34 10
14 25 22 24 -1 41 0 0.01 M M 7.7 13 350 M M 10 1 15 350
15 27 19 23 -2 42 0 0.00 M M 6.3 22 70 M M 10 26 70
16 35 27 31 6 34 0 0.15 M M 21.6 29 90 M M 10 1 37 80
17 36 32 34 9 31 0 0.22 M M 23.1 28 80 M M 9 1 35 100
18 33 26 30 5 35 0 0.03 M M 20.2 29 40 M M 10 1 35 50
19 26 14 20 -5 45 0 0.01 M M 25.8 32 40 M M 10 16 42 30
20 14 10 12 -13 53 0 T M M 30.0 39 20 M M 10 12 48 10
21 24 11 18 -7 47 0 T M M 21.3 36 360 M M 10 1 45 360
22 29 22 26 1 39 0 0.01 M M 6.7 20 270 M M 10 24 280
23 27 24 26 1 39 0 0.00 M M 17.8 29 360 M M 7 35 10
24 30 16 23 -2 42 0 T M M 6.8 26 340 M M 3 1 32 330
25 32 14 23 -2 42 0 T M M 6.5 18 50 M M 5 1 24 40
26 23 18 21 -4 44 0 0.00 M M 22.8 32 70 M M 2 39 70
27 19 18 19 -6 46 0 0.00 M M 24.5 33 60 M M 3 40 60
28 20 14 17 -8 48 0 0.00 M M 18.0 28 60 M M 0 34 60
29 20 14 17 -8 48 0 0.00 M M 14.3 25 90 M M 1 30 90
30 27 18 23 -2 42 0 0.01 M M 30.8 46 90 M M 9 16 58 90
31 37 27 32 7 33 0 0.50 M M 19.3 44 90 M M 10 1 56 90
================================================================================
SM 830 593 1296 0 1.13 M 633.8 M 225
================================================================================
AV 26.8 19.1 20.4 FASTST M M 7 MAX(MPH)
MISC ----> 46 90 58 90
================================================================================
NOTES:
# LAST OF SEVERAL OCCURRENCES
COLUMN 17 PEAK WIND IN M.P.H.
PRELIMINARY LOCAL CLIMATOLOGICAL DATA (WS FORM: F-6) , PAGE 2
STATION: SAINT PAUL ISLAND
MONTH: JANUARY
YEAR: 2022
LATITUDE: 57 9 N
LONGITUDE: 170 13 W
[TEMPERATURE DATA] [PRECIPITATION DATA] SYMBOLS USED IN COLUMN 16
AVERAGE MONTHLY: 23.0 TOTAL FOR MONTH: 1.13 1 = FOG OR MIST
DPTR FM NORMAL: -2.3 DPTR FM NORMAL: -0.48 2 = FOG REDUCING VISIBILITY
HIGHEST: 37 ON 31 GRTST 24HR 2.07 ON 26-26 TO 1/4 MILE OR LESS
LOWEST: 10 ON 20 3 = THUNDER
SNOW, ICE PELLETS, HAIL 4 = ICE PELLETS
TOTAL MONTH: M 5 = HAIL
GRTST 24HR M ON M 6 = FREEZING RAIN OR DRIZZLE
GRTST DEPTH: M ON M 7 = DUSTSTORM OR SANDSTORM:
VSBY 1/2 MILE OR LESS
8 = SMOKE OR HAZE
[NO. OF DAYS WITH] [WEATHER - DAYS WITH] 9 = BLOWING SNOW
X = TORNADO
MAX 32 OR BELOW: 26 0.01 INCH OR MORE: 13
MAX 90 OR ABOVE: 0 0.10 INCH OR MORE: 3
MIN 32 OR BELOW: 31 0.50 INCH OR MORE: 1
MIN 0 OR BELOW: 0 1.00 INCH OR MORE: 0
[HDD (BASE 65) ]
TOTAL THIS MO. 1296 CLEAR (SCALE 0-3) 6
DPTR FM NORMAL 65 PTCLDY (SCALE 4-7) 7
TOTAL FM JUL 1 5620 CLOUDY (SCALE 8-10) 18
DPTR FM NORMAL -35
[CDD (BASE 65) ]
TOTAL THIS MO. 0
DPTR FM NORMAL 0 [PRESSURE DATA]
TOTAL FM JAN 1 0 HIGHEST SLP M ON M
DPTR FM NORMAL 0 LOWEST SLP 29.04 ON 21
[REMARKS]
#FINAL-01-22#