000
CXAK56 PAFC 290635
CF6SNP
PRELIMINARY LOCAL CLIMATOLOGICAL DATA (WS FORM: F-6)
STATION: SAINT PAUL ISLAND
MONTH: AUGUST
YEAR: 2020
LATITUDE: 57 9 N
LONGITUDE: 170 13 W
TEMPERATURE IN F: :PCPN: SNOW: WIND :SUNSHINE: SKY :PK WND
================================================================================
1 2 3 4 5 6A 6B 7 8 9 10 11 12 13 14 15 16 17 18
12Z AVG MX 2MIN
DY MAX MIN AVG DEP HDD CDD WTR SNW DPTH SPD SPD DIR MIN PSBL S-S WX SPD DR
================================================================================
1 57 51 54 6 11 0 0.05 M M 6.1 13 120 M M 10 1 M M
2 59 52 56 7 9 0 0.07 M M 8.5 14 140 M M 9 18 M M
3 62 54 58 9 7 0 0.01 M M 14.3 20 40 M M 9 18 24 30
4 56 51 54 5 11 0 0.16 M M 7.0 13 130 M M 9 18 M M
5 57 52 55 6 10 0 0.29 M M 12.4 22 330 M M 10 18 31 330
6 59 49 54 5 11 0 0.04 M M 20.0 28 320 M M 9 1 39 310
7 59 46 53 4 12 0 0.05 M M 9.6 14 250 M M 9 1 M M
8 54 51 53 4 12 0 0.05 M M 13.5 17 210 M M 10 18 M M
9 59 51 55 6 10 0 T M M 13.1 17 300 M M 10 18 24 270
10 58 46 52 3 13 0 0.00 M M 7.8 15 100 M M 7 1 M M
11 56 52 54 5 11 0 0.13 M M 14.6 20 80 M M 10 1 26 90
12 57 52 55 6 10 0 0.10 M M 11.6 18 90 M M 10 1 23 90
13 63 53 58 9 7 0 0.02 M M 11.5 17 40 M M 7 1 23 40
14 66 47 57 8 8 0 0.00 M M 10.9 15 20 M M 2 128 M M
15 60 47 54 5 11 0 0.00 M M 6.4 10 360 M M 9 128 M M
16 56 52 54 5 11 0 0.11 M M 14.4 20 140 M M 10 18 23 140
17 56 51 54 5 11 0 0.02 M M 8.1 12 140 M M 10 18 M M
18 59 53 56 7 9 0 0.04 M M 8.4 10 90 M M 10 128 M M
19 60 55 58 9 7 0 0.00 M M 5.7 9 100 M M 8 18 M M
20 58 50 54 5 11 0 0.00 M M 4.0 9 110 M M 10 128 M M
21 55 53 54 5 11 0 0.22 M M 11.7 16 180 M M 10 1 M M
22 57 51 54 5 11 0 0.00 M M 11.3 14 240 M M 10 18 M M
23 60 53 57 8 8 0 T M M 14.2 20 230 M M 10 26 250
24 M 52 M M M M 0.06 M M 11.8 17 240 M M 10 18 22 240
25 M 49 M M M M 0.20 M M 12.6 16 250 M M 10 18 24 230
26 M 48 M M M M T M M 14.2 22 310 M M 6 28 320
27 M 47 M M M M 0.00 M M 7.9 12 320 M M 4 M M
28 M 48 M M M M 0.00 M M 18.5 25 90 M M 5 8 33 90
29 M 53 M M M M 0.25 M M 16.9 29 80 M M 10 128 45 80
30 M 53 M M M M 0.32 M M 12.6 20 330 M M 9 1 25 330
31 M 53 M M M M 0.05 M M 16.6 21 310 M M 10 32 310
================================================================================
SM 1343 1575 232 0 2.24 M 356.1 M 272
================================================================================
AV 58.4 50.8 11.5 FASTST M M 9 MAX(MPH)
MISC ----> 29 80 45 80
================================================================================
NOTES:
# LAST OF SEVERAL OCCURRENCES
COLUMN 17 PEAK WIND IN M.P.H.
PRELIMINARY LOCAL CLIMATOLOGICAL DATA (WS FORM: F-6) , PAGE 2
STATION: SAINT PAUL ISLAND
MONTH: AUGUST
YEAR: 2020
LATITUDE: 57 9 N
LONGITUDE: 170 13 W
[TEMPERATURE DATA] [PRECIPITATION DATA] SYMBOLS USED IN COLUMN 16
AVERAGE MONTHLY: 54.6 TOTAL FOR MONTH: 2.24 1 = FOG OR MIST
DPTR FM NORMAL: 5.8 DPTR FM NORMAL: -0.83 2 = FOG REDUCING VISIBILITY
HIGHEST: 66 ON 14 GRTST 24HR 0.32 ON 30-30 TO 1/4 MILE OR LESS
LOWEST: 46 ON 10, 7 3 = THUNDER
SNOW, ICE PELLETS, HAIL 4 = ICE PELLETS
TOTAL MONTH: M 5 = HAIL
GRTST 24HR M ON M 6 = FREEZING RAIN OR DRIZZLE
GRTST DEPTH: M ON M 7 = DUSTSTORM OR SANDSTORM:
VSBY 1/2 MILE OR LESS
8 = SMOKE OR HAZE
[NO. OF DAYS WITH] [WEATHER - DAYS WITH] 9 = BLOWING SNOW
X = TORNADO
MAX 32 OR BELOW: 0 0.01 INCH OR MORE: 20
MAX 90 OR ABOVE: 0 0.10 INCH OR MORE: 8
MIN 32 OR BELOW: 0 0.50 INCH OR MORE: 0
MIN 0 OR BELOW: 0 1.00 INCH OR MORE: 0
[HDD (BASE 65) ]
TOTAL THIS MO. 232 CLEAR (SCALE 0-3) 1
DPTR FM NORMAL -269 PTCLDY (SCALE 4-7) 5
TOTAL FM JUL 1 562 CLOUDY (SCALE 8-10) 25
DPTR FM NORMAL -489
[CDD (BASE 65) ]
TOTAL THIS MO. 0
DPTR FM NORMAL 0 [PRESSURE DATA]
TOTAL FM JAN 1 2 HIGHEST SLP M ON M
DPTR FM NORMAL 2 LOWEST SLP M ON M
[REMARKS]
#FINAL-08-20#